000
CXUS53 KDTX 091718
CLMFNT

DTXCLMFNT 000
TTAA00 KDTX 020759


CLIMATE REPORT
NATIONAL WEATHER SERVICE DETROIT/PONTIAC MI
359 AM EDT WED JUL 2 2014

...................................

...THE FLINT MI CLIMATE SUMMARY FOR THE MONTH OF JUNE 2014...

CLIMATE NORMAL PERIOD 1981 TO 2010
CLIMATE RECORD PERIOD 1921 TO 2014

WEATHER         OBSERVED          NORMAL  DEPART
                 VALUE   DATE(S)  VALUE   FROM
                                          NORMAL
................................................
TEMPERATURE (F)
RECORD
 HIGH             101   06/25/1988
 LOW               33   06/04/1998
                        06/01/1966
HIGHEST            90   06/17        MM      MM
LOWEST             42   06/14         0      42
AVG. MAXIMUM     80.0              77.9     2.1
AVG. MINIMUM     58.2              55.2     3.0
MEAN             69.1              66.5     2.6
DAYS MAX >= 90      1               1.5    -0.5
DAYS MAX <= 32      0               0.0     0.0
DAYS MIN <= 32      0               0.0     0.0
DAYS MIN <= 0       0               0.0     0.0

PRECIPITATION (INCHES)
RECORD
 MAXIMUM         6.57   2009
 MINIMUM         0.63   1988
TOTALS           2.46              3.07   -0.61
DAILY AVG.       0.08              0.10   -0.02
DAYS >= .01        11              10.6     0.4
DAYS >= .10         7               6.1     0.9
DAYS >= .50         2               2.0     0.0
DAYS >= 1.00        0               0.6    -0.6
GREATEST
 24 HR. TOTAL    0.80   06/23 TO 06/24
 STORM TOTAL       MM
 (MM/DD(HH))            MM

SNOWFALL (INCHES)
RECORDS
 TOTAL           34.5   2009
TOTALS            0.0               0.0     0.0
 LIQUID EQUIV    0.00              0.00    0.00
SINCE 7/1        83.9              47.4    36.5
 LIQUID 7/1      8.39
DAYS >= TRACE       0               0.0     0.0
DAYS >= 1.0         0               0.0     0.0
GREATEST
 SNOW DEPTH         0   MM
 24 HR TOTAL      0.0   06/30 TO 06/30
 STORM TOTAL       MM
 (MM/DD(HH))            MM

DEGREE_DAYS
HEATING TOTAL      22                66     -44
 SINCE 7/1       7479              6953     526
COOLING TOTAL     152               112      40
 SINCE 1/1        200               144      56

FREEZE DATES
RECORD
 EARLIEST     MM
 LATEST       MM
EARLIEST      05/12             MM
LATEST        04/27             MM
.................................................

WIND (MPH)
AVERAGE WIND SPEED              7.1
HIGHEST WIND SPEED/DIRECTION    30/260    DATE  06/17
HIGHEST GUST SPEED/DIRECTION    39/260    DATE  06/17

SKY COVER
POSSIBLE SUNSHINE (PERCENT)   MM
AVERAGE SKY COVER           0.30
NUMBER OF DAYS FAIR           18
NUMBER OF DAYS PC             10
NUMBER OF DAYS CLOUDY          2

AVERAGE RH (PERCENT)     65

WEATHER CONDITIONS. NUMBER OF DAYS WITH
THUNDERSTORM              5     MIXED PRECIP               0
HEAVY RAIN                5     RAIN                       6
LIGHT RAIN               11     FREEZING RAIN              0
LT FREEZING RAIN          0     HAIL                       0
HEAVY SNOW                0     SNOW                       0
LIGHT SNOW                0     SLEET                      0
FOG                      13     FOG W/VIS <= 1/4 MILE      4
HAZE                      8

-  INDICATES NEGATIVE NUMBERS.
R  INDICATES RECORD WAS SET OR TIED.
MM INDICATES DATA IS MISSING.
T  INDICATES TRACE AMOUNT.

$$

=====================================================================
        SOUTHEAST MICHIGAN CLIMATE SUMMARY FOR JUNE 2014


JUNE 2014 MONTHLY STATISTICS AND RANKINGS
---------------------------------------------------------------------

PRECIPITATION
              ACTUAL   NORMAL*  DEPARTURE     RANKING
DETROIT AREA   4.00"    3.52"   +0.48"      45TH WETTEST
FLINT AREA     2.46"    3.07"   -0.61"      37TH DRIEST
SAGINAW        2.37"    2.98"   -0.61"      41ST DRIEST

WATER YEAR SINCE JANUARY 1

              ACTUAL   NORMAL*  DEPARTURE     RANKING
DETROIT AREA  18.67"   16.06"    +2.61"     23RD WETTEST
FLINT AREA    17.41"   14.06"    +3.35"     16TH WETTEST
SAGINAW       13.96"   14.63"    -0.67"     49TH WETTEST

     *NORMAL TO-DATE (AS OF JUNE 30, 2014)


AVERAGE TEMPERATURE

              ACTUAL   NORMAL  DEPARTURE      RANKING
DETROIT AREA   70.5     69.4    +1.1       31ST WARMEST
FLINT AREA     69.1     66.5    +2.6       24TH WARMEST
SAGINAW        69.7     67.2    +2.5       17TH WARMEST


AVERAGE HIGH TEMPERATURE

              ACTUAL   NORMAL  DEPARTURE      RANKING
DETROIT AREA   80.1     79.3    +0.8       37TH WARMEST
FLINT AREA     80.0     77.9    +2.1       32ND WARMEST
SAGINAW        79.4     77.9    +1.5       35TH WARMEST


AVERAGE LOW TEMPERATURE

              ACTUAL   NORMAL  DEPARTURE      RANKING
DETROIT AREA    60.9    59.5    +1.4       24TH WARMEST
FLINT AREA      58.2    55.2    +3.0       14TH WARMEST
SAGINAW         59.9    56.5    +2.5        7TH WARMEST



DETROIT AREA HAS A CLIMATE RECORD DATING TO NOVEMBER 1874
FLINT AREA HAS A CLIMATE RECORD DATING TO JANUARY 1921
SAGINAW HAS A CLIMATE RECORD DATING TO JANUARY 1912
