000
CXUS53 KDTX 101501 AAA
CLMFNT

CLIMATE REPORT
NATIONAL WEATHER SERVICE DETROIT/PONTIAC MI
810 AM EST WED MAR 1 2017

...................................

...THE FLINT MI CLIMATE SUMMARY FOR THE MONTH OF FEBRUARY 2017...

CLIMATE NORMAL PERIOD 1981 TO 2010
CLIMATE RECORD PERIOD 1921 TO 2017

WEATHER         OBSERVED          NORMAL  DEPART
                 VALUE   DATE(S)  VALUE   FROM
                                          NORMAL
................................................
TEMPERATURE (F)
RECORD
 HIGH              68   02/11/1999
 LOW              -28   02/14/1916
HIGHEST            65   02/18        MM      MM
LOWEST              7   02/03        MM      MM
AVG. MAXIMUM     43.6              32.8    10.8
AVG. MINIMUM     25.3              16.9     8.4
MEAN             34.4              24.8     9.6
DAYS MAX >= 90      0               0.0     0.0
DAYS MAX <= 32      6              13.5    -7.5
DAYS MIN <= 32     20              25.7    -5.7
DAYS MIN <= 0       0               2.7    -2.7

PRECIPITATION (INCHES)
RECORD
 MAXIMUM         5.28   1954
 MINIMUM         0.17   1969
TOTALS           2.42              1.48    0.94
DAILY AVG.       0.09              0.05    0.04
DAYS >= .01         9              10.5    -1.5
DAYS >= .10         4               4.1    -0.1
DAYS >= .50         3               0.6     2.4
DAYS >= 1.00        0               0.1    -0.1
GREATEST
 24 HR. TOTAL    0.77   02/24 TO 02/24
 STORM TOTAL       MM
 (MM/DD(HH))            MM

SNOWFALL (INCHES)
RECORDS
 TOTAL           29.4   2008
                        0
                        0
TOTALS            1.9              10.8    -8.9
 LIQUID EQUIV    0.19              1.10   -0.91
SINCE 7/1        32.5              38.6    -6.1
 LIQUID 7/1      3.25
DAYS >= TRACE      13               9.9     3.1
DAYS >= 1.0         1               3.5    -2.5
GREATEST
 SNOW DEPTH         3   02/04
                        02/03
                        02/02
 24 HR TOTAL      1.0   02/01 TO 02/01
 STORM TOTAL       MM
 (MM/DD(HH))            MM

DEGREE_DAYS
HEATING TOTAL     847              1124    -277
 SINCE 7/1       4149              5088    -939
COOLING TOTAL       0                 0       0
 SINCE 1/1          0                 0       0

FREEZE DATES
RECORD
 EARLIEST     MM
 LATEST       MM
EARLIEST      02/01             MM
LATEST                          MM
.................................................

WIND (MPH)
AVERAGE WIND SPEED              10.4
HIGHEST WIND SPEED/DIRECTION    37/280    DATE  02/12
HIGHEST GUST SPEED/DIRECTION    46/270    DATE  02/12

SKY COVER
POSSIBLE SUNSHINE (PERCENT)   MM
AVERAGE SKY COVER           0.50
NUMBER OF DAYS FAIR           10
NUMBER OF DAYS PC             10
NUMBER OF DAYS CLOUDY          8

AVERAGE RH (PERCENT)     70

WEATHER CONDITIONS. NUMBER OF DAYS WITH
THUNDERSTORM              2     MIXED PRECIP              0
HEAVY RAIN                2     RAIN                       3
LIGHT RAIN                6     FREEZING RAIN              0
LT FREEZING RAIN          0     HAIL                       0
HEAVY SNOW                0     SNOW                       0
LIGHT SNOW               11     SLEET                      0
FOG                      11     FOG W/VIS <= 1/4 MILE      1
HAZE                      4

-  INDICATES NEGATIVE NUMBERS.
R  INDICATES RECORD WAS SET OR TIED.
MM INDICATES DATA IS MISSING.
T  INDICATES TRACE AMOUNT.

$$

================================================================
       SOUTHEAST MICHIGAN CLIMATE SUMMARY FOR FEBRUARY 2017


FEBRUARY 2017 MONTHLY STATISTICS AND RANKINGS
-----------------------------------------------------------------
SNOWFALL
                ACTUAL    NORMAL     DEPARTURE     RANKING
DETROIT AREA     2.2"      10.2"       -8.0"      8TH LEAST SNOWY
FLINT AREA       1.9"      10.8"       -8.9"      3RD LEAST SNOWY
SAGINAW          1.9"       8.6"       -6.7"      5TH LEAST SNOWY

SNOW YEAR SINCE JULY 1*

                ACTUAL    NORMAL     DEPARTURE     RANKING
DETROIT AREA     30.9"     33.9"       -3.0"     63RD LEAST SNOWY
FLINT AREA       32.5"     38.6"       -6.1"     46TH LEAST SNOWY
SAGINAW          29.9"     33.4"       -3.5"     35TH LEAST SNOWY

      *NORMAL TO DATE (AS OF FEBRUARY 28, 2017)

PRECIPITATION
                ACTUAL    NORMAL     DEPARTURE     RANKING
DETROIT AREA    1.90"      2.02       -0.12"     67TH WETTEST
FLINT AREA      2.42"      1.48"      +0.94"     12TH WETTEST
SAGINAW         1.97"      1.61"      +0.36"     22ND WETTEST

WATER YEAR SINCE JANUARY 1*

                ACTUAL    NORMAL     DEPARTURE     RANKING
DETROIT AREA    4.73"      3.98"      +0.75"     53RD WETTEST
FLINT AREA      5.55"      3.11"      +2.44"      4TH WETTEST
SAGINAW         4.51"      3.32"      +1.19"      5TH WETTEST

      *NORMAL TO DATE (AS OF FEBRUARY 28, 2017)

AVERAGE TEMPERATURE
                ACTUAL    NORMAL     DEPARTURE     RANKING
DETROIT AREA     37.9      28.1       +9.8        2ND WARMEST
FLINT AREA       34.4      24.8       +9.6        2ND WARMEST
SAGINAW          33.6      24.5       +9.1        1ST WARMEST

AVERAGE HIGH TEMPERATURE
                ACTUAL    NORMAL     DEPARTURE     RANKING
DETROIT AREA     47.4      35.2      +12.2        1ST WARMEST
FLINT AREA       43.6      32.8      +10.8        1ST WARMEST
SAGINAW          41.4      31.7       +9.7        1ST WARMEST

AVERAGE LOW TEMPERATURE
                ACTUAL    NORMAL     DEPARTURE     RANKING
DETROIT AREA     28.5      21.0       +7.5        3RD WARMEST
FLINT AREA       25.3      16.9       +8.4        2ND WARMEST
SAGINAW          25.8      17.3       +8.5        2ND WARMEST


DETROIT AREA HAS A CLIMATE RECORD DATING TO NOVEMBER 1874
FLINT AREA HAS A CLIMATE RECORD DATING TO JANUARY 1921
SAGINAW HAS A CLIMATE RECORD DATING TO 1912
