000
CXUS53 KDTX 022211 AAA
CLMFNT

CLIMATE REPORT
NATIONAL WEATHER SERVICE DETROIT/PONTIAC MI
551 PM EDT FRI OCT 2 2015

...................................

...THE FLINT MI CLIMATE SUMMARY FOR THE MONTH OF SEPTEMBER 2015...

CLIMATE NORMAL PERIOD 1981 TO 2010
CLIMATE RECORD PERIOD 1921 TO 2015

WEATHER         OBSERVED          NORMAL  DEPART
                 VALUE   DATE(S)  VALUE   FROM
                                          NORMAL
................................................
TEMPERATURE (F)
RECORD
 HIGH              97   09/03/1953
                        09/02/1953
                        09/01/1953
 LOW               26   09/28/1991
HIGHEST            93   09/07        MM      MM
LOWEST             43   09/20        MM      MM
AVG. MAXIMUM     79.5              72.3     7.2
AVG. MINIMUM     56.4              49.9     6.5
MEAN             68.0              61.1     6.9
DAYS MAX >= 90      4               0.4     3.6
DAYS MAX <= 32      0               0.0     0.0
DAYS MIN <= 32      0               0.3    -0.3
DAYS MIN <= 0       0               0.0     0.0

PRECIPITATION (INCHES)
RECORD
 MAXIMUM        10.86   1986
 MINIMUM         0.29   2002
TOTALS           3.51              3.75   -0.24
DAILY AVG.       0.12              0.12    0.00
DAYS >= .01         9              10.0    -1.0
DAYS >= .10         4               6.3    -2.3
DAYS >= .50         3               2.4     0.6
DAYS >= 1.00        2               0.9     1.1
GREATEST
 24 HR. TOTAL    1.99   09/07 TO 09/08
 STORM TOTAL       MM
 (MM/DD(HH))            MM

SNOWFALL (INCHES)
RECORDS
 TOTAL            0.0   0
                        0
                        0
TOTALS            0.0               0.0     0.0
 LIQUID EQUIV    0.00              0.00    0.00
SINCE 7/1         0.0               0.0     0.0
 LIQUID 7/1      0.00
DAYS >= TRACE       0               0.0     0.0
DAYS >= 1.0         0               0.0     0.0
GREATEST
 SNOW DEPTH         0   MM
 24 HR TOTAL      0.0   09/30 TO 09/30
 STORM TOTAL       MM
 (MM/DD(HH))            MM

DEGREE_DAYS
HEATING TOTAL      52               166    -114
 SINCE 7/1         74               210    -136
COOLING TOTAL     148                49      99
 SINCE 1/1        761               526     235

FREEZE DATES
RECORD
 EARLIEST     MM
 LATEST       MM
EARLIEST                        MM
LATEST                          MM
.................................................

WIND (MPH)
AVERAGE WIND SPEED              6.6
HIGHEST WIND SPEED/DIRECTION    36/300    DATE  09/03
HIGHEST GUST SPEED/DIRECTION    58/290    DATE  09/03

SKY COVER
POSSIBLE SUNSHINE (PERCENT)   MM
AVERAGE SKY COVER           0.30
NUMBER OF DAYS FAIR           19
NUMBER OF DAYS PC              8
NUMBER OF DAYS CLOUDY          3

AVERAGE RH (PERCENT)     66

WEATHER CONDITIONS. NUMBER OF DAYS WITH
THUNDERSTORM              5     MIXED PRECIP               0
HEAVY RAIN                3     RAIN                       3
LIGHT RAIN                9     FREEZING RAIN              0
LT FREEZING RAIN          0     HAIL                       0
HEAVY SNOW                0     SNOW                       0
LIGHT SNOW                0     SLEET                      0
FOG                      19     FOG W/VIS <= 1/4 MILE      4
HAZE                     11

-  INDICATES NEGATIVE NUMBERS.
R  INDICATES RECORD WAS SET OR TIED.
MM INDICATES DATA IS MISSING.
T  INDICATES TRACE AMOUNT.

$$
================================================================
       SOUTHEAST MICHIGAN CLIMATE SUMMARY FOR SEPTEMBER 2015


SEPTEMBER 2015 MONTHLY STATISTICS AND RANKINGS
-----------------------------------------------------------------

PRECIPITATION
                ACTUAL    NORMAL     DEPARTURE     RANKING
DETROIT AREA    1.29"      3.27"      -1.98"     20TH DRIEST
FLINT AREA      3.51"      3.75"      -0.24"     32ND WETTEST
SAGINAW         4.31"      3.83"      +0.48"     24TH WETTEST

WATER YEAR SINCE JANUARY 1

                ACTUAL    NORMAL*    DEPARTURE     RANKING
DETROIT AREA    23.27"    25.70"      -2.43"     51ST DRIEST
FLINT AREA      22.88"    24.31"      -1.43"     46TH DRIEST
SAGINAW         24.91"    24.35"      +0.56"     39TH WETTEST

      *NORMAL TO DATE (AS OF SEPTEMBER 30, 2015)

AVERAGE TEMPERATURE
                ACTUAL    NORMAL     DEPARTURE     RANKING
DETROIT AREA     69.3      64.4        +4.9       4TH WARMEST
FLINT AREA       68.0      61.1        +6.9       3RD WARMEST
SAGINAW          67.6      61.3        +6.3       3RD WARMEST

AVERAGE HIGH TEMPERATURE
                ACTUAL    NORMAL     DEPARTURE     RANKING
DETROIT AREA     79.2      74.0        +5.2     T-3RD WARMEST
FLINT AREA       79.5      72.3        +7.2       4TH WARMEST
SAGINAW          77.3      72.1        +5.2       8TH COLDEST

AVERAGE LOW TEMPERATURE
                ACTUAL    NORMAL     DEPARTURE     RANKING
DETROIT AREA     59.4      54.7        +4.7       7TH WARMEST
FLINT AREA       56.4      49.9        +6.5       2ND WARMEST
SAGINAW          57.8      50.5        +7.3       1ST WARMEST


DETROIT AREA HAS A CLIMATE RECORD DATING TO NOVEMBER 1874
FLINT AREA HAS A CLIMATE RECORD DATING TO JANUARY 1921
SAGINAW HAS A CLIMATE RECORD DATING TO 1912
