000
CXUS53 KDTX 011358
CLMFNT

CLIMATE REPORT
NATIONAL WEATHER SERVICE DETROIT/PONTIAC MI
956 AM EDT MON JUL 1 2013

...................................

...THE FLINT MI CLIMATE SUMMARY FOR THE MONTH OF JUNE 2013...

CLIMATE NORMAL PERIOD 1981 TO 2010
CLIMATE RECORD PERIOD 1921 TO 2013

WEATHER         OBSERVED          NORMAL  DEPART
                 VALUE   DATE(S)  VALUE   FROM
                                          NORMAL
................................................
TEMPERATURE (F)
RECORD
 HIGH             101   06/25/1988
 LOW               33   06/04/1998
                        06/01/1966
HIGHEST            91   06/23        MM      MM
LOWEST             41   06/03        MM      MM
AVG. MAXIMUM     78.7              77.9     0.8
AVG. MINIMUM     58.7              55.2     3.5
MEAN             68.7              66.5     2.2
DAYS MAX >= 90      2               1.5     0.5
DAYS MAX <= 32      0               0.0     0.0
DAYS MIN <= 32      0               0.0     0.0
DAYS MIN <= 0       0               0.0     0.0

PRECIPITATION (INCHES)
RECORD
 MAXIMUM         6.57   2009
 MINIMUM         0.63   1988
TOTALS           4.51              3.07    1.44
DAILY AVG.       0.15              0.10    0.05
DAYS >= .01        14              10.6     3.4
DAYS >= .10        10               6.1     3.9
DAYS >= .50         4               2.0     2.0
DAYS >= 1.00        0               0.6    -0.6
GREATEST
 24 HR. TOTAL    1.28   06/24 TO 06/25
 STORM TOTAL       MM
 (MM/DD(HH))            MM

SNOWFALL (INCHES)
RECORDS
 TOTAL           34.5   2009
TOTALS            0.0               0.0     0.0
 LIQUID EQUIV    0.00              0.00    0.00
SINCE 7/1        43.8              47.4    -3.6
 LIQUID 7/1      4.38
DAYS >= TRACE       0               0.0     0.0
DAYS >= 1.0         0               0.0     0.0
GREATEST
 SNOW DEPTH         0   MM
 24 HR TOTAL      0.0   06/30 TO 06/30
 STORM TOTAL       MM
 (MM/DD(HH))            MM

DEGREE_DAYS
HEATING TOTAL      41                66     -25
 SINCE 7/1       6462              6953    -491
COOLING TOTAL     159               112      47
 SINCE 1/1        238               144      94

FREEZE DATES
RECORD
 EARLIEST     MM
 LATEST       MM
EARLIEST      05/12             MM
LATEST        05/13             MM
.................................................

WIND (MPH)
AVERAGE WIND SPEED              6.9
HIGHEST WIND SPEED/DIRECTION    28/030    DATE  06/27
HIGHEST GUST SPEED/DIRECTION    39/070    DATE  06/17

SKY COVER
POSSIBLE SUNSHINE (PERCENT)   MM
AVERAGE SKY COVER           0.40
NUMBER OF DAYS FAIR           16
NUMBER OF DAYS PC             10
NUMBER OF DAYS CLOUDY          4

AVERAGE RH (PERCENT)     67

WEATHER CONDITIONS. NUMBER OF DAYS WITH
THUNDERSTORM              8     MIXED PRECIP               0
HEAVY RAIN                6     RAIN                       8
LIGHT RAIN               13     FREEZING RAIN              0
LT FREEZING RAIN          0     HAIL                       0
HEAVY SNOW                0     SNOW                       0
LIGHT SNOW                0     SLEET                      0
FOG                      14     FOG W/VIS <= 1/4 MILE      0
HAZE                     12

-  INDICATES NEGATIVE NUMBERS.
R  INDICATES RECORD WAS SET OR TIED.
MM INDICATES DATA IS MISSING.
T  INDICATES TRACE AMOUNT.

$$
