000
CXUS53 KDTX 031502
CLMFNT

CLIMATE REPORT
NATIONAL WEATHER SERVICE DETROIT/PONTIAC MI
958 AM EST MON FEB 3 2014

...................................

...THE FLINT MI CLIMATE SUMMARY FOR THE MONTH OF JANUARY 2014...

CLIMATE NORMAL PERIOD 1981 TO 2010
CLIMATE RECORD PERIOD 1921 TO 2014

WEATHER         OBSERVED          NORMAL  DEPART
                 VALUE   DATE(S)  VALUE   FROM
                                          NORMAL
................................................
TEMPERATURE (F)
RECORD
 HIGH              65   01/25/1950
 LOW              -25   01/18/1976
HIGHEST            45   01/13        MM      MM
LOWEST            -21   01/09        MM      MM
AVG. MAXIMUM     24.5              29.6    -5.1
AVG. MINIMUM      6.7              15.3    -8.6
MEAN             15.6              22.4    -6.8
DAYS MAX >= 90      0               0.0     0.0
DAYS MAX <= 32     26              18.9     7.1
DAYS MIN <= 32     28              28.9    -0.9
DAYS MIN <= 0      12               4.7     7.3

PRECIPITATION (INCHES)
RECORD
 MAXIMUM         4.02   2006
 MINIMUM         0.07   1945
TOTALS           2.53              1.63    0.90
DAILY AVG.       0.08              0.05    0.03
DAYS >= .01        16              13.6     2.4
DAYS >= .10         8               4.8     3.2
DAYS >= .50         1               0.8     0.2
DAYS >= 1.00        1               0.1     0.9
GREATEST
 24 HR. TOTAL    1.03   01/05 TO 01/05
 STORM TOTAL       MM
 (MM/DD(HH))            MM

SNOWFALL (INCHES)
RECORDS
 TOTAL           28.5   1976
                        0
                        0
TOTALS           32.9R             13.1    19.8
 LIQUID EQUIV    3.29              1.30    1.99
SINCE 7/1        51.4              27.8    23.6
 LIQUID 7/1      5.14
DAYS >= TRACE      26              12.8    13.2
DAYS >= 1.0         9               3.9     5.1
GREATEST
 SNOW DEPTH        15R  01/07
                        01/06
 24 HR TOTAL     14.5R  01/05 TO 01/05
 STORM TOTAL       MM
 (MM/DD(HH))            MM

DEGREE_DAYS
HEATING TOTAL    1523              1319     204
 SINCE 7/1       4153              3964     189
COOLING TOTAL       0                 0       0
 SINCE 1/1          0                 0       0

FREEZE DATES
RECORD
 EARLIEST     MM
 LATEST       MM
EARLIEST                        MM
LATEST                          MM
.................................................

WIND (MPH)
AVERAGE WIND SPEED              11.3
HIGHEST WIND SPEED/DIRECTION    30/280    DATE  01/06
HIGHEST GUST SPEED/DIRECTION    41/280    DATE  01/06

SKY COVER
POSSIBLE SUNSHINE (PERCENT)   MM
AVERAGE SKY COVER           0.60
NUMBER OF DAYS FAIR            5
NUMBER OF DAYS PC             12
NUMBER OF DAYS CLOUDY         14

AVERAGE RH (PERCENT)     71

WEATHER CONDITIONS. NUMBER OF DAYS WITH
THUNDERSTORM              0     MIXED PRECIP               0
HEAVY RAIN                0     RAIN                       0
LIGHT RAIN                2     FREEZING RAIN              0
LT FREEZING RAIN          0     HAIL                       0
HEAVY SNOW                2     SNOW                       8
LIGHT SNOW               23     SLEET                      0
FOG                      14     FOG W/VIS <= 1/4 MILE      3
HAZE                     23

-  INDICATES NEGATIVE NUMBERS.
R  INDICATES RECORD WAS SET OR TIED.
MM INDICATES DATA IS MISSING.
T  INDICATES TRACE AMOUNT.

$$
