000
CXUS53 KDTX 061410 AAA
CLMFNT

CLIMATE REPORT
NATIONAL WEATHER SERVICE DETROIT/PONTIAC MI
810 AM EDT MON AUG 5 2013

...................................

...THE FLINT MI CLIMATE SUMMARY FOR THE MONTH OF JULY 2013...

CLIMATE NORMAL PERIOD 1981 TO 2010
CLIMATE RECORD PERIOD 1921 TO 2013

WEATHER         OBSERVED          NORMAL  DEPART
                 VALUE   DATE(S)  VALUE   FROM
                                          NORMAL
................................................
TEMPERATURE (F)
RECORD
 HIGH             101   07/17/2012
                        07/14/1995
                        07/07/1988
 LOW               40   07/02/2001
                        07/01/1965
HIGHEST            96   07/19        MM      MM
LOWEST             47   07/25        MM      MM
AVG. MAXIMUM     83.3              81.9     1.4
AVG. MINIMUM     62.7              59.2     3.5
MEAN             73.0              70.5     2.5
DAYS MAX >= 90      6               2.8     3.2
DAYS MAX <= 32      0               0.0     0.0
DAYS MIN <= 32      0               0.0     0.0
DAYS MIN <= 0       0               0.0     0.0

PRECIPITATION (INCHES)
RECORD
 MAXIMUM         9.35   1992
 MINIMUM         0.73   1978
TOTALS           1.74              3.32   -1.58
DAILY AVG.       0.06              0.11   -0.05
DAYS >= .01        10               9.5     0.5
DAYS >= .10         4               5.8    -1.8
DAYS >= .50         1               2.5    -1.5
DAYS >= 1.00        0               0.9    -0.9
GREATEST
 24 HR. TOTAL    0.59   07/31 TO 07/31
                        07/30 TO 07/31
                        07/31 TO 07/31
 STORM TOTAL       MM
 (MM/DD(HH))            MM

SNOWFALL (INCHES)
RECORDS
 TOTAL            0.0   0
                        0
                        0
TOTALS            0.0               0.0     0.0
 LIQUID EQUIV    0.00              0.00    0.00
SINCE 7/1         0.0               0.0     0.0
 LIQUID 7/1      0.00
DAYS >= TRACE       0               0.0     0.0
DAYS >= 1.0         0               0.0     0.0
GREATEST
 SNOW DEPTH         0   MM
 24 HR TOTAL      0.0   07/31 TO 07/31
 STORM TOTAL       MM
 (MM/DD(HH))            MM

DEGREE_DAYS
HEATING TOTAL       9                15      -6
 SINCE 7/1          9                15      -6
COOLING TOTAL     264               187      77
 SINCE 1/1        502               331     171

FREEZE DATES
RECORD
 EARLIEST     MM
 LATEST       MM
EARLIEST                        MM
LATEST                          MM
.................................................

WIND (MPH)
AVERAGE WIND SPEED              6.1
HIGHEST WIND SPEED/DIRECTION    29/250    DATE  07/19
HIGHEST GUST SPEED/DIRECTION    38/250    DATE  07/19

SKY COVER
POSSIBLE SUNSHINE (PERCENT)   MM
AVERAGE SKY COVER           0.40
NUMBER OF DAYS FAIR           16
NUMBER OF DAYS PC             11
NUMBER OF DAYS CLOUDY          4

AVERAGE RH (PERCENT)     68

WEATHER CONDITIONS. NUMBER OF DAYS WITH
THUNDERSTORM              8     MIXED PRECIP               0
HEAVY RAIN                0     RAIN                       4
LIGHT RAIN               11     FREEZING RAIN              0
LT FREEZING RAIN          0     HAIL                       0
HEAVY SNOW                0     SNOW                       0
LIGHT SNOW                0     SLEET                      0
FOG                      11     FOG W/VIS <= 1/4 MILE      0
HAZE                     12

-  INDICATES NEGATIVE NUMBERS.
R  INDICATES RECORD WAS SET OR TIED.
MM INDICATES DATA IS MISSING.
T  INDICATES TRACE AMOUNT.

$$

=====================================================================
        SOUTHEAST MICHIGAN CLIMATE SUMMARY FOR JULY 2013


JULY 2013 MONTHLY STATISTICS AND RANKINGS
---------------------------------------------------------------------

PRECIPITATION
              ACTUAL   NORMAL  DEPARTURE     RANKING
DETROIT AREA   4.14"    3.37"   +0.77"      37TH WETTEST
FLINT AREA     1.74"    3.32"   -1.58"      24TH DRIEST
SAGINAW        1.08"    2.58"   -1.50"      12TH DRIEST

WATER YEAR SINCE JANUARY 1

              ACTUAL   NORMAL*  DEPARTURE     RANKING
DETROIT AREA  25.00"   19.43"    +5.57"     12TH WETTEST
FLINT AREA    23.01"   17.38"    +5.63"     11TH WETTEST
SAGINAW       21.97"   17.21"    +4.76"      5TH WETTEST

     *NORMAL TO-DATE (AS OF JULY 31, 2013)


AVERAGE TEMPERATURE

              ACTUAL   NORMAL  DEPARTURE     RANKING
DETROIT AREA   74.0     73.6     +0.4       38TH WARMEST
FLINT AREA     73.0     70.5     +2.5       22ND WARMEST
SAGINAW        71.7     71.0     +0.7       36TH WARMEST


AVERAGE HIGH TEMPERATURE

              ACTUAL   NORMAL  DEPARTURE     RANKING
DETROIT AREA   82.5     83.4     -0.9       68TH WARMEST
FLINT AREA     83.3     81.9     +1.4       44TH WARMEST
SAGINAW        81.8     81.8      0.0       44TH COLDEST


AVERAGE LOW TEMPERATURE

              ACTUAL   NORMAL  DEPARTURE     RANKING
DETROIT AREA   65.6     63.9     +1.7       21ST WARMEST
FLINT AREA     62.7     59.2     +3.5       13TH WARMEST
SAGINAW        61.7     60.2     +1.5       27TH WARMEST



DETROIT AREA HAS A CLIMATE RECORD DATING TO NOVEMBER 1874
FLINT AREA HAS A CLIMATE RECORD DATING TO JANUARY 1921
SAGINAW HAS A CLIMATE RECORD DATING TO JANUARY 1912
