000
CXUS53 KDTX 030238 CCA
CLMFNT

CLIMATE REPORT
NATIONAL WEATHER SERVICE DETROIT/PONTIAC MI
928 PM EST MON DEC 2 2013

...................................

...THE FLINT MI CLIMATE SUMMARY FOR THE MONTH OF NOVEMBER 2013...

CLIMATE NORMAL PERIOD 1981 TO 2010
CLIMATE RECORD PERIOD 1921 TO 2013

WEATHER         OBSERVED          NORMAL  DEPART
                 VALUE   DATE(S)  VALUE   FROM
                                          NORMAL
................................................
TEMPERATURE (F)
RECORD
 HIGH              79   11/01/1950
 LOW               -7   11/26/1949
HIGHEST            64   11/17        MM      MM
LOWEST             13   11/24        MM      MM
AVG. MAXIMUM     44.9              46.7    -1.8
AVG. MINIMUM     29.2              31.0    -1.8
MEAN             37.0              38.9    -1.9
DAYS MAX >= 90      0               0.0     0.0
DAYS MAX <= 32      5               2.4     2.6
DAYS MIN <= 32     19              17.5     1.5
DAYS MIN <= 0       0               0.0     0.0

PRECIPITATION (INCHES)
RECORD
 MAXIMUM         5.66   2003
 MINIMUM         0.59   2009
TOTALS           1.67              2.67   -1.00
DAILY AVG.       0.06              0.09   -0.03
DAYS >= .01        10              11.8    -1.8
DAYS >= .10         5               6.2    -1.2
DAYS >= .50         1               1.4    -0.4
DAYS >= 1.00        0               0.4    -0.4
GREATEST
 24 HR. TOTAL    1.10   10/31 TO 11/01
 STORM TOTAL       MM
 (MM/DD(HH))            MM

SNOWFALL (INCHES)
RECORDS
 TOTAL           16.2   1951
                        0
                        0
TOTALS            1.6               2.5    -0.9
 LIQUID EQUIV    0.16              0.20   -0.04
SINCE 7/1         1.6               2.9    -1.3
 LIQUID 7/1      0.16
DAYS >= TRACE       9               3.1     5.9
DAYS >= 1.0         0               0.8    -0.8
GREATEST
 SNOW DEPTH         0   MM
 24 HR TOTAL      0.6   MM
 STORM TOTAL       MM
 (MM/DD(HH))            MM

DEGREE_DAYS
HEATING TOTAL     833               785      48
 SINCE 7/1       1399              1481     -82
COOLING TOTAL       0                 0       0
 SINCE 1/1        758               531     227

FREEZE DATES
RECORD
 EARLIEST     MM
 LATEST       MM
EARLIEST                        MM
LATEST                          MM
.................................................

WIND (MPH)
AVERAGE WIND SPEED              10.3
HIGHEST WIND SPEED/DIRECTION    43/230    DATE  11/17
HIGHEST GUST SPEED/DIRECTION    60/220    DATE  11/17

SKY COVER
POSSIBLE SUNSHINE (PERCENT)   MM
AVERAGE SKY COVER           0.60
NUMBER OF DAYS FAIR            7
NUMBER OF DAYS PC             12
NUMBER OF DAYS CLOUDY         11

AVERAGE RH (PERCENT)     66

WEATHER CONDITIONS. NUMBER OF DAYS WITH
THUNDERSTORM              1     MIXED PRECIP               0
HEAVY RAIN                1     RAIN                       3
LIGHT RAIN                9     FREEZING RAIN              0
LT FREEZING RAIN          0     HAIL                       0
HEAVY SNOW                0     SNOW                       1
LIGHT SNOW                7     SLEET                      0
FOG                      14     FOG W/VIS <= 1/4 MILE      0
HAZE                      6

-  INDICATES NEGATIVE NUMBERS.
R  INDICATES RECORD WAS SET OR TIED.
MM INDICATES DATA IS MISSING.
T  INDICATES TRACE AMOUNT.

$$
