000
CXUS53 KDTX 021659 AAA
CLMFNT

CLIMATE REPORT
NATIONAL WEATHER SERVICE DETROIT/PONTIAC MI
1059 AM EDT WED OCT 2 2013

...................................

...THE FLINT MI CLIMATE SUMMARY FOR THE MONTH OF SEPTEMBER 2013...

CLIMATE NORMAL PERIOD 1981 TO 2010
CLIMATE RECORD PERIOD 1921 TO 2013

WEATHER         OBSERVED          NORMAL  DEPART
                 VALUE   DATE(S)  VALUE   FROM
                                          NORMAL
................................................
TEMPERATURE (F)
RECORD
 HIGH              97   09/03/1953
                        09/02/1953
                        09/01/1953
 LOW               26   09/28/1991
HIGHEST            96   09/10        MM      MM
LOWEST             32   09/17        MM      MM
AVG. MAXIMUM     74.8              72.3     2.5
AVG. MINIMUM     49.5              49.9    -0.4
MEAN             62.1              61.1     1.0
DAYS MAX >= 90      2               0.4     1.6
DAYS MAX <= 32      0               0.0     0.0
DAYS MIN <= 32      1               0.3     0.7
DAYS MIN <= 0       0               0.0     0.0

PRECIPITATION (INCHES)
RECORD
 MAXIMUM        10.86   1986
 MINIMUM         0.29   2002
TOTALS           0.61              3.75   -3.14
DAILY AVG.       0.02              0.12   -0.10
DAYS >= .01         8              10.0    -2.0
DAYS >= .10         3               6.3    -3.3
DAYS >= .50         0               2.4    -2.4
DAYS >= 1.00        0               0.9    -0.9
GREATEST
 24 HR. TOTAL    0.18   09/29 TO 09/29
                        09/11 TO 09/12
                        09/12 TO 09/12
 STORM TOTAL       MM
 (MM/DD(HH))            MM

SNOWFALL (INCHES)
RECORDS
 TOTAL            0.0   0
                        0
                        0
TOTALS            0.0               0.0     0.0
 LIQUID EQUIV    0.00              0.00    0.00
SINCE 7/1         0.0               0.0     0.0
 LIQUID 7/1      0.00
DAYS >= TRACE       0               0.0     0.0
DAYS >= 1.0         0               0.0     0.0
GREATEST
 SNOW DEPTH         0   MM
 24 HR TOTAL      0.0   09/30 TO 09/30
 STORM TOTAL       MM
 (MM/DD(HH))            MM

DEGREE_DAYS
HEATING TOTAL     152               166     -14
 SINCE 7/1        174               210     -36
COOLING TOTAL      73                49      24
 SINCE 1/1        743               526     217

FREEZE DATES
RECORD
 EARLIEST     MM
 LATEST       MM
EARLIEST                        MM
LATEST                          MM
.................................................

WIND (MPH)
AVERAGE WIND SPEED              6.4
HIGHEST WIND SPEED/DIRECTION    23/300    DATE  09/21
HIGHEST GUST SPEED/DIRECTION    30/100    DATE  09/03

SKY COVER
POSSIBLE SUNSHINE (PERCENT)   MM
AVERAGE SKY COVER           0.40
NUMBER OF DAYS FAIR           15
NUMBER OF DAYS PC             13
NUMBER OF DAYS CLOUDY          2

AVERAGE RH (PERCENT)     68

WEATHER CONDITIONS. NUMBER OF DAYS WITH
THUNDERSTORM              2     MIXED PRECIP               0
HEAVY RAIN                1     RAIN                       2
LIGHT RAIN                7     FREEZING RAIN              0
LT FREEZING RAIN          0     HAIL                       0
HEAVY SNOW                0     SNOW                       0
LIGHT SNOW                0     SLEET                      0
FOG                      21     FOG W/VIS <= 1/4 MILE      5
HAZE                      7

-  INDICATES NEGATIVE NUMBERS.
R  INDICATES RECORD WAS SET OR TIED.
MM INDICATES DATA IS MISSING.
T  INDICATES TRACE AMOUNT.

$$

-------------------------------------------------------------------
CLIMATOLOGICAL STATISTICS FOR THE NWS WHITE LAKE - AUGUST 2013

...TEMPERATURE DATA...               ...PRECIPITATION DATA...
AVERAGE MAXIMUM.... 70.5             MONTHLY TOTAL ..........1.38
AVERAGE MINIMUM.... 47.5             GREATEST DAILY TOTAL....0.49
MONTHLY AVERAGE.... 59.0             ON THE 11TH
                                     2013 TOTAL..............29.26

...HEATING DEGREE DAYS...            ...SNOWFALL DATA...
MONTHLY TOTAL..........216           MONTHLY TOTAL..........0
2013-14 SEASON TOTAL...299           2013-14 SEASON TOTAL...0

...COOLING DEGREE DAYS...
MONTHLY TOTAL.........43
2013 TOTAL............428

=====================================================================
        SOUTHEAST MICHIGAN CLIMATE SUMMARY FOR SEPTEMBER 2013


SEPTEMBER 2013 MONTHLY STATISTICS AND RANKINGS
---------------------------------------------------------------------

PRECIPITATION
              ACTUAL   NORMAL  DEPARTURE     RANKING
DETROIT AREA   1.20"    3.27"   -2.47"      17TH DRIEST
FLINT AREA     0.61"    3.75"   -3.14"       5TH DRIEST
SAGINAW        1.03"    3.83"   -2.80"       8TH DRIEST

WATER YEAR SINCE JANUARY 1

              ACTUAL   NORMAL*  DEPARTURE     RANKING
DETROIT AREA  32.18"   25.70"    +6.48"      9TH WETTEST
FLINT AREA    26.20"   24.31"    +1.89"     28TH WETTEST
SAGINAW       25.91"   24.35"    +1.56"     23RD WETTEST

     *NORMAL TO-DATE (AS OF SEPTEMBER 31, 2013)


AVERAGE TEMPERATURE

              ACTUAL   NORMAL  DEPARTURE     RANKING
DETROIT AREA   64.1     64.4     -0.3       69TH COLDEST
FLINT AREA     62.1     61.1     +1.0       42ND WARMEST
SAGINAW        62.0     61.3     +0.7       40TH WARMEST


AVERAGE HIGH TEMPERATURE

              ACTUAL   NORMAL  DEPARTURE     RANKING
DETROIT AREA   73.7     74.0     -0.3       65TH WARMEST
FLINT AREA     74.8     72.3     +2.5       25TH WARMEST
SAGINAW        73.2     72.1     +1.1       37TH WARMEST


AVERAGE LOW TEMPERATURE

              ACTUAL   NORMAL  DEPARTURE     RANKING
DETROIT AREA   54.5     54.7     -0.2       64TH COLDEST
FLINT AREA     49.5     49.9     -0.4       32ND COLDEST
SAGINAW        50.8     50.5     +0.3       49TH WARMEST



DETROIT AREA HAS A CLIMATE RECORD DATING TO NOVEMBER 1874
FLINT AREA HAS A CLIMATE RECORD DATING TO JANUARY 1921
SAGINAW HAS A CLIMATE RECORD DATING TO JANUARY 1912
