000
CXUS53 KDTX 051536
CLMFNT

CLIMATE REPORT
NATIONAL WEATHER SERVICE DETROIT/PONTIAC MI
848 AM EST WED MAR 5 2014

...................................

...THE FLINT MI CLIMATE SUMMARY FOR THE MONTH OF FEBRUARY 2014...

CLIMATE NORMAL PERIOD 1981 TO 2010
CLIMATE RECORD PERIOD 1921 TO 2014

WEATHER         OBSERVED          NORMAL  DEPART
                 VALUE   DATE(S)  VALUE   FROM
                                          NORMAL
................................................
TEMPERATURE (F)
RECORD
 HIGH              68   02/11/1999
 LOW              -28   02/14/1916
HIGHEST            47   02/21        MM      MM
LOWEST            -16   02/28        MM      MM
AVG. MAXIMUM     25.6              32.8    -7.2
AVG. MINIMUM      6.3              16.9   -10.6
MEAN             16.0              24.8    -8.8
DAYS MAX >= 90      0               0.0     0.0
DAYS MAX <= 32     22              13.5     8.5
DAYS MIN <= 32     28              25.7     2.3
DAYS MIN <= 0      11               2.7     8.3

PRECIPITATION (INCHES)
RECORD
 MAXIMUM         5.28   1954
 MINIMUM         0.17   1969
TOTALS           1.48              1.48    0.00
DAILY AVG.       0.05              0.05    0.00
DAYS >= .01        13              10.5     2.5
DAYS >= .10         4               4.1    -0.1
DAYS >= .50         0               0.6    -0.6
DAYS >= 1.00        0               0.1    -0.1
GREATEST
 24 HR. TOTAL    0.38   02/24 TO 02/25
 STORM TOTAL       MM
 (MM/DD(HH))            MM

SNOWFALL (INCHES)
RECORDS
 TOTAL           29.4   2008
                        0
                        0
TOTALS           21.8              10.8    11.0
 LIQUID EQUIV    2.18              1.10    1.08
SINCE 7/1        73.2              38.6    34.6
 LIQUID 7/1      7.32
DAYS >= TRACE      22               9.9    12.1
DAYS >= 1.0         6               3.5     2.5
GREATEST
 SNOW DEPTH        16R  02/18
 24 HR TOTAL      5.7   MM
 STORM TOTAL       MM
 (MM/DD(HH))            MM

DEGREE_DAYS
HEATING TOTAL    1368              1124     244
 SINCE 7/1       5521              5088     433
COOLING TOTAL       0                 0       0
 SINCE 1/1          0                 0       0

FREEZE DATES
RECORD
 EARLIEST     MM
 LATEST       MM
EARLIEST                        MM
LATEST                          MM
.................................................

WIND (MPH)
AVERAGE WIND SPEED              9.1
HIGHEST WIND SPEED/DIRECTION    36/240    DATE  02/21
HIGHEST GUST SPEED/DIRECTION    50/250    DATE  02/21

SKY COVER
POSSIBLE SUNSHINE (PERCENT)   MM
AVERAGE SKY COVER           0.60
NUMBER OF DAYS FAIR            8
NUMBER OF DAYS PC             10
NUMBER OF DAYS CLOUDY         10

AVERAGE RH (PERCENT)     68

WEATHER CONDITIONS. NUMBER OF DAYS WITH
THUNDERSTORM              1     MIXED PRECIP               0
HEAVY RAIN                0     RAIN                       0
LIGHT RAIN                2     FREEZING RAIN              0
LT FREEZING RAIN          0     HAIL                       0
HEAVY SNOW                2     SNOW                       7
LIGHT SNOW               20     SLEET                      0
FOG                      17     FOG W/VIS <= 1/4 MILE      2
HAZE                     21

-  INDICATES NEGATIVE NUMBERS.
R  INDICATES RECORD WAS SET OR TIED.
MM INDICATES DATA IS MISSING.
T  INDICATES TRACE AMOUNT.

$$
