000
CXUS53 KDTX 222337 AAA
CLMFNT

CLIMATE REPORT
NATIONAL WEATHER SERVICE DETROIT/PONTIAC MI
816 AM EST MON NOV 7 2016

...................................

...THE FLINT MI CLIMATE SUMMARY FOR THE MONTH OF OCTOBER 2016...

CLIMATE NORMAL PERIOD 1981 TO 2010
CLIMATE RECORD PERIOD 1921 TO 2016

WEATHER         OBSERVED          NORMAL  DEPART
                 VALUE   DATE(S)  VALUE   FROM
                                          NORMAL
................................................
TEMPERATURE (F)
RECORD
 HIGH              89   10/01/2002
                        10/06/1963
                        10/03/1953
 LOW               19   10/21/1974
                        10/30/1966
HIGHEST            80   10/07        MM      MM
LOWEST             29   10/31        MM      MM
                        10/28
AVG. MAXIMUM     63.3              59.6     3.7
AVG. MINIMUM     43.2              39.4     3.8
MEAN             53.2              49.5     3.7
DAYS MAX >= 90      0               0.0     0.0
DAYS MAX <= 32      0               0.0     0.0
DAYS MIN <= 32      5               6.4    -1.4
DAYS MIN <= 0       0               0.0     0.0

PRECIPITATION (INCHES)
RECORD
 MAXIMUM         6.59   2001
 MINIMUM         0.33   2005
TOTALS           3.18              2.47    0.71
DAILY AVG.       0.10              0.08    0.02
DAYS >= .01        11              10.8     0.2
DAYS >= .10         7               5.7     1.3
DAYS >= .50         3               1.6     1.4
DAYS >= 1.00        0               0.4    -0.4
GREATEST
 24 HR. TOTAL    0.83   09/30 TO 10/01
 STORM TOTAL       MM
 (MM/DD(HH))            MM

SNOWFALL (INCHES)
RECORDS
 TOTAL            4.4   1989
                        0
                        0
TOTALS              T               0.4    -0.4
 LIQUID EQUIV      MM              0.00      MM
SINCE 7/1           T               0.4    -0.4
 LIQUID 7/1        MM
DAYS >= TRACE       1               0.3     0.7
DAYS >= 1.0         0               0.2    -0.2
GREATEST
 SNOW DEPTH         0   MM
 24 HR TOTAL        T   10/26 TO 10/26
 STORM TOTAL       MM
 (MM/DD(HH))            MM

DEGREE_DAYS
HEATING TOTAL     369               486    -117
 SINCE 7/1        439               696    -257
COOLING TOTAL      11                 5       6
 SINCE 1/1       1022               531     491

FREEZE DATES
RECORD
 EARLIEST     MM
 LATEST       MM
EARLIEST      10/14             MM
LATEST                          MM
.................................................

WIND (MPH)
AVERAGE WIND SPEED              7.9
HIGHEST WIND SPEED/DIRECTION    26/290    DATE  10/12
HIGHEST GUST SPEED/DIRECTION    36/300    DATE  10/12

SKY COVER
POSSIBLE SUNSHINE (PERCENT)   MM
AVERAGE SKY COVER           0.50
NUMBER OF DAYS FAIR           12
NUMBER OF DAYS PC             12
NUMBER OF DAYS CLOUDY          7

AVERAGE RH (PERCENT)     78

WEATHER CONDITIONS. NUMBER OF DAYS WITH
THUNDERSTORM              4     MIXED PRECIP               0
HEAVY RAIN                4     RAIN                       6
LIGHT RAIN               13     FREEZING RAIN              0
LT FREEZING RAIN          0     HAIL                       0
HEAVY SNOW                0     SNOW                       0
LIGHT SNOW                0     SLEET                      0
FOG                      19     FOG W/VIS <= 1/4 MILE      5
HAZE                      2

-  INDICATES NEGATIVE NUMBERS.
R  INDICATES RECORD WAS SET OR TIED.
MM INDICATES DATA IS MISSING.
T  INDICATES TRACE AMOUNT.

$$
================================================================
       SOUTHEAST MICHIGAN CLIMATE SUMMARY FOR OCTOBER 2016


OCTOBER 2016 MONTHLY STATISTICS AND RANKINGS
-----------------------------------------------------------------
PRECIPITATION
                ACTUAL    NORMAL     DEPARTURE     RANKING
DETROIT AREA    2.98"      2.52"      +0.46"     28TH WETTEST
FLINT AREA      3.18"      2.47"      +0.71"     21ST WETTEST
SAGINAW         2.39"      2.63"      -0.24"     33RD DRIEST

WATER YEAR SINCE JANUARY 1*

                ACTUAL    NORMAL     DEPARTURE     RANKING
DETROIT AREA    30.48"    28.22"      +2.26"     42ND WETTEST
FLINT AREA      27.14"    26.78"      -0.36"     38TH WETTEST
SAGINAW         28.49"    26.98"      +1.51"     35TH WETTEST

      *NORMAL TO DATE (AS OF OCTOBER 31, 2016)

AVERAGE TEMPERATURE
                ACTUAL    NORMAL     DEPARTURE     RANKING
DETROIT AREA     55.9      52.4       +3.5       25TH WARMEST
FLINT AREA       53.2      49.5       +3.7       20TH WARMEST
SAGINAW          54.0      49.7       +4.3       12TH WARMEST

AVERAGE HIGH TEMPERATURE
                ACTUAL    NORMAL     DEPARTURE     RANKING
DETROIT AREA     64.5      61.6       +2.9       28TH WARMEST
FLINT AREA       63.3      59.6       +3.7       21SS WARMEST
SAGINAW          63.5      59.3       +4.2       17TH WARMEST

AVERAGE LOW TEMPERATURE
                ACTUAL    NORMAL     DEPARTURE     RANKING
DETROIT AREA     47.3      43.3       +4.0       20TH WARMEST
FLINT AREA       43.2      39.4       +3.8       18TH WARMEST
SAGINAW          44.5      40.1       +4.4       11TH WARMEST


DETROIT AREA HAS A CLIMATE RECORD DATING TO NOVEMBER 1874
FLINT AREA HAS A CLIMATE RECORD DATING TO JANUARY 1921
SAGINAW HAS A CLIMATE RECORD DATING TO 1912
