000
CXUS53 KDTX 151556 AAA
CLMFNT

CLIMATE REPORT
NATIONAL WEATHER SERVICE DETROIT/PONTIAC MI
608 AM EST SAT DEC 3 2016

...................................

...THE FLINT MI CLIMATE SUMMARY FOR THE MONTH OF NOVEMBER 2016...

CLIMATE NORMAL PERIOD 1981 TO 2010
CLIMATE RECORD PERIOD 1921 TO 2016

WEATHER         OBSERVED          NORMAL  DEPART
                 VALUE   DATE(S)  VALUE   FROM
                                          NORMAL
................................................
TEMPERATURE (F)
RECORD
 HIGH              80   11/04/2015
 LOW               -7   11/26/1949
HIGHEST            76   11/01        MM      MM
LOWEST             18   11/22        MM      MM
AVG. MAXIMUM     54.1              46.7     7.4
AVG. MINIMUM     35.2              31.0     4.2
MEAN             44.6              38.9     5.7
DAYS MAX >= 90      0               0.0     0.0
DAYS MAX <= 32      0               2.4    -2.4
DAYS MIN <= 32     10              17.5    -7.5
DAYS MIN <= 0       0               0.0     0.0

PRECIPITATION (INCHES)
RECORD
 MAXIMUM         5.66   2003
 MINIMUM         0.59   2009
TOTALS           2.01              2.67   -0.66
DAILY AVG.       0.07              0.09   -0.02
DAYS >= .01        10              11.8    -1.8
DAYS >= .10         6               6.2    -0.2
DAYS >= .50         1               1.4    -0.4
DAYS >= 1.00        0               0.4    -0.4
GREATEST
 24 HR. TOTAL    0.59   11/02 TO 11/03
 STORM TOTAL       MM
 (MM/DD(HH))            MM

SNOWFALL (INCHES)
RECORDS
 TOTAL           16.2   1951
                        0
                        0
TOTALS              T               2.5    -2.5
 LIQUID EQUIV      MM              0.20      MM
SINCE 7/1           T               2.9    -2.9
 LIQUID 7/1        MM
DAYS >= TRACE       4               3.1     0.9
DAYS >= 1.0         0               0.8    -0.8
GREATEST
 SNOW DEPTH         0   MM
 24 HR TOTAL        T   11/25 TO 11/25
 STORM TOTAL       MM
 (MM/DD(HH))            MM

DEGREE_DAYS
HEATING TOTAL     602               785    -183
 SINCE 7/1       1041              1481    -440
COOLING TOTAL       0                 0       0
 SINCE 1/1       1022               531     491

FREEZE DATES
RECORD
 EARLIEST     MM
 LATEST       MM
EARLIEST                        MM
LATEST                          MM
.................................................

WIND (MPH)
AVERAGE WIND SPEED              9.0
HIGHEST WIND SPEED/DIRECTION    32/160    DATE  11/29
HIGHEST GUST SPEED/DIRECTION    45/210    DATE  11/18

SKY COVER
POSSIBLE SUNSHINE (PERCENT)   MM
AVERAGE SKY COVER           0.40
NUMBER OF DAYS FAIR           17
NUMBER OF DAYS PC              6
NUMBER OF DAYS CLOUDY          7

AVERAGE RH (PERCENT)     74

WEATHER CONDITIONS. NUMBER OF DAYS WITH
THUNDERSTORM              3     MIXED PRECIP               0
HEAVY RAIN                0     RAIN                       4
LIGHT RAIN               11     FREEZING RAIN              0
LT FREEZING RAIN          0     HAIL                       0
HEAVY SNOW                0     SNOW                       0
LIGHT SNOW                2     SLEET                      0
FOG                      17     FOG W/VIS <= 1/4 MILE      3
HAZE                      3

-  INDICATES NEGATIVE NUMBERS.
R  INDICATES RECORD WAS SET OR TIED.
MM INDICATES DATA IS MISSING.
T  INDICATES TRACE AMOUNT.

$$
================================================================
       SOUTHEAST MICHIGAN CLIMATE SUMMARY FOR NOVEMBER 2016


NOVEMBER 2016 MONTHLY STATISTICS AND RANKINGS
-----------------------------------------------------------------
SNOWFALL
                ACTUAL    NORMAL     DEPARTURE     RANKING
DETROIT AREA     0.1"       1.5"       -1.4"     21ST LEAST SNOWY
FLINT AREA         T"       2.5"       -2.5"      1ST LEAST SNOWY
SAGINAW          0.2"       3.6"       -3.4"     18TH LEAST SNOWY

SNOW YEAR SINCE JULY 1*

                ACTUAL    NORMAL     DEPARTURE     RANKING
DETROIT AREA      0.1"      1.6"       -1.5"     21ST LEAST SNOWY
FLINT AREA          T"      2.9"       -2.9"      1ST LEAST SNOWY
SAGINAW           1.6"      3.9"       -2.3"     45TH LEAST SNOWY

      *NORMAL TO DATE (AS OF NOVEMBER 30, 2016)

PRECIPITATION
                ACTUAL    NORMAL     DEPARTURE     RANKING
DETROIT AREA    2.10"      2.79"      -0.69"     63RD DRIEST
FLINT AREA      2.01"      2.67"      -0.66"     42ND DRIEST
SAGINAW         1.88"      2.70"      -0.82"     38TH DRIEST

WATER YEAR SINCE JANUARY 1*

                ACTUAL    NORMAL     DEPARTURE     RANKING
DETROIT AREA    32.58"    31.01"      +1.57"     42ND WETTEST
FLINT AREA      29.15"    29.45"      -0.30"     41ST WETTEST
SAGINAW         30.37"    29.68"      +0.69"     37TH WETTEST

      *NORMAL TO DATE (AS OF NOVEMBER 30, 2016)

AVERAGE TEMPERATURE
                ACTUAL    NORMAL     DEPARTURE     RANKING
DETROIT AREA     46.7      41.5       +5.2        5TH WARMEST
FLINT AREA       44.6      38.9       +5.7        5TH WARMEST
SAGINAW          45.4      38.5       +6.9        4TH WARMEST

AVERAGE HIGH TEMPERATURE
                ACTUAL    NORMAL     DEPARTURE     RANKING
DETROIT AREA     55.8      48.8       +7.0        1ST WARMEST
FLINT AREA       54.1      46.7       +7.4        5TH WARMEST
SAGINAW          53.9      45.9       +8.0        3RD WARMEST

AVERAGE LOW TEMPERATURE
                ACTUAL    NORMAL     DEPARTURE     RANKING
DETROIT AREA     37.6      34.3       +3.3       11TH WARMEST
FLINT AREA       35.2      31.0       +4.2        7TH WARMEST
SAGINAW          36.8      31.2       +5.6        4TH WARMEST


DETROIT AREA HAS A CLIMATE RECORD DATING TO NOVEMBER 1874
FLINT AREA HAS A CLIMATE RECORD DATING TO JANUARY 1921
SAGINAW HAS A CLIMATE RECORD DATING TO 1912
