000
CXUS53 KDTX 011303 RRA
CLMFNT

CLIMATE REPORT
NATIONAL WEATHER SERVICE DETROIT/PONTIAC MI
901 AM EDT WED JUN 1 2016

...................................

...THE FLINT MI CLIMATE SUMMARY FOR THE MONTH OF MAY 2016...

CLIMATE NORMAL PERIOD 1981 TO 2010
CLIMATE RECORD PERIOD 1921 TO 2016

WEATHER         OBSERVED          NORMAL  DEPART
                 VALUE   DATE(S)  VALUE   FROM
                                          NORMAL
................................................
TEMPERATURE (F)
RECORD
 HIGH              93   05/28/2012
                        05/31/1988
 LOW               22   05/10/1966
HIGHEST            89   05/28        MM      MM
                        05/25
LOWEST             34   05/03        MM      MM
AVG. MAXIMUM     73.2              68.5     4.7
AVG. MINIMUM     48.4              45.3     3.1
MEAN             60.8              56.9     3.9
DAYS MAX >= 90      0               0.1    -0.1
DAYS MAX <= 32      0               0.0     0.0
DAYS MIN <= 32      0               1.5    -1.5
DAYS MIN <= 0       0               0.0     0.0

PRECIPITATION (INCHES)
RECORD
 MAXIMUM         8.19   2004
 MINIMUM         0.34   1988
TOTALS           1.72              3.08   -1.36
DAILY AVG.       0.06              0.10   -0.04
DAYS >= .01         9              11.1    -2.1
DAYS >= .10         4               6.5    -2.5
DAYS >= .50         1               2.0    -1.0
DAYS >= 1.00        0               0.5    -0.5
GREATEST
 24 HR. TOTAL    0.60   05/13 TO 05/14
 STORM TOTAL       MM
 (MM/DD(HH))            MM

SNOWFALL (INCHES)
RECORDS
 TOTAL           12.0   1923
                        0
                        0
TOTALS              T                 T     0.0
 LIQUID EQUIV      MM                MM      MM
SINCE 7/1        69.0              47.4    21.6
 LIQUID 7/1      6.90
DAYS >= TRACE       1               0.0     1.0
DAYS >= 1.0         0               0.0     0.0
GREATEST
 SNOW DEPTH         0   MM
 24 HR TOTAL        TR  05/15 TO 05/15
 STORM TOTAL       MM
 (MM/DD(HH))            MM

DEGREE_DAYS
HEATING TOTAL     200               280     -80
 SINCE 7/1       5349              6887   -1538
COOLING TOTAL      78                28      50
 SINCE 1/1         79                32      47

FREEZE DATES
RECORD
 EARLIEST     MM
 LATEST       MM
EARLIEST                        MM
LATEST                          MM
.................................................

WIND (MPH)
AVERAGE WIND SPEED              7.7
HIGHEST WIND SPEED/DIRECTION    30/160    DATE  05/04
HIGHEST GUST SPEED/DIRECTION    36/340    DATE  05/14

SKY COVER
POSSIBLE SUNSHINE (PERCENT)   MM
AVERAGE SKY COVER           0.40
NUMBER OF DAYS FAIR           19
NUMBER OF DAYS PC              6
NUMBER OF DAYS CLOUDY          6

AVERAGE RH (PERCENT)     58

WEATHER CONDITIONS. NUMBER OF DAYS WITH
THUNDERSTORM              5     MIXED PRECIP               0
HEAVY RAIN                3     RAIN                       5
LIGHT RAIN               11     FREEZING RAIN              0
LT FREEZING RAIN          0     HAIL                       0
HEAVY SNOW                0     SNOW                       0
LIGHT SNOW                1     SLEET                      0
FOG                       9     FOG W/VIS <= 1/4 MILE      1
HAZE                     12

-  INDICATES NEGATIVE NUMBERS.
R  INDICATES RECORD WAS SET OR TIED.
MM INDICATES DATA IS MISSING.
T  INDICATES TRACE AMOUNT.

$$
