692
CXUS53 KDTX 081344
CLMFNT

CLIMATE REPORT
NATIONAL WEATHER SERVICE DETROIT/PONTIAC MI
401 AM EDT TUE APR 4 2017

...................................

...THE FLINT MI CLIMATE SUMMARY FOR THE MONTH OF MARCH 2017...

CLIMATE NORMAL PERIOD 1981 TO 2010
CLIMATE RECORD PERIOD 1921 TO 2017

WEATHER         OBSERVED          NORMAL  DEPART
                 VALUE   DATE(S)  VALUE   FROM
                                          NORMAL
................................................
TEMPERATURE (F)
RECORD
 HIGH              86   03/21/2012
 LOW              -16   03/03/2014
HIGHEST            74   03/24        MM      MM
LOWEST              9   03/14        MM      MM
AVG. MAXIMUM     42.4              43.5    -1.1
AVG. MINIMUM     25.4              24.8     0.6
MEAN             33.9              34.1    -0.2
DAYS MAX >= 90      0               0.0     0.0
DAYS MAX <= 32      8               4.6     3.4
DAYS MIN <= 32     21              24.1    -3.1
DAYS MIN <= 0       0               0.3    -0.3

PRECIPITATION (INCHES)
RECORD
 MAXIMUM         4.33   2016
                        1948
 MINIMUM         0.25   1958
TOTALS           3.21              1.91    1.30
DAILY AVG.       0.10              0.06    0.04
DAYS >= .01        12              11.3     0.7
DAYS >= .10         6               5.0     1.0
DAYS >= .50         2               0.8     1.2
DAYS >= 1.00        1               0.2     0.8
GREATEST
 24 HR. TOTAL    1.09   03/30 TO 03/30
 STORM TOTAL       MM
 (MM/DD(HH))            MM

SNOWFALL (INCHES)
RECORDS
 TOTAL           19.4   1965
                        0
                        0
TOTALS            5.4               6.5    -1.1
 LIQUID EQUIV    0.54              0.60   -0.06
SINCE 7/1        37.9              45.1    -7.2
 LIQUID 7/1      3.79
DAYS >= TRACE       8               6.2     1.8
DAYS >= 1.0         2               2.2    -0.2
GREATEST
 SNOW DEPTH         2   03/16
                        03/15
                        03/14
 24 HR TOTAL      2.0   03/13 TO 03/13
 STORM TOTAL       MM
 (MM/DD(HH))            MM

DEGREE_DAYS
HEATING TOTAL     958               957       1
 SINCE 7/1       5107              6045    -938
COOLING TOTAL       0                 0       0
 SINCE 1/1          0                 0       0

FREEZE DATES
RECORD
 EARLIEST     MM
 LATEST       MM
EARLIEST                        MM
LATEST                          MM
.................................................

WIND (MPH)
AVERAGE WIND SPEED              10.9
HIGHEST WIND SPEED/DIRECTION    44/270    DATE  03/08
HIGHEST GUST SPEED/DIRECTION    61/260    DATE  03/08

SKY COVER
POSSIBLE SUNSHINE (PERCENT)   MM
AVERAGE SKY COVER           0.50
NUMBER OF DAYS FAIR            9
NUMBER OF DAYS PC             12
NUMBER OF DAYS CLOUDY         10

AVERAGE RH (PERCENT)     68

WEATHER CONDITIONS. NUMBER OF DAYS WITH
THUNDERSTORM              2     MIXED PRECIP               0
HEAVY RAIN                1     RAIN                       4
LIGHT RAIN                9     FREEZING RAIN              0
LT FREEZING RAIN          2     HAIL                       0
HEAVY SNOW                1     SNOW                       1
LIGHT SNOW                8     SLEET                      0
FOG                      17     FOG W/VIS <= 1/4 MILE      2
HAZE                      4

-  INDICATES NEGATIVE NUMBERS.
R  INDICATES RECORD WAS SET OR TIED.
MM INDICATES DATA IS MISSING.
T  INDICATES TRACE AMOUNT.

$$

================================================================
       SOUTHEAST MICHIGAN CLIMATE SUMMARY FOR MARCH 2017


MARCH 2017 MONTHLY STATISTICS AND RANKINGS
-----------------------------------------------------------------
SNOWFALL
                ACTUAL    NORMAL     DEPARTURE     RANKING
DETROIT AREA     6.9"       6.9"        0.0"     64TH SNOWIEST
FLINT AREA       5.4"       6.5"       -1.1"     43RD LEAST SNOWY
SAGINAW          7.5"       6.4"       +1.1"     46TH SNOWIEST

SNOW YEAR SINCE JULY 1*

                ACTUAL    NORMAL     DEPARTURE     RANKING
DETROIT AREA     37.8"     40.8"       -3.0"     67TH LEAST SNOWY
FLINT AREA       37.9"     45.1"       -7.2"     46TH LEAST SNOWY
SAGINAW          37.4"     39.8"       -2.4"     47TH LEAST SNOWY

      *NORMAL TO DATE (AS OF MARCH 31, 2017)

PRECIPITATION
                ACTUAL    NORMAL     DEPARTURE     RANKING
DETROIT AREA    4.26"      2.28"      +1.98"     10TH WETTEST
FLINT AREA      3.21"      1.91"      +1.30"     12TH WETTEST
SAGINAW         2.80"      2.06"      +0.74"     20TH WETTEST

WATER YEAR SINCE JANUARY 1*

                ACTUAL    NORMAL     DEPARTURE     RANKING
DETROIT AREA    8.99"      6.26"      +2.73"     19TH WETTEST
FLINT AREA      8.76"      5.02"      +3.74"      5TH WETTEST
SAGINAW         7.31"      5.38"      +1.93"     16TH WETTEST

      *NORMAL TO DATE (AS OF MARCH 31, 2017)

AVERAGE TEMPERATURE
                ACTUAL    NORMAL     DEPARTURE     RANKING
DETROIT AREA     36.9      37.2       -0.3       50TH WARMEST
FLINT AREA       33.9      34.1       -0.2       43RD WARMEST
SAGINAW          32.9      33.7       -0.8       47TH WARMEST

AVERAGE HIGH TEMPERATURE
                ACTUAL    NORMAL     DEPARTURE     RANKING
DETROIT AREA     44.8      45.8       -1.0       55TH WARMEST
FLINT AREA       42.4      43.5       -1.1       46TH WARMEST
SAGINAW          40.8      42.2       -1.4       50TH WARMEST

AVERAGE LOW TEMPERATURE
                ACTUAL    NORMAL     DEPARTURE     RANKING
DETROIT AREA     29.1      28.6       +0.5       41ST WARMEST
FLINT AREA       25.4      24.8       +0.6       41ST WARMEST
SAGINAW          25.0      25.3       -0.3       49TH WARMEST


DETROIT AREA HAS A CLIMATE RECORD DATING TO NOVEMBER 1874
FLINT AREA HAS A CLIMATE RECORD DATING TO JANUARY 1921
SAGINAW HAS A CLIMATE RECORD DATING TO 1912
