000
CXUS53 KDTX 201334 AAA
CLMFNT

CLIMATE REPORT
NATIONAL WEATHER SERVICE DETROIT/PONTIAC MI
917 AM EDT WED JUL 1 2015

...................................

...THE FLINT MI CLIMATE SUMMARY FOR THE MONTH OF JUNE 2015...

CLIMATE NORMAL PERIOD 1981 TO 2010
CLIMATE RECORD PERIOD 1921 TO 2015

WEATHER         OBSERVED          NORMAL  DEPART
                 VALUE   DATE(S)  VALUE   FROM
                                          NORMAL
................................................
TEMPERATURE (F)
RECORD
 HIGH             101   06/25/1988
 LOW               33   06/04/1998
                        06/01/1966
HIGHEST            89   06/10        MM      MM
LOWEST             39   06/02         0      39
AVG. MAXIMUM     78.6              77.9     0.7
AVG. MINIMUM     57.2              55.2     2.0
MEAN             67.9              66.5     1.4
DAYS MAX >= 90      0               1.5    -1.5
DAYS MAX <= 32      0               0.0     0.0
DAYS MIN <= 32      0               0.0     0.0
DAYS MIN <= 0       0               0.0     0.0

PRECIPITATION (INCHES)
RECORD
 MAXIMUM         6.57   2009
 MINIMUM         0.63   1988
TOTALS           5.46              3.07    2.39
DAILY AVG.       0.18              0.10    0.08
DAYS >= .01        13              10.6     2.4
DAYS >= .10         9               6.1     2.9
DAYS >= .50         5               2.0     3.0
DAYS >= 1.00        2               0.6     1.4
GREATEST
 24 HR. TOTAL    1.36   06/22 TO 06/23
 STORM TOTAL       MM
 (MM/DD(HH))            MM

SNOWFALL (INCHES)
RECORDS
 TOTAL           34.5   2009
TOTALS            0.0               0.0     0.0
 LIQUID EQUIV    0.00              0.00    0.00
SINCE 7/1        45.3              47.4    -2.1
 LIQUID 7/1      4.53
DAYS >= TRACE       0               0.0     0.0
DAYS >= 1.0         0               0.0     0.0
GREATEST
 SNOW DEPTH         0   MM
 24 HR TOTAL      0.0   06/30 TO 06/30
 STORM TOTAL       MM
 (MM/DD(HH))            MM

DEGREE_DAYS
HEATING TOTAL      28                66     -38
 SINCE 7/1       6948              6953      -5
COOLING TOTAL     125               112      13
 SINCE 1/1        200               144      56

FREEZE DATES
RECORD
 EARLIEST     MM
 LATEST       MM
EARLIEST      10/10             MM
LATEST        04/28             MM
.................................................

WIND (MPH)
AVERAGE WIND SPEED              7.8
HIGHEST WIND SPEED/DIRECTION    31/240    DATE  06/22
HIGHEST GUST SPEED/DIRECTION    40/240    DATE  06/22

SKY COVER
POSSIBLE SUNSHINE (PERCENT)   MM
AVERAGE SKY COVER           0.40
NUMBER OF DAYS FAIR           13
NUMBER OF DAYS PC             12
NUMBER OF DAYS CLOUDY          5

AVERAGE RH (PERCENT)     67

WEATHER CONDITIONS. NUMBER OF DAYS WITH
THUNDERSTORM              9     MIXED PRECIP               0
HEAVY RAIN                5     RAIN                       6
LIGHT RAIN               15     FREEZING RAIN              0
LT FREEZING RAIN          0     HAIL                       0
HEAVY SNOW                0     SNOW                       0
LIGHT SNOW                0     SLEET                      0
FOG                      16     FOG W/VIS <= 1/4 MILE      1
HAZE                     14

-  INDICATES NEGATIVE NUMBERS.
R  INDICATES RECORD WAS SET OR TIED.
MM INDICATES DATA IS MISSING.
T  INDICATES TRACE AMOUNT.

$$
================================================================
       SOUTHEAST MICHIGAN CLIMATE SUMMARY FOR JUNE 2015


JUNE 2015 MONTHLY STATISTICS AND RANKINGS
-----------------------------------------------------------------

PRECIPITATION
                ACTUAL    NORMAL     DEPARTURE     RANKING
DETROIT AREA    5.32"      3.52"      +1.80"     15TH WETTEST
FLINT AREA      5.46"      3.07"      +2.39"      5TH WETTEST
SAGINAW         4.08"      2.98"      +1.10"     20TH WETTEST

WATER YEAR SINCE JANUARY 1

                ACTUAL    NORMAL*    DEPARTURE     RANKING
DETROIT AREA    17.06"    16.06"      +1.00"     47TH WETTEST
FLINT AREA      13.58"    14.06"      -0.48"     37TH DRIEST
SAGINAW         12.72"    14.63"      -1.97"     20TH DRIEST

      *NORMAL TO DATE (AS OF JUNE 30, 2015)

AVERAGE TEMPERATURE
                ACTUAL    NORMAL     DEPARTURE     RANKING
DETROIT AREA     67.3      67.2        +0.1      64TH WARMEST
FLINT AREA       67.9      66.5        +1.4      37TH WARMEST
SAGINAW          67.3      67.2        +0.1      49TH WARMEST

AVERAGE HIGH TEMPERATURE
                ACTUAL    NORMAL     DEPARTURE     RANKING
DETROIT AREA     77.2      77.9        -0.7      63RD COLDEST
FLINT AREA       78.6      77.9        +0.7      48TH COLDEST
SAGINAW          77.2      77.9        -0.7      50TH WARMEST

AVERAGE LOW TEMPERATURE
                ACTUAL    NORMAL     DEPARTURE     RANKING
DETROIT AREA     57.5      56.5        +1.0      50TH WARMEST
FLINT AREA       57.2      55.2        +2.0      29TH WARMEST
SAGINAW          57.5      56.5        +1.0      34TH WARMEST


DETROIT AREA HAS A CLIMATE RECORD DATING TO NOVEMBER 1874
FLINT AREA HAS A CLIMATE RECORD DATING TO JANUARY 1921
SAGINAW HAS A CLIMATE RECORD DATING TO 1912
