000
CXUS53 KDTX 031349 RRA
CLMFNT
CLIMATE REPORT
NATIONAL WEATHER SERVICE DETROIT/PONTIAC MI
949 AM EDT THU AUG 03 2023
...................................
...THE FLINT MI CLIMATE SUMMARY FOR THE MONTH OF JULY 2023...
CLIMATE NORMAL PERIOD 1991 TO 2020
CLIMATE RECORD PERIOD 1921 TO 2023
WEATHER OBSERVED NORMAL DEPART LAST YEAR`S
VALUE DATE(S) VALUE FROM VALUE
NORMAL
..............................................................
TEMPERATURE (F)
RECORD
HIGH 108 07/13/1936
07/08/1936
LOW 40 07/02/2001
07/01/1965
HIGHEST 91 07/05 MM MM
LOWEST 52 07/31 MM MM
AVG. MAXIMUM 82.9 82.1 0.8
AVG. MINIMUM 60.8 59.7 1.1
MEAN 71.8 70.9 0.9
DAYS MAX >= 90 2 4.8 -2.8
DAYS MAX <= 32 0 0.0 0.0
DAYS MIN <= 32 0 0.0 0.0
DAYS MIN <= 0 0 0.0 0.0
PRECIPITATION (INCHES)
RECORD
MAXIMUM 9.35 1992
MINIMUM 0.73 1978
TOTALS 5.03 3.41 1.62
DAILY AVG. 0.16 0.11 0.05
DAYS >= .01 13 9.5 3.5
DAYS >= .10 8 5.8 2.2
DAYS >= .50 4 2.4 1.6
DAYS >= 1.00 1 0.9 0.1
GREATEST
24 HR. TOTAL 2.53 07/12 TO 07/13
STORM TOTAL 2.00
(MM/DD(HH))
SNOWFALL (INCHES)
RECORDS
TOTAL 0.0 0
TOTALS 0.0 0.0 0.0
LIQUID EQUIV 0.00 0.00 0.00
SINCE 7/1 0.0 0.0 0.0
LIQUID 7/1 0.00
DAYS >= TRACE 0 0.0 0.0
DAYS >= 1.0 0 0.0 0.0
GREATEST
SNOW DEPTH 0
24 HR TOTAL 0.0
STORM TOTAL 0.0
(MM/DD(HH))
DEGREE DAYS
HEATING TOTAL 0 13 -13
SINCE 7/1 0 5 -5
COOLING TOTAL 218 196 22
SINCE 1/1 344 352 -8
FREEZE DATES
RECORD
EARLIEST 09/17 (2013)
LATEST 05/28 (2008)
EARLIEST 10/03 (2022)
LATEST 05/26 (2023)
..............................................................
WIND (MPH)
AVERAGE WIND SPEED 6.0
HIGHEST WIND SPEED/DIRECTION 30/310 DATE 07/20
HIGHEST GUST SPEED/DIRECTION 42/300 DATE 07/20
SKY COVER
POSSIBLE SUNSHINE (PERCENT) MM
AVERAGE SKY COVER 0.34
NUMBER OF DAYS FAIR 18
NUMBER OF DAYS PC 12
NUMBER OF DAYS CLOUDY 1
AVERAGE RH (PERCENT) 74
WEATHER CONDITIONS. NUMBER OF DAYS WITH
THUNDERSTORM 15 MIXED PRECIP 0
HEAVY RAIN 5 RAIN 6
LIGHT RAIN 14 FREEZING RAIN 0
LT FREEZING RAIN 0 HAIL 0
HEAVY SNOW 0 SNOW 0
LIGHT SNOW 0 SLEET 0
FOG 20 FOG W/VIS <= 1/4 MILE 4
HAZE 6
- INDICATES NEGATIVE NUMBERS.
R INDICATES RECORD WAS SET OR TIED.
MM INDICATES DATA IS MISSING.
T INDICATES TRACE AMOUNT.
$$
================================================================
SOUTHEAST MICHIGAN CLIMATE SUMMARY FOR JULY 2023
JULY 2023 MONTHLY STATISTICS AND RANKINGS
-----------------------------------------------------------------
PRECIPITATION
ACTUAL NORMAL DEPARTURE RANKING
DETROIT AREA 5.37" 3.41" +1.96" 21ST WETTEST
FLINT AREA 5.03" 3.41" +1.62" 13TH WETTEST
SAGINAW AREA 6.90" 2.83" +4.07" 1ST WETTEST
PRECIPITATION SINCE JANUARY 1*
ACTUAL NORMAL DEPARTURE RANKING
DETROIT AREA 22.51" 20.49" +2.02" 30TH WETTEST
FLINT AREA 19.88" 18.98" +0.90" 27TH WETTEST
SAGINAW AREA 20.80" 18.42" +2.38" 13TH WETTEST
*NORMAL TO DATE (AS OF JULY 31, 2023)
AVERAGE TEMPERATURE
ACTUAL NORMAL DEPARTURE RANKING
DETROIT AREA 73.7 74.1 -0.4 50TH WARMEST
FLINT AREA 71.8 70.9 +0.9 40TH WARMEST
SAGINAW AREA 71.9 71.7 +0.2 42ND WARMEST
AVERAGE HIGH TEMPERATURE
ACTUAL NORMAL DEPARTURE RANKING
DETROIT AREA 82.1 83.7 -1.6 63RD COOLEST
FLINT AREA 82.9 82.1 +0.8 47TH COOLEST
SAGINAW AREA 81.7 82.2 -0.5 45TH COOLEST
AVERAGE LOW TEMPERATURE
ACTUAL NORMAL DEPARTURE RANKING
DETROIT AREA 65.3 64.4 +0.9 29TH WARMEST
FLINT AREA 60.8 59.7 +1.1 34TH WARMEST
SAGINAW AREA 62.1 61.2 +0.9 29TH WARMEST
DETROIT AREA HAS A CLIMATE RECORD DATING TO NOVEMBER 1874 (~149 YEARS)
FLINT AREA HAS A CLIMATE RECORD DATING TO JANUARY 1921 (~103 YEARS)
SAGINAW AREA HAS CLIMATE RECORD DATING TO JANUARY 1912 (~112 YEARS)