000
CXUS53 KDTX 262055 AAA
CLMFNT

CLIMATE REPORT
NATIONAL WEATHER SERVICE DETROIT/PONTIAC MI
1009 PM EDT FRI AUG 4 2017

...................................

...THE FLINT MI CLIMATE SUMMARY FOR THE MONTH OF JULY 2017...

CLIMATE NORMAL PERIOD 1981 TO 2010
CLIMATE RECORD PERIOD 1921 TO 2017

WEATHER         OBSERVED          NORMAL  DEPART
                 VALUE   DATE(S)  VALUE   FROM
                                          NORMAL
................................................
TEMPERATURE (F)
RECORD
 HIGH             101   07/17/2012
                        07/14/1995
                        07/07/1988
 LOW               40   07/02/2001
                        07/01/1965
HIGHEST            88   07/19        MM      MM
                        07/06
LOWEST             47   07/25        MM      MM
AVG. MAXIMUM     82.2              81.9     0.3
AVG. MINIMUM     59.5              59.2     0.3
MEAN             70.8              70.5     0.3
DAYS MAX >= 90      0               2.8    -2.8
DAYS MAX <= 32      0               0.0     0.0
DAYS MIN <= 32      0               0.0     0.0
DAYS MIN <= 0       0               0.0     0.0

PRECIPITATION (INCHES)
RECORD
 MAXIMUM         9.35   1992
 MINIMUM         0.73   1978
TOTALS           2.72              3.32   -0.60
DAILY AVG.       0.09              0.11   -0.02
DAYS >= .01         8               9.5    -1.5
DAYS >= .10         6               5.8     0.2
DAYS >= .50         2               2.5    -0.5
DAYS >= 1.00        1               0.9     0.1
GREATEST
 24 HR. TOTAL    1.06   07/13 TO 07/13
 STORM TOTAL       MM
 (MM/DD(HH))            MM

SNOWFALL (INCHES)
RECORDS
 TOTAL            0.0   0
                        0
                        0
TOTALS            0.0               0.0     0.0
 LIQUID EQUIV    0.00              0.00    0.00
SINCE 7/1         0.0               0.0     0.0
 LIQUID 7/1      0.00
DAYS >= TRACE       0               0.0     0.0
DAYS >= 1.0         0               0.0     0.0
GREATEST
 SNOW DEPTH         0   MM
 24 HR TOTAL      0.0   07/31 TO 07/31
 STORM TOTAL       MM
 (MM/DD(HH))            MM

DEGREE_DAYS
HEATING TOTAL       1                15     -14
 SINCE 7/1          1                15     -14
COOLING TOTAL     189               187       2
 SINCE 1/1        359               331      28

FREEZE DATES
RECORD
 EARLIEST     MM
 LATEST       MM
EARLIEST                        MM
LATEST                          MM
.................................................

WIND (MPH)
AVERAGE WIND SPEED              6.4
HIGHEST WIND SPEED/DIRECTION    28/360    DATE  07/07
HIGHEST GUST SPEED/DIRECTION    35/350    DATE  07/07

SKY COVER
POSSIBLE SUNSHINE (PERCENT)   MM
AVERAGE SKY COVER           0.30
NUMBER OF DAYS FAIR           18
NUMBER OF DAYS PC             12
NUMBER OF DAYS CLOUDY          1

AVERAGE RH (PERCENT)     71

WEATHER CONDITIONS. NUMBER OF DAYS WITH
THUNDERSTORM              6     MIXED PRECIP               0
HEAVY RAIN                2     RAIN                       6
LIGHT RAIN                8     FREEZING RAIN              0
LT FREEZING RAIN          0     HAIL                       0
HEAVY SNOW                0     SNOW                       0
LIGHT SNOW                0     SLEET                      0
FOG                      12     FOG W/VIS <= 1/4 MILE      0
HAZE                      0

-  INDICATES NEGATIVE NUMBERS.
R  INDICATES RECORD WAS SET OR TIED.
MM INDICATES DATA IS MISSING.
T  INDICATES TRACE AMOUNT.

$$

================================================================
       SOUTHEAST MICHIGAN CLIMATE SUMMARY FOR JULY 2017


JULY 2017 MONTHLY STATISTICS AND RANKINGS
-----------------------------------------------------------------
PRECIPITATION
                ACTUAL    NORMAL     DEPARTURE     RANKING
DETROIT AREA    2.44"      3.37"      -0.93"     54TH DRIEST
FLINT AREA      2.72"      3.32"      -0.60"     47TH WETTEST
SAGINAW         1.48"      2.58       -1.10"     29TH WETTEST

WATER YEAR SINCE JANUARY 1*

                ACTUAL    NORMAL     DEPARTURE     RANKING
DETROIT AREA    21.39"    19.43"      +1.96"     37TH WETTEST
FLINT AREA      21.81"    17.38"      +4.43"     18TH WETTEST
SAGINAW         27.50"    17.21"     +10.29"      1ST WETTEST

      *NORMAL TO DATE (AS OF JULY 31, 2017)

AVERAGE TEMPERATURE
                ACTUAL    NORMAL     DEPARTURE     RANKING
DETROIT AREA     74.4      73.6       +0.8       36TH WARMEST
FLINT AREA       70.8      70.5       +0.3       44TH WARMEST
SAGINAW          72.0      71.0       +1.0       38TH WARMEST

AVERAGE HIGH TEMPERATURE
                ACTUAL    NORMAL     DEPARTURE     RANKING
DETROIT AREA     84.1      83.4       +0.7       41ST WARMEST
FLINT AREA       82.2      81.9       +0.3       38TH COLDEST
SAGINAW          81.7      81.8       -0.1       45TH COLDEST

AVERAGE LOW TEMPERATURE
                ACTUAL    NORMAL     DEPARTURE     RANKING
DETROIT AREA     64.7      63.9       +0.8       30TH WARMEST
FLINT AREA       59.5      59.2       +0.3       48TH WARMEST
SAGINAW          62.2      60.2       +2.0       24TH WARMEST


DETROIT AREA HAS A CLIMATE RECORD DATING TO NOVEMBER 1874
FLINT AREA HAS A CLIMATE RECORD DATING TO JANUARY 1921
SAGINAW HAS A CLIMATE RECORD DATING TO 1912
