529
CXUS53 KDTX 061313 AAA
CLMFNT

CLIMATE REPORT
NATIONAL WEATHER SERVICE DETROIT/PONTIAC MI
922 AM EDT WED MAY 3 2017

...................................

...THE FLINT MI CLIMATE SUMMARY FOR THE MONTH OF APRIL 2017...

CLIMATE NORMAL PERIOD 1981 TO 2010
CLIMATE RECORD PERIOD 1921 TO 2017

WEATHER         OBSERVED          NORMAL  DEPART
                 VALUE   DATE(S)  VALUE   FROM
                                          NORMAL
................................................
TEMPERATURE (F)
RECORD
 HIGH              88   04/24/1925
                        04/23/1925
 LOW                6   04/07/1982
HIGHEST            82   04/15        MM      MM
LOWEST             28   04/08        MM      MM
AVG. MAXIMUM     62.2              57.3     4.9
AVG. MINIMUM     40.5              35.5     5.0
MEAN             51.3              46.4     4.9
DAYS MAX >= 90      0               0.0     0.0
DAYS MAX <= 32      0               0.3    -0.3
DAYS MIN <= 32      4              11.1    -7.1
DAYS MIN <= 0       0               0.0     0.0

PRECIPITATION (INCHES)
RECORD
 MAXIMUM         6.44   2013
 MINIMUM         0.62   1942
TOTALS           5.19              2.89    2.30
DAILY AVG.       0.17              0.10    0.07
DAYS >= .01        14              12.6     1.4
DAYS >= .10         7               6.8     0.2
DAYS >= .50         5               1.4     3.6
DAYS >= 1.00        2               0.4     1.6
GREATEST
 24 HR. TOTAL    1.59   04/05 TO 04/06
 STORM TOTAL       MM
 (MM/DD(HH))            MM

SNOWFALL (INCHES)
RECORDS
 TOTAL           17.3   1975
                        0
                        0
TOTALS            1.5               2.3    -0.8
 LIQUID EQUIV    0.15              0.20   -0.05
SINCE 7/1        39.4              47.4    -8.0
 LIQUID 7/1      3.94
DAYS >= TRACE       2               2.3    -0.3
DAYS >= 1.0         1               0.6     0.4
GREATEST
 SNOW DEPTH         1   04/07
 24 HR TOTAL      1.4   MM
 STORM TOTAL       MM
 (MM/DD(HH))            MM

DEGREE_DAYS
HEATING TOTAL     404               562    -158
 SINCE 7/1       5511              6607   -1096
COOLING TOTAL       3                 4      -1
 SINCE 1/1          3                 4      -1

FREEZE DATES
RECORD
 EARLIEST     MM
 LATEST       MM
EARLIEST                        MM
LATEST                          MM
.................................................

WIND (MPH)
AVERAGE WIND SPEED              10.7
HIGHEST WIND SPEED/DIRECTION    33/360    DATE  04/06
HIGHEST GUST SPEED/DIRECTION    46/020    DATE  04/06

SKY COVER
POSSIBLE SUNSHINE (PERCENT)   MM
AVERAGE SKY COVER           0.50
NUMBER OF DAYS FAIR           11
NUMBER OF DAYS PC             10
NUMBER OF DAYS CLOUDY          9

AVERAGE RH (PERCENT)     67

WEATHER CONDITIONS. NUMBER OF DAYS WITH
THUNDERSTORM              3     MIXED PRECIP               0
HEAVY RAIN                3     RAIN                       7
LIGHT RAIN               14     FREEZING RAIN              0
LT FREEZING RAIN          0     HAIL                       0
HEAVY SNOW                0     SNOW                       0
LIGHT SNOW                2     SLEET                      0
FOG                      10     FOG W/VIS <= 1/4 MILE      1
HAZE                      0

-  INDICATES NEGATIVE NUMBERS.
R  INDICATES RECORD WAS SET OR TIED.
MM INDICATES DATA IS MISSING.
T  INDICATES TRACE AMOUNT.

$$

================================================================
       SOUTHEAST MICHIGAN CLIMATE SUMMARY FOR APRIL 2017


APRIL 2017 MONTHLY STATISTICS AND RANKINGS
-----------------------------------------------------------------
SNOWFALL
                ACTUAL    NORMAL     DEPARTURE     RANKING
DETROIT AREA     0.1"       1.7"       -1.6"     37TH LEAST SNOWY
FLINT AREA       1.5"       2.3"       -0.8"     40TH SNOWIEST
SAGINAW           T         1.7        -1.7"     36TH LEAST SNOWY

SNOW YEAR SINCE JULY 1*

                ACTUAL    NORMAL     DEPARTURE     RANKING
DETROIT AREA     37.9"     42.5"       -4.6"     63RD LEAST SNOWY
FLINT AREA       39.4"     47.4"       -8.0"     43RD LEAST SNOWY
SAGINAW          37.4"     41.5"       -4.1"     34TH LEAST SNOWY

      *NORMAL TO DATE (AS OF APRIL 30, 2017)

PRECIPITATION
                ACTUAL    NORMAL     DEPARTURE     RANKING
DETROIT AREA    3.55"      2.90"      +0.65"     38TH WETTEST
FLINT AREA      5.19"      2.89"      +2.30"      9TH WETTEST
SAGINAW         5.89"      2.89"      +3.00"      5TH WETTEST

WATER YEAR SINCE JANUARY 1*

                ACTUAL    NORMAL     DEPARTURE     RANKING
DETROIT AREA    12.54"     9.16"      +3.38"      7TH WETTEST
FLINT AREA      13.95"     7.91"      +6.04"      1ST WETTEST
SAGINAW         13.20"     8.27"      +4.93"      4TH WETTEST

      *NORMAL TO DATE (AS OF MARCH 31, 2017)

AVERAGE TEMPERATURE
                ACTUAL    NORMAL     DEPARTURE     RANKING
DETROIT AREA     54.3      49.2       +5.3        2ND WARMEST
FLINT AREA       51.3      46.4       +4.9        7TH WARMEST
SAGINAW          50.8      46.1       +4.7        7TH WARMEST

AVERAGE HIGH TEMPERATURE
                ACTUAL    NORMAL     DEPARTURE     RANKING
DETROIT AREA     64.5      59.1       +5.1        4TH WARMEST
FLINT AREA       62.2      57.3       +4.9        9TH WARMEST
SAGINAW          61.0      56.1       +4.9        9TH WARMEST

AVERAGE LOW TEMPERATURE
                ACTUAL    NORMAL     DEPARTURE     RANKING
DETROIT AREA     44.1      39.4       +4.7        2ND WARMEST
FLINT AREA       40.5      35.5       +5.0        5TH WARMEST
SAGINAW          40.5      36.0       +4.5        5TH WARMEST


DETROIT AREA HAS A CLIMATE RECORD DATING TO NOVEMBER 1874
FLINT AREA HAS A CLIMATE RECORD DATING TO JANUARY 1921
SAGINAW HAS A CLIMATE RECORD DATING TO 1912
