000
CXUS53 KDTX 221535 AAA
CLMFNT

CLIMATE REPORT
NATIONAL WEATHER SERVICE DETROIT/PONTIAC MI
926 AM EST TUE DEC 1 2015

...................................

...THE FLINT MI CLIMATE SUMMARY FOR THE MONTH OF NOVEMBER 2015...

CLIMATE NORMAL PERIOD 1981 TO 2010
CLIMATE RECORD PERIOD 1921 TO 2015

WEATHER         OBSERVED          NORMAL  DEPART
                 VALUE   DATE(S)  VALUE   FROM
                                          NORMAL
................................................
TEMPERATURE (F)
RECORD
 HIGH              80   11/04/2015
 LOW               -7   11/26/1949
HIGHEST            80R  11/04        MM      MM
LOWEST             18   11/29        MM      MM
AVG. MAXIMUM     56.1              46.7     9.4
AVG. MINIMUM     36.0              31.0     5.0
MEAN             46.0              38.9     7.1
DAYS MAX >= 90      0               0.0     0.0
DAYS MAX <= 32      1               2.4    -1.4
DAYS MIN <= 32     12              17.5    -5.5
DAYS MIN <= 0       0               0.0     0.0

PRECIPITATION (INCHES)
RECORD
 MAXIMUM         5.66   2003
 MINIMUM         0.59   2009
TOTALS           2.22              2.67   -0.45
DAILY AVG.       0.07              0.09   -0.02
DAYS >= .01        10              11.8    -1.8
DAYS >= .10         6               6.2    -0.2
DAYS >= .50         1               1.4    -0.4
DAYS >= 1.00        0               0.4    -0.4
GREATEST
 24 HR. TOTAL    0.79   11/21 TO 11/22
 STORM TOTAL       MM
 (MM/DD(HH))            MM

SNOWFALL (INCHES)
RECORDS
 TOTAL           16.2   1951
                        0
                        0
TOTALS           10.8               2.5     8.3
 LIQUID EQUIV    1.08              0.20    0.88
SINCE 7/1        10.8               2.9     7.9
 LIQUID 7/1      1.08
DAYS >= TRACE       4               3.1     0.9
DAYS >= 1.0         1               0.8     0.2
GREATEST
 SNOW DEPTH        10R  11/22
 24 HR TOTAL     10.0R  11/21 TO 11/21
 STORM TOTAL       MM
 (MM/DD(HH))            MM

DEGREE_DAYS
HEATING TOTAL     564               785    -221
 SINCE 7/1        981              1481    -500
COOLING TOTAL       2                 0       2
 SINCE 1/1        766               531     235

FREEZE DATES
RECORD
 EARLIEST     MM
 LATEST       MM
EARLIEST                        MM
LATEST                          MM
.................................................

WIND (MPH)
AVERAGE WIND SPEED              9.8
HIGHEST WIND SPEED/DIRECTION    38/280    DATE  11/06
HIGHEST GUST SPEED/DIRECTION    50/280    DATE  11/06

SKY COVER
POSSIBLE SUNSHINE (PERCENT)   MM
AVERAGE SKY COVER           0.40
NUMBER OF DAYS FAIR           13
NUMBER OF DAYS PC              9
NUMBER OF DAYS CLOUDY          8

AVERAGE RH (PERCENT)     63

WEATHER CONDITIONS. NUMBER OF DAYS WITH
THUNDERSTORM              0     MIXED PRECIP               0
HEAVY RAIN                2     RAIN                       4
LIGHT RAIN               10     FREEZING RAIN              0
LT FREEZING RAIN          0     HAIL                       0
HEAVY SNOW                1     SNOW                       1
LIGHT SNOW                4     SLEET                      0
FOG                      14     FOG W/VIS <= 1/4 MILE      2
HAZE                     13

-  INDICATES NEGATIVE NUMBERS.
R  INDICATES RECORD WAS SET OR TIED.
MM INDICATES DATA IS MISSING.
T  INDICATES TRACE AMOUNT.

$$
================================================================
       SOUTHEAST MICHIGAN CLIMATE SUMMARY FOR NOVEMBER 2015


NOVEMBER 2015 MONTHLY STATISTICS AND RANKINGS
-----------------------------------------------------------------
SNOWFALL
                ACTUAL    NORMAL     DEPARTURE     RANKING
DETROIT AREA     6.2"      1.5"       +4.7"      22ND SNOWIEST
FLINT AREA      10.8"      2.5"       +8.3"       5TH SNOWIEST
SAGINAW          3.5"      3.6"       -0.1"      30TH SNOWIEST

PRECIPITATION
                ACTUAL    NORMAL     DEPARTURE     RANKING
DETROIT AREA    2.06"      2.79"      -0.73"     61ST DRIEST
FLINT AREA      2.22"      2.67"      -0.45"     47TH WETTEST
SAGINAW         1.45"      2.70"      -1.25"     24TH DRIEST

WATER YEAR SINCE JANUARY 1

                ACTUAL    NORMAL*    DEPARTURE     RANKING
DETROIT AREA    27.30"    31.01"      -3.71"     44TH DRIEST
FLINT AREA      27.38"    29.45       -2.07"     45TH DRIEST
SAGINAW         28.98"    29.68"      -0.70"     42ND WETTEST

      *NORMAL TO DATE (AS OF NOVEMBER 30, 2015)

AVERAGE TEMPERATURE
                ACTUAL    NORMAL     DEPARTURE     RANKING
DETROIT AREA     46.0      41.5        +4.5       6TH WARMEST
FLINT AREA       46.0      38.9        +7.1       4TH WARMEST
SAGINAW          45.6      38.5        +7.1       3RD WARMEST

AVERAGE HIGH TEMPERATURE
                ACTUAL    NORMAL     DEPARTURE     RANKING
DETROIT AREA     55.3      48.8        +6.5       3RD WARMEST
FLINT AREA       56.1      46.7        +9.4       1ST WARMEST
SAGINAW          54.5      45.9        +8.6       2ND WARMEST

AVERAGE LOW TEMPERATURE
                ACTUAL    NORMAL     DEPARTURE     RANKING
DETROIT AREA     36.7      34.3        +2.4      21ST WARMEST
FLINT AREA       36.0      31.0        +5.0       6TH WARMEST
SAGINAW          36.7      31.2        +5.5       4TH WARMEST


DETROIT AREA HAS A CLIMATE RECORD DATING TO NOVEMBER 1874
FLINT AREA HAS A CLIMATE RECORD DATING TO JANUARY 1921
SAGINAW HAS A CLIMATE RECORD DATING TO 1912
