000
CXUS53 KDTX 291647 AAA
CLMFNT

CLIMATE REPORT
NATIONAL WEATHER SERVICE DETROIT/PONTIAC MI
243 AM EDT THU MAY 5 2016

...................................

...THE FLINT MI CLIMATE SUMMARY FOR THE MONTH OF APRIL 2016...

CLIMATE NORMAL PERIOD 1981 TO 2010
CLIMATE RECORD PERIOD 1921 TO 2016

WEATHER         OBSERVED          NORMAL  DEPART
                 VALUE   DATE(S)  VALUE   FROM
                                          NORMAL
................................................
TEMPERATURE (F)
RECORD
 HIGH              88   04/24/1925
                        04/23/1925
 LOW                6   04/07/1982
HIGHEST            82   04/18        MM      MM
                        04/17
LOWEST             20   04/03        MM      MM
AVG. MAXIMUM     57.0              57.3    -0.3
AVG. MINIMUM     34.8              35.5    -0.7
MEAN             45.9              46.4    -0.5
DAYS MAX >= 90      0               0.0     0.0
DAYS MAX <= 32      0               0.3    -0.3
DAYS MIN <= 32     11              11.1    -0.1
DAYS MIN <= 0       0               0.0     0.0

PRECIPITATION (INCHES)
RECORD
 MAXIMUM         6.44   2013
 MINIMUM         0.62   1942
TOTALS           2.33              2.89   -0.56
DAILY AVG.       0.08              0.10   -0.02
DAYS >= .01        12              12.6    -0.6
DAYS >= .10         8               6.8     1.2
DAYS >= .50         1               1.4    -0.4
DAYS >= 1.00        0               0.4    -0.4
GREATEST
 24 HR. TOTAL    0.67   03/31 TO 04/01
 STORM TOTAL       MM
 (MM/DD(HH))            MM

SNOWFALL (INCHES)
RECORDS
 TOTAL           17.3   1975
                        0
                        0
TOTALS            6.8               2.3     4.5
 LIQUID EQUIV    0.68              0.20    0.48
SINCE 7/1        69.0              47.4    21.6
 LIQUID 7/1      6.90
DAYS >= TRACE       8               2.3     5.7
DAYS >= 1.0         3               0.6     2.4
GREATEST
 SNOW DEPTH         1   04/09
                        04/03
 24 HR TOTAL      3.1R  MM
 STORM TOTAL       MM
 (MM/DD(HH))            MM

DEGREE_DAYS
HEATING TOTAL     565               562       3
 SINCE 7/1       5149              6607   -1458
COOLING TOTAL       0                 4      -4
 SINCE 1/1          1                 4      -3

FREEZE DATES
RECORD
 EARLIEST     MM
 LATEST       MM
EARLIEST      04/02             MM
LATEST                          MM
.................................................

WIND (MPH)
AVERAGE WIND SPEED              9.1
HIGHEST WIND SPEED/DIRECTION    31/270    DATE  04/11
HIGHEST GUST SPEED/DIRECTION    36/270    DATE  04/11

SKY COVER
POSSIBLE SUNSHINE (PERCENT)   MM
AVERAGE SKY COVER           0.50
NUMBER OF DAYS FAIR           11
NUMBER OF DAYS PC              9
NUMBER OF DAYS CLOUDY         10

AVERAGE RH (PERCENT)     57

WEATHER CONDITIONS. NUMBER OF DAYS WITH
THUNDERSTORM              2     MIXED PRECIP               0
HEAVY RAIN                1     RAIN                       6
LIGHT RAIN               12     FREEZING RAIN              1
LT FREEZING RAIN          0     HAIL                       0
HEAVY SNOW                2     SNOW                       3
LIGHT SNOW                8     SLEET                      1
FOG                       9     FOG W/VIS <= 1/4 MILE      2
HAZE                     11

-  INDICATES NEGATIVE NUMBERS.
R  INDICATES RECORD WAS SET OR TIED.
MM INDICATES DATA IS MISSING.
T  INDICATES TRACE AMOUNT.

$$
================================================================
       SOUTHEAST MICHIGAN CLIMATE SUMMARY FOR APRIL 2016


APRIL 2016 MONTHLY STATISTICS AND RANKINGS
-----------------------------------------------------------------
SNOWFALL
                ACTUAL    NORMAL     DEPARTURE     RANKING
DETROIT AREA     1.3"      1.7"       -0.4"      50TH SNOWIEST
FLINT AREA       6.8"      2.3"       +4.5"       8TH SNOWIEST
SAGINAW          1.6"      1.7"       -0.1"      36TH SNOWIEST

SNOW YEAR SINCE JULY 1*
                ACTUAL    NORMAL*    DEPARTURE     RANKING
DETROIT AREA    35.3"     42.5"        -7.2"     54TH LEAST SNOWY
FLINT AREA      69.0"     47.4"        21.6"     11TH SNOWIEST
SAGINAW         50.2"     41.5"        +8.7"     21ST SNOWIEST

      *NORMAL TO DATE (AS OF APRIL 30, 2016)

PRECIPITATION
                ACTUAL    NORMAL     DEPARTURE     RANKING
DETROIT AREA    2.31"      2.90"      -0.59"     59TH DRIEST
FLINT AREA      2.33"      2.89"      -0.56"     35TH DRIEST
SAGINAW         1.83"      2.89"      -1.06"     34TH DRIEST

WATER YEAR SINCE JANUARY 1*
                ACTUAL    NORMAL     DEPARTURE     RANKING
DETROIT AREA    10.53"     9.16"      +1.37"     43RD WETTEST
FLINT AREA      10.51"     7.91"      +2.60"     13TH WETTEST
SAGINAW          9.73"     8.27"      +1.46"     23RD WETTEST

      *NORMAL TO DATE (AS OF APRIL 30, 2016)


AVERAGE TEMPERATURE
                ACTUAL    NORMAL     DEPARTURE     RANKING
DETROIT AREA     46.3      49.2       -2.9       65TH COLDEST
FLINT AREA       45.9      46.4       -0.5       41ST COLDEST
SAGINAW          43.5      46.1       -2.6       29TH COLDEST

AVERAGE HIGH TEMPERATURE
                ACTUAL    NORMAL     DEPARTURE     RANKING
DETROIT AREA     56.2      59.1       -2.9       72ND COLDEST
FLINT AREA       57.0      57.3       -0.3       45TH COLDEST
SAGINAW          52.8      56.1       -3.3       30TH COLDEST

AVERAGE LOW TEMPERATURE
                ACTUAL    NORMAL     DEPARTURE     RANKING
DETROIT AREA     36.4      39.4       -3.0       47TH COLDEST
FLINT AREA       34.8      35.5       -0.7       35TH COLDEST
SAGINAW          34.2      36.0       -1.8       29TH COLDEST


DETROIT AREA HAS A CLIMATE RECORD DATING TO NOVEMBER 1874
FLINT AREA HAS A CLIMATE RECORD DATING TO JANUARY 1921
SAGINAW HAS A CLIMATE RECORD DATING TO 1912
