000
CXUS53 KDTX 231844 RRA
CLMFNT

CLIMATE REPORT
NATIONAL WEATHER SERVICE DETROIT/PONTIAC MI
801 AM EST MON NOV 23 2015

...................................

...THE FLINT MI CLIMATE SUMMARY FOR THE MONTH OF OCTOBER 2015...

CLIMATE NORMAL PERIOD 1981 TO 2010
CLIMATE RECORD PERIOD 1921 TO 2015

WEATHER         OBSERVED          NORMAL  DEPART
                 VALUE   DATE(S)  VALUE   FROM
                                          NORMAL
................................................
TEMPERATURE (F)
RECORD
 HIGH              89   10/01/2002
                        10/06/1963
                        10/03/1953
 LOW               19   10/21/1974
                        10/30/1966
HIGHEST            78   10/11        MM      MM
LOWEST             30   10/26        MM      MM
AVG. MAXIMUM     63.0              59.6     3.4
AVG. MINIMUM     44.6              39.4     5.2
MEAN             53.8              49.5     4.3
DAYS MAX >= 90      0               0.0     0.0
DAYS MAX <= 32      0               0.0     0.0
DAYS MIN <= 32      3               6.4    -3.4
DAYS MIN <= 0       0               0.0     0.0

PRECIPITATION (INCHES)
RECORD
 MAXIMUM         6.59   2001
 MINIMUM         0.33   2005
TOTALS           2.28              2.47   -0.19
DAILY AVG.       0.07              0.08   -0.01
DAYS >= .01        12              10.8     1.2
DAYS >= .10         5               5.7    -0.7
DAYS >= .50         1               1.6    -0.6
DAYS >= 1.00        0               0.4    -0.4
GREATEST
 24 HR. TOTAL    0.71   10/28 TO 10/28
 STORM TOTAL       MM
 (MM/DD(HH))            MM

SNOWFALL (INCHES)
RECORDS
 TOTAL            4.4   1989
                        0
                        0
TOTALS            0.0               0.4    -0.4
 LIQUID EQUIV    0.00              0.00    0.00
SINCE 7/1         0.0               0.4    -0.4
 LIQUID 7/1      0.00
DAYS >= TRACE       0               0.3    -0.3
DAYS >= 1.0         0               0.2    -0.2
GREATEST
 SNOW DEPTH         0   MM
 24 HR TOTAL      0.0   10/31 TO 10/31
 STORM TOTAL       MM
 (MM/DD(HH))            MM

DEGREE_DAYS
HEATING TOTAL     343               486    -143
 SINCE 7/1        417               696    -279
COOLING TOTAL       3                 5      -2
 SINCE 1/1        764               531     233

FREEZE DATES
RECORD
 EARLIEST     MM
 LATEST       MM
EARLIEST      10/17             MM
LATEST                          MM
.................................................

WIND (MPH)
AVERAGE WIND SPEED              9.5
HIGHEST WIND SPEED/DIRECTION    31/260    DATE  10/28
HIGHEST GUST SPEED/DIRECTION    49/240    DATE  10/28

SKY COVER
POSSIBLE SUNSHINE (PERCENT)   MM
AVERAGE SKY COVER           0.50
NUMBER OF DAYS FAIR           11
NUMBER OF DAYS PC              9
NUMBER OF DAYS CLOUDY         11

AVERAGE RH (PERCENT)     66

WEATHER CONDITIONS. NUMBER OF DAYS WITH
THUNDERSTORM              1     MIXED PRECIP               0
HEAVY RAIN                1     RAIN                       4
LIGHT RAIN               16     FREEZING RAIN              0
LT FREEZING RAIN          0     HAIL                       0
HEAVY SNOW                0     SNOW                       0
LIGHT SNOW                0     SLEET                      0
FOG                      15     FOG W/VIS <= 1/4 MILE      2
HAZE                     14

-  INDICATES NEGATIVE NUMBERS.
R  INDICATES RECORD WAS SET OR TIED.
MM INDICATES DATA IS MISSING.
T  INDICATES TRACE AMOUNT.

$$
================================================================
       SOUTHEAST MICHIGAN CLIMATE SUMMARY FOR OCTOBER 2015


OCTOBER 2015 MONTHLY STATISTICS AND RANKINGS
-----------------------------------------------------------------
SNOWFALL
                ACTUAL    NORMAL     DEPARTURE
DETROIT AREA      T        0.1"       -0.1"
FLINT AREA      0.00"      0.4"       -0.4"
SAGINAW           T        0.3"       -0.3"


PRECIPITATION
                ACTUAL    NORMAL     DEPARTURE     RANKING
DETROIT AREA    1.97"      2.52"      -0.55"     67TH DRIEST
FLINT AREA      2.28"      2.47"      -0.19"     46TH WETTEST
SAGINAW         2.62"      2.63"      -0.01"     46TH WETTEST

WATER YEAR SINCE JANUARY 1

                ACTUAL    NORMAL*    DEPARTURE     RANKING
DETROIT AREA    25.24"    28.22"      -2.98"     48TH DRIEST
FLINT AREA      25.16"    26.78"      -1.62"     44TH DRIEST
SAGINAW         27.53"    26.98"      +0.55"     36TH WETTEST

      *NORMAL TO DATE (AS OF OCTOBER 31, 2015)

AVERAGE TEMPERATURE
                ACTUAL    NORMAL     DEPARTURE     RANKING
DETROIT AREA     54.9      52.4        +2.1      41ST WARMEST
FLINT AREA       53.8      49.5        +4.3      14TH WARMEST
SAGINAW          52.9      49.7        +3.2      23RD WARMEST

AVERAGE HIGH TEMPERATURE
                ACTUAL    NORMAL     DEPARTURE     RANKING
DETROIT AREA     63.7      61.6        +2.1      39TH WARMEST
FLINT AREA       63.0      59.6        +3.4      22ND WARMEST
SAGINAW          61.2      59.3        +1.9      37TH WARMEST

AVERAGE LOW TEMPERATURE
                ACTUAL    NORMAL     DEPARTURE     RANKING
DETROIT AREA     45.4      43.3        +2.1      42ND WARMEST
FLINT AREA       44.6      39.4        +5.2       8TH WARMEST
SAGINAW          44.6      40.1        +4.5      10TH WARMEST


DETROIT AREA HAS A CLIMATE RECORD DATING TO NOVEMBER 1874
FLINT AREA HAS A CLIMATE RECORD DATING TO JANUARY 1921
SAGINAW HAS A CLIMATE RECORD DATING TO 1912
