000
CXUS53 KDTX 011853
CLMFNT

CLIMATE REPORT
NATIONAL WEATHER SERVICE DETROIT/PONTIAC MI
131 PM EDT FRI NOV 1 2013

...................................

...THE FLINT MI CLIMATE SUMMARY FOR THE MONTH OF OCTOBER 2013...

CLIMATE NORMAL PERIOD 1981 TO 2010
CLIMATE RECORD PERIOD 1921 TO 2013

WEATHER         OBSERVED          NORMAL  DEPART
                 VALUE   DATE(S)  VALUE   FROM
                                          NORMAL
................................................
TEMPERATURE (F)
RECORD
 HIGH              89   10/01/2002
                        10/06/1963
                        10/03/1953
 LOW               19   10/21/1974
                        10/30/1966
HIGHEST            83   10/03        MM      MM
LOWEST             30   10/25        MM      MM
                        10/24
AVG. MAXIMUM     63.5              59.6     3.9
AVG. MINIMUM     41.7              39.4     2.3
MEAN             52.6              49.5     3.1
DAYS MAX >= 90      0               0.0     0.0
DAYS MAX <= 32      0               0.0     0.0
DAYS MIN <= 32      6               6.4    -0.4
DAYS MIN <= 0       0               0.0     0.0

PRECIPITATION (INCHES)
RECORD
 MAXIMUM         6.59   2001
 MINIMUM         0.33   2005
TOTALS           2.91              2.47    0.44
DAILY AVG.       0.09              0.08    0.01
DAYS >= .01        11              10.8     0.2
DAYS >= .10         7               5.7     1.3
DAYS >= .50         1               1.6    -0.6
DAYS >= 1.00        1               0.4     0.6
GREATEST
 24 HR. TOTAL    1.24   10/30 TO 10/31
 STORM TOTAL       MM
 (MM/DD(HH))            MM

SNOWFALL (INCHES)
RECORDS
 TOTAL            4.4   1989
                        0
                        0
TOTALS              T               0.4    -0.4
 LIQUID EQUIV      MM              0.00      MM
SINCE 7/1           T               0.4    -0.4
 LIQUID 7/1        MM
DAYS >= TRACE       1               0.3     0.7
DAYS >= 1.0         0               0.2    -0.2
GREATEST
 SNOW DEPTH         0   MM
 24 HR TOTAL        T   10/23 TO 10/23
 STORM TOTAL       MM
 (MM/DD(HH))            MM

DEGREE_DAYS
HEATING TOTAL     392               486     -94
 SINCE 7/1        566               696    -130
COOLING TOTAL      15                 5      10
 SINCE 1/1        758               531     227

FREEZE DATES
RECORD
 EARLIEST     MM
 LATEST       MM
EARLIEST                        MM
LATEST                          MM
.................................................

WIND (MPH)
AVERAGE WIND SPEED              7.3
HIGHEST WIND SPEED/DIRECTION    26/240    DATE  10/26
HIGHEST GUST SPEED/DIRECTION    82/090    DATE  10/11

SKY COVER
POSSIBLE SUNSHINE (PERCENT)   MM
AVERAGE SKY COVER           0.50
NUMBER OF DAYS FAIR           11
NUMBER OF DAYS PC             13
NUMBER OF DAYS CLOUDY          7

AVERAGE RH (PERCENT)     70

WEATHER CONDITIONS. NUMBER OF DAYS WITH
THUNDERSTORM              2     MIXED PRECIP               0
HEAVY RAIN                2     RAIN                       6
LIGHT RAIN               12     FREEZING RAIN              0
LT FREEZING RAIN          0     HAIL                       0
HEAVY SNOW                0     SNOW                       0
LIGHT SNOW                1     SLEET                      0
FOG                      20     FOG W/VIS <= 1/4 MILE      3
HAZE                      9

-  INDICATES NEGATIVE NUMBERS.
R  INDICATES RECORD WAS SET OR TIED.
MM INDICATES DATA IS MISSING.
T  INDICATES TRACE AMOUNT.

$$

=====================================================================
        SOUTHEAST MICHIGAN CLIMATE SUMMARY FOR OCTOBER 2013


OCTOBER 2013 MONTHLY STATISTICS AND RANKINGS
---------------------------------------------------------------------

PRECIPITATION
              ACTUAL   NORMAL*  DEPARTURE     RANKING
DETROIT AREA   3.48"    2.52"   +0.96"      32ND WETTEST
FLINT AREA     2.61"    2.47"   +0.44"      31ST WETTEST
SAGINAW        3.59"    2.63"   +0.96"      24TH WETTEST

WATER YEAR SINCE JANUARY 1

              ACTUAL   NORMAL*  DEPARTURE     RANKING
DETROIT AREA  35.66"   28.22"    +7.44"      6TH WETTEST
FLINT AREA    29.11"   26.78"    +2.33"     26TH WETTEST
SAGINAW       29.50"   26.98"    +2.52"     21ST WETTEST

     *NORMAL TO-DATE (AS OF OCTOBER 31, 2013)


AVERAGE TEMPERATURE

              ACTUAL   NORMAL  DEPARTURE     RANKING
DETROIT AREA   53.3     52.4     +0.9       52ND WARMEST
FLINT AREA     52.6     49.5     +3.1       23RD WARMEST
SAGINAW        52.0     49.7     +2.3       30TH WARMEST


AVERAGE HIGH TEMPERATURE

              ACTUAL   NORMAL  DEPARTURE     RANKING
DETROIT AREA   62.4     61.6     +0.8       54TH WARMEST
FLINT AREA     63.5     59.6     +3.9       20TH WARMEST
SAGINAW        62.0     59.3     +2.7       27TH WARMEST


AVERAGE LOW TEMPERATURE

              ACTUAL   NORMAL  DEPARTURE     RANKING
DETROIT AREA   44.3     43.3     +1.0       63RD WARMEST
FLINT AREA     41.7     39.4     +2.3       30TH WARMEST
SAGINAW        42.1     40.1     +2.0       35TH WARMEST



DETROIT AREA HAS A CLIMATE RECORD DATING TO NOVEMBER 1874
FLINT AREA HAS A CLIMATE RECORD DATING TO JANUARY 1921
SAGINAW HAS A CLIMATE RECORD DATING TO JANUARY 1912
