000
CXUS53 KDTX 281233 AAA
CLMFNT

CLIMATE REPORT
NATIONAL WEATHER SERVICE DETROIT/PONTIAC MI
1142 AM EDT THU AUG 25 2016

...................................

...THE FLINT MI CLIMATE SUMMARY FOR THE MONTH OF JULY 2016...

CLIMATE NORMAL PERIOD 1981 TO 2010
CLIMATE RECORD PERIOD 1921 TO 2016

WEATHER         OBSERVED          NORMAL  DEPART
                 VALUE   DATE(S)  VALUE   FROM
                                          NORMAL
................................................
TEMPERATURE (F)
RECORD
 HIGH             101   07/17/2012
                        07/14/1995
                        07/07/1988
 LOW               40   07/02/2001
                        07/01/1965
HIGHEST            98   07/23        MM      MM
                        07/22
LOWEST             49   07/02        MM      MM
AVG. MAXIMUM     88.2              81.9     6.3
AVG. MINIMUM     63.9              59.2     4.7
MEAN             76.0              70.5     5.5
DAYS MAX >= 90     16               2.8    13.2
DAYS MAX <= 32      0               0.0     0.0
DAYS MIN <= 32      0               0.0     0.0
DAYS MIN <= 0       0               0.0     0.0

PRECIPITATION (INCHES)
RECORD
 MAXIMUM         9.35   1992
 MINIMUM         0.73   1978
TOTALS           1.75              3.32   -1.57
DAILY AVG.       0.06              0.11   -0.05
DAYS >= .01        10               9.5     0.5
DAYS >= .10         7               5.8     1.2
DAYS >= .50         0               2.5    -2.5
DAYS >= 1.00        0               0.9    -0.9
GREATEST
 24 HR. TOTAL    0.43   07/30 TO 07/30
 STORM TOTAL       MM
 (MM/DD(HH))            MM

SNOWFALL (INCHES)
RECORDS
 TOTAL            0.0   0
                        0
                        0
TOTALS            0.0               0.0     0.0
 LIQUID EQUIV    0.00              0.00    0.00
SINCE 7/1         0.0               0.0     0.0
 LIQUID 7/1      0.00
DAYS >= TRACE       0               0.0     0.0
DAYS >= 1.0         0               0.0     0.0
GREATEST
 SNOW DEPTH         0   MM
 24 HR TOTAL      0.0   07/31 TO 07/31
 STORM TOTAL       MM
 (MM/DD(HH))            MM

DEGREE_DAYS
HEATING TOTAL       0                15     -15
 SINCE 7/1          0                15     -15
COOLING TOTAL     349               187     162
 SINCE 1/1        606               331     275

FREEZE DATES
RECORD
 EARLIEST     MM
 LATEST       MM
EARLIEST                        MM
LATEST                          MM
.................................................

WIND (MPH)
AVERAGE WIND SPEED              7.5
HIGHEST WIND SPEED/DIRECTION    33/270    DATE  07/08
HIGHEST GUST SPEED/DIRECTION    45/270    DATE  07/08

SKY COVER
POSSIBLE SUNSHINE (PERCENT)   MM
AVERAGE SKY COVER           0.30
NUMBER OF DAYS FAIR           20
NUMBER OF DAYS PC             10
NUMBER OF DAYS CLOUDY          1

AVERAGE RH (PERCENT)     61

WEATHER CONDITIONS. NUMBER OF DAYS WITH
THUNDERSTORM              9     MIXED PRECIP               0
HEAVY RAIN                5     RAIN                       7
LIGHT RAIN               12     FREEZING RAIN              0
LT FREEZING RAIN          0     HAIL                       0
HEAVY SNOW                0     SNOW                       0
LIGHT SNOW                0     SLEET                      0
FOG                       7     FOG W/VIS <= 1/4 MILE      0
HAZE                      5

-  INDICATES NEGATIVE NUMBERS.
R  INDICATES RECORD WAS SET OR TIED.
MM INDICATES DATA IS MISSING.
T  INDICATES TRACE AMOUNT.

$$
================================================================
       SOUTHEAST MICHIGAN CLIMATE SUMMARY FOR JULY 2016


JULY 2016 MONTHLY STATISTICS AND RANKINGS
-----------------------------------------------------------------
PRECIPITATION
                ACTUAL    NORMAL     DEPARTURE     RANKING
DETROIT AREA    1.57"      3.37"      -1.80"     24TH DRIEST
FLINT AREA      1.75"      3.32"      -1.57"     25TH DRIEST
SAGINAW         3.43"      2.58"      +0.85"     24TH WETTEST

WATER YEAR SINCE JANUARY 1*

                ACTUAL    NORMAL     DEPARTURE     RANKING
DETROIT AREA    15.60"    19.43"      -3.83"     20TH DRIEST
FLINT AREA      14.65"    17.38"      -2.73"     25TH DRIEST
SAGINAW         17.04"    17.21"      -0.17"     50TH WETTEST

      *NORMAL TO DATE (AS OF JULY 31, 2016)

AVERAGE TEMPERATURE
                ACTUAL    NORMAL     DEPARTURE     RANKING
DETROIT AREA     76.8      73.6       +3.2        8TH WARMEST
FLINT AREA       76.0      70.5       +5.5        8TH WARMEST
SAGINAW          73.4      71.0       +2.4       19TH WARMEST

AVERAGE HIGH TEMPERATURE
                ACTUAL    NORMAL     DEPARTURE     RANKING
DETROIT AREA     86.8      83.4       +3.4       13TH WARMEST
FLINT AREA       88.2      81.9       +6.3       12TH WARMEST
SAGINAW          83.6      81.8       +1.8       29TH WARMEST

AVERAGE LOW TEMPERATURE
                ACTUAL    NORMAL     DEPARTURE     RANKING
DETROIT AREA     66.7      63.9       +2.8       11TH WARMEST
FLINT AREA       63.9      59.2       +4.7        6TH WARMEST
SAGINAW          63.1      60.2       +2.4       12TH WARMEST


DETROIT AREA HAS A CLIMATE RECORD DATING TO NOVEMBER 1874
FLINT AREA HAS A CLIMATE RECORD DATING TO JANUARY 1921
SAGINAW HAS A CLIMATE RECORD DATING TO 1912
