000
CXUS53 KDTX 051322 CCA
CLMFNT

CLIMATE REPORT
NATIONAL WEATHER SERVICE DETROIT/PONTIAC MI
1037 AM EDT FRI JUL 1 2016

...................................

...THE FLINT MI CLIMATE SUMMARY FOR THE MONTH OF JUNE 2016...

CLIMATE NORMAL PERIOD 1981 TO 2010
CLIMATE RECORD PERIOD 1921 TO 2016

WEATHER         OBSERVED          NORMAL  DEPART
                 VALUE   DATE(S)  VALUE   FROM
                                          NORMAL
................................................
TEMPERATURE (F)
RECORD
 HIGH             101   06/25/1988
 LOW               33   06/04/1998
                        06/01/1966
HIGHEST            95   06/27        MM      MM
LOWEST             43   06/29         0      43
                        06/09
AVG. MAXIMUM     83.4              77.9     5.5
AVG. MINIMUM     56.1              55.2     0.9
MEAN             69.7              66.5     3.2
DAYS MAX >= 90      8               1.5     6.5
DAYS MAX <= 32      0               0.0     0.0
DAYS MIN <= 32      0               0.0     0.0
DAYS MIN <= 0       0               0.0     0.0

PRECIPITATION (INCHES)
RECORD
 MAXIMUM         6.57   2009
 MINIMUM         0.63   1988
TOTALS           0.67              3.07   -2.40
DAILY AVG.       0.02              0.10   -0.08
DAYS >= .01         5              10.6    -5.6
DAYS >= .10         3               6.1    -3.1
DAYS >= .50         0               2.0    -2.0
DAYS >= 1.00        0               0.6    -0.6
GREATEST
 24 HR. TOTAL    0.52   06/04 TO 06/05
 STORM TOTAL       MM
 (MM/DD(HH))            MM

SNOWFALL (INCHES)
RECORDS
 TOTAL           34.5   2009
TOTALS            0.0               0.0     0.0
 LIQUID EQUIV    0.00              0.00    0.00
SINCE 7/1        69.0              47.4    21.6
 LIQUID 7/1      6.90
DAYS >= TRACE       0               0.0     0.0
DAYS >= 1.0         0               0.0     0.0
GREATEST
 SNOW DEPTH         0   MM
 24 HR TOTAL      0.0   06/30 TO 06/30
 STORM TOTAL       MM
 (MM/DD(HH))            MM

DEGREE_DAYS
HEATING TOTAL      28                66     -38
 SINCE 7/1       5384              6953   -1569
COOLING TOTAL     178               112      66
 SINCE 1/1        257               144     113

FREEZE DATES
RECORD
 EARLIEST     MM
 LATEST       MM
EARLIEST                        MM
LATEST                          MM
.................................................

WIND (MPH)
AVERAGE WIND SPEED              7.9
HIGHEST WIND SPEED/DIRECTION    33/280    DATE  06/06
HIGHEST GUST SPEED/DIRECTION    46/300    DATE  06/05

SKY COVER
POSSIBLE SUNSHINE (PERCENT)   MM
AVERAGE SKY COVER           0.30
NUMBER OF DAYS FAIR           21
NUMBER OF DAYS PC              6
NUMBER OF DAYS CLOUDY          3

AVERAGE RH (PERCENT)     56

WEATHER CONDITIONS. NUMBER OF DAYS WITH
THUNDERSTORM              3     MIXED PRECIP               0
HEAVY RAIN                1     RAIN                       2
LIGHT RAIN                9     FREEZING RAIN              0
LT FREEZING RAIN          0     HAIL                       0
HEAVY SNOW                0     SNOW                       0
LIGHT SNOW                0     SLEET                      0
FOG                       4     FOG W/VIS <= 1/4 MILE      0
HAZE                      3

-  INDICATES NEGATIVE NUMBERS.
R  INDICATES RECORD WAS SET OR TIED.
MM INDICATES DATA IS MISSING.
T  INDICATES TRACE AMOUNT.

$$

================================================================
       SOUTHEAST MICHIGAN CLIMATE SUMMARY FOR JUNE 2016


JUNE 2016 MONTHLY STATISTICS AND RANKINGS
-----------------------------------------------------------------
PRECIPITATION
                ACTUAL    NORMAL     DEPARTURE     RANKING
DETROIT AREA    1.30"      3.52"      -2.22"     10TH DRIEST
FLINT AREA      0.67"      3.07"      -2.40"      2ND DRIEST
SAGINAW         1.77"      2.98"      -1.21"     20TH DRIEST

WATER YEAR SINCE JANUARY 1*

                ACTUAL    NORMAL     DEPARTURE     RANKING
DETROIT AREA    14.03"    16.06"      +2.03"     35TH DRIEST
FLINT AREA      12.90"    14.06"      -1.16"     28TH DRIEST
SAGINAW         13.61"    14.63"      -1.02"     55TH DREIST

      *NORMAL TO DATE (AS OF JUNE 30, 2016)

AVERAGE TEMPERATURE
                ACTUAL    NORMAL     DEPARTURE     RANKING
DETROIT AREA     71.1      69.4       +1.7       21ST WARMEST
FLINT AREA       69.7      66.5       +3.2       13TH WARMEST
SAGINAW          68.4      67.2       +1.2       35TH WARMEST

AVERAGE HIGH TEMPERATURE
                ACTUAL    NORMAL     DEPARTURE     RANKING
DETROIT AREA     82.5      79.3       +3.2       13TH WARMEST
FLINT AREA       83.4      77.9       +5.5        7TH WARMEST
SAGINAW          79.9      77.9       +2.0       36TH WARMEST

AVERAGE LOW TEMPERATURE
                ACTUAL    NORMAL     DEPARTURE     RANKING
DETROIT AREA     59.8      59.5       +0.3       50TH WARMEST
FLINT AREA       56.1      55.2       +0.9       43RD WARMEST
SAGINAW          56.9      56.5       +0.4       49TH WARMEST


DETROIT AREA HAS A CLIMATE RECORD DATING TO NOVEMBER 1874
FLINT AREA HAS A CLIMATE RECORD DATING TO JANUARY 1921
SAGINAW HAS A CLIMATE RECORD DATING TO 1912
