000
CDUS43 KGRR 220518
CLIGRR


CLIMATE REPORT
NATIONAL WEATHER SERVICE GRAND RAPIDS, MI
118 AM EDT SUN MAY 22 2016


...................................

...THE GRAND RAPIDS MI CLIMATE SUMMARY FOR MAY 21 2016...

CLIMATE NORMAL PERIOD 1981 TO 2010
CLIMATE RECORD PERIOD 1892 TO 2016


WEATHER ITEM   OBSERVED TIME   RECORD YEAR NORMAL DEPARTURE LAST
                VALUE   (LST)  VALUE       VALUE  FROM      YEAR
                                                  NORMAL
..................................................................
TEMPERATURE (F)
 YESTERDAY
  MAXIMUM         79    357 PM  91    1977  71      8       63
  MINIMUM         52    521 AM  31    1969  49      3       42
  AVERAGE         66                        60      6       53

PRECIPITATION (IN)
  YESTERDAY        0.00          2.46 2004   0.14  -0.14      T
  MONTH TO DATE    2.63                      2.68  -0.05     2.05
  SINCE MAR 1     11.49                      8.40   3.09     7.17
  SINCE JAN 1     16.42                     12.28   4.14    10.21

SNOWFALL (IN)
  YESTERDAY        0.0           T    2004   0.0    0.0      0.0
  MONTH TO DATE    T                         0.0    0.0      0.0
  SINCE MAR 1     19.5                      10.1    9.4      3.3
  SINCE JUL 1     61.1                      74.9  -13.8     78.1
  SNOW DEPTH       0

DEGREE DAYS
 HEATING
  YESTERDAY        0                         6     -6       12
  MONTH TO DATE  206                       185     21      137
  SINCE MAR 1   1519                      1613    -94     1652
  SINCE JUL 1   5596                      6390   -794     6954

 COOLING
  YESTERDAY        1                         1      0        0
  MONTH TO DATE    1                        17    -16       29
  SINCE MAR 1      1                        25    -24       29
  SINCE JAN 1      1                        25    -24       29
..................................................................


WIND (MPH)
  RESULTANT WIND SPEED   3   RESULTANT WIND DIRECTION   N (360)
  HIGHEST WIND SPEED    17   HIGHEST WIND DIRECTION    NE (60)
  HIGHEST GUST SPEED    24   HIGHEST GUST DIRECTION    NE (50)
  AVERAGE WIND SPEED     5.9


SKY COVER
  POSSIBLE SUNSHINE  88 PERCENT
  AVERAGE SKY COVER 0.4


WEATHER CONDITIONS
 THE FOLLOWING WEATHER WAS RECORDED YESTERDAY.
  NO SIGNIFICANT WEATHER WAS OBSERVED.


RELATIVE HUMIDITY (PERCENT)
 HIGHEST    77           500 AM
 LOWEST     23           400 PM
 AVERAGE    50

..........................................................


THE GRAND RAPIDS MI CLIMATE NORMALS FOR TODAY
                         NORMAL    RECORD    YEAR
 MAXIMUM TEMPERATURE (F)   71        91      1925
 MINIMUM TEMPERATURE (F)   50        34      1917


SUNRISE AND SUNSET
MAY 22 2016...........SUNRISE   612 AM EDT   SUNSET   906 PM EDT
MAY 23 2016...........SUNRISE   611 AM EDT   SUNSET   907 PM EDT


-  INDICATES NEGATIVE NUMBERS.
R  INDICATES RECORD WAS SET OR TIED.
MM INDICATES DATA IS MISSING.
T  INDICATES TRACE AMOUNT.




$$
