000
CDUS43 KGRR 290531
CLIGRR


CLIMATE REPORT
NATIONAL WEATHER SERVICE GRAND RAPIDS, MI
130 AM EDT TUE JUL 29 2014


...................................

...THE GRAND RAPIDS MI CLIMATE SUMMARY FOR JULY 28 2014...

CLIMATE NORMAL PERIOD 1981 TO 2010
CLIMATE RECORD PERIOD 1892 TO 2014


WEATHER ITEM   OBSERVED TIME   RECORD YEAR NORMAL DEPARTURE LAST
                VALUE   (LST)  VALUE       VALUE  FROM      YEAR
                                                  NORMAL
..................................................................
TEMPERATURE (F)
 YESTERDAY
  MAXIMUM         71    335 PM 100    1916  82    -11       67
  MINIMUM         54   1145 PM  46    1978  62     -8       53
  AVERAGE         63                        72     -9       60

PRECIPITATION (IN)
  YESTERDAY        0.01          1.12 1938   0.12  -0.11     0.29
  MONTH TO DATE    4.38                      3.42   0.96     2.99
  SINCE JUN 1      9.53                      7.19   2.34     7.51
  SINCE JAN 1     22.80                     20.77   2.03    30.20

SNOWFALL (IN)
  YESTERDAY        0.0           0.0  2006   0.0    0.0      0.0
                                      2005
                                      2004
  MONTH TO DATE    0.0                       0.0    0.0      0.0
  SINCE JUN 1      0.0                       0.0    0.0      0.0
  SINCE JUL 1      0.0                       0.0    0.0      0.0
  SNOW DEPTH       0

DEGREE DAYS
 HEATING
  YESTERDAY        2                         0      2        5
  MONTH TO DATE    9                         0      9       10
  SINCE JUN 1     22                        45    -23       50
  SINCE JUL 1      9                         0      9       10

 COOLING
  YESTERDAY        0                         8     -8        0
  MONTH TO DATE  119                       221   -102      255
  SINCE JUN 1    298                       366    -68      404
  SINCE JAN 1    351                       413    -62      486
..................................................................


WIND (MPH)
  RESULTANT WIND SPEED   9   RESULTANT WIND DIRECTION  NW (330)
  HIGHEST WIND SPEED    17   HIGHEST WIND DIRECTION     N (350)
  HIGHEST GUST SPEED    21   HIGHEST GUST DIRECTION     N (340)
  AVERAGE WIND SPEED     9.7


SKY COVER
  POSSIBLE SUNSHINE  60 PERCENT
  AVERAGE SKY COVER 0.5


WEATHER CONDITIONS
 THE FOLLOWING WEATHER WAS RECORDED YESTERDAY.
  LIGHT RAIN
  FOG


RELATIVE HUMIDITY (PERCENT)
 HIGHEST    93          1200 AM
 LOWEST     47           500 PM
 AVERAGE    70

..........................................................


THE GRAND RAPIDS MI CLIMATE NORMALS FOR TODAY
                         NORMAL    RECORD    YEAR
 MAXIMUM TEMPERATURE (F)   82       103      1916
 MINIMUM TEMPERATURE (F)   62        47      1971


SUNRISE AND SUNSET
JULY 29 2014..........SUNRISE   630 AM EDT   SUNSET   906 PM EDT
JULY 30 2014..........SUNRISE   631 AM EDT   SUNSET   905 PM EDT


-  INDICATES NEGATIVE NUMBERS.
R  INDICATES RECORD WAS SET OR TIED.
MM INDICATES DATA IS MISSING.
T  INDICATES TRACE AMOUNT.




$$
