000
CDUS43 KGRR 300519
CLIGRR


CLIMATE REPORT
NATIONAL WEATHER SERVICE GRAND RAPIDS, MI
1217 AM EST FRI JAN 30 2015


...................................

...THE GRAND RAPIDS MI CLIMATE SUMMARY FOR JANUARY 29 2015...

CLIMATE NORMAL PERIOD 1981 TO 2010
CLIMATE RECORD PERIOD 1892 TO 2015


WEATHER ITEM   OBSERVED TIME   RECORD YEAR NORMAL DEPARTURE LAST
                VALUE   (LST)  VALUE       VALUE  FROM      YEAR
                                                  NORMAL
..................................................................
TEMPERATURE (F)
 YESTERDAY
  MAXIMUM         33    459 PM  59    1914  31      2       19
  MINIMUM         23   1159 PM -16    1966  18      5        5
  AVERAGE         28                        24      4       12

PRECIPITATION (IN)
  YESTERDAY        0.08          1.25 2013   0.06   0.02      T
  MONTH TO DATE    1.87                      1.98  -0.11     3.37
  SINCE DEC 1      3.44                      4.48  -1.04     6.07
  SINCE JAN 1      1.87                      1.98  -0.11     3.37

SNOWFALL (IN)
  YESTERDAY        0.5           7.5  1909   0.6   -0.1      0.1
  MONTH TO DATE   23.2                      19.5    3.7     40.4
  SINCE DEC 1     24.2                      41.4  -17.2     75.1
  SINCE JUL 1     55.2                      48.7    6.5     77.3
  SNOW DEPTH       2

DEGREE DAYS
 HEATING
  YESTERDAY       37                        41     -4       53
  MONTH TO DATE 1265                      1180     85     1365
  SINCE DEC 1   2284                      2291     -7     2563
  SINCE JUL 1   3780                      3629    151     3885

 COOLING
  YESTERDAY        0                         0      0        0
  MONTH TO DATE    0                         0      0        0
  SINCE DEC 1      0                         0      0        0
  SINCE JAN 1      0                         0      0        0
..................................................................


WIND (MPH)
  RESULTANT WIND SPEED   2   RESULTANT WIND DIRECTION   N (340)
  HIGHEST WIND SPEED    26   HIGHEST WIND DIRECTION    NW (330)
  HIGHEST GUST SPEED    37   HIGHEST GUST DIRECTION    NW (330)
  AVERAGE WIND SPEED    11.3


SKY COVER
  POSSIBLE SUNSHINE   0 PERCENT
  AVERAGE SKY COVER 0.9


WEATHER CONDITIONS
 THE FOLLOWING WEATHER WAS RECORDED YESTERDAY.
  LIGHT RAIN
  LT FREEZING RAIN
  LIGHT SNOW
  FOG
  HAZE


RELATIVE HUMIDITY (PERCENT)
 HIGHEST    85           400 AM
 LOWEST     63          1200 AM
 AVERAGE    74

..........................................................


THE GRAND RAPIDS MI CLIMATE NORMALS FOR TODAY
                         NORMAL    RECORD    YEAR
 MAXIMUM TEMPERATURE (F)   31        54      2013
 MINIMUM TEMPERATURE (F)   18       -22      1951


SUNRISE AND SUNSET
JANUARY 30 2015.......SUNRISE   759 AM EST   SUNSET   552 PM EST
JANUARY 31 2015.......SUNRISE   758 AM EST   SUNSET   553 PM EST


-  INDICATES NEGATIVE NUMBERS.
R  INDICATES RECORD WAS SET OR TIED.
MM INDICATES DATA IS MISSING.
T  INDICATES TRACE AMOUNT.




$$

63
