974
CDUS43 KGRR 280532
CLIGRR


CLIMATE REPORT
NATIONAL WEATHER SERVICE GRAND RAPIDS, MI
131 AM EDT SUN AUG 28 2016


...................................

...THE GRAND RAPIDS MI CLIMATE SUMMARY FOR AUGUST 27 2016...

CLIMATE NORMAL PERIOD 1981 TO 2010
CLIMATE RECORD PERIOD 1892 TO 2016


WEATHER ITEM   OBSERVED TIME   RECORD YEAR NORMAL DEPARTURE LAST
                VALUE   (LST)  VALUE       VALUE  FROM      YEAR
                                                  NORMAL
..................................................................
TEMPERATURE (F)
 YESTERDAY
  MAXIMUM         79    552 PM  95    1953  79      0       71
                                      1948
  MINIMUM         62    137 AM  42    1915  59      3       51
  AVERAGE         71                        69      2       61

PRECIPITATION (IN)
  YESTERDAY        1.16          2.08 1921   0.12   1.04     0.00
  MONTH TO DATE    7.95                      3.10   4.85     3.54
  SINCE JUN 1     14.72                     10.65   4.07     9.80
  SINCE JAN 1     31.52                     24.23   7.29    21.43

SNOWFALL (IN)
  YESTERDAY        0.0           0.0    MM   0.0    0.0      0.0
  MONTH TO DATE    0.0                       0.0    0.0      0.0
  SINCE JUN 1      0.0                       0.0    0.0      0.0
  SINCE JUL 1      0.0                       0.0    0.0      0.0
  SNOW DEPTH       0

DEGREE DAYS
 HEATING
  YESTERDAY        0                         1     -1        4
  MONTH TO DATE    0                         5     -5       15
  SINCE JUN 1     21                        56    -35       58
  SINCE JUL 1      0                        11    -11       28

 COOLING
  YESTERDAY        6                         5      1        0
  MONTH TO DATE  237                       174     63      155
  SINCE JUN 1    723                       558    165      442
  SINCE JAN 1    794                       605    189      494
..................................................................


WIND (MPH)
  RESULTANT WIND SPEED   4   RESULTANT WIND DIRECTION   E (100)
  HIGHEST WIND SPEED    17   HIGHEST WIND DIRECTION    SE (130)
  HIGHEST GUST SPEED    21   HIGHEST GUST DIRECTION    SE (150)
  AVERAGE WIND SPEED     6.2


SKY COVER
  POSSIBLE SUNSHINE  21 PERCENT
  AVERAGE SKY COVER 0.6


WEATHER CONDITIONS
 THE FOLLOWING WEATHER WAS RECORDED YESTERDAY.
  THUNDERSTORM
  HEAVY RAIN
  RAIN
  LIGHT RAIN
  FOG


RELATIVE HUMIDITY (PERCENT)
 HIGHEST    93           900 AM
 LOWEST     74           300 PM
 AVERAGE    84

..........................................................


THE GRAND RAPIDS MI CLIMATE NORMALS FOR TODAY
                         NORMAL    RECORD    YEAR
 MAXIMUM TEMPERATURE (F)   79        94      1953
                                             1952
 MINIMUM TEMPERATURE (F)   59        41      1986


SUNRISE AND SUNSET
AUGUST 28 2016........SUNRISE   703 AM EDT   SUNSET   823 PM EDT
AUGUST 29 2016........SUNRISE   704 AM EDT   SUNSET   821 PM EDT


-  INDICATES NEGATIVE NUMBERS.
R  INDICATES RECORD WAS SET OR TIED.
MM INDICATES DATA IS MISSING.
T  INDICATES TRACE AMOUNT.




$$
