000
CDUS43 KGRR 300524
CLIGRR


CLIMATE REPORT
NATIONAL WEATHER SERVICE GRAND RAPIDS, MI
124 AM EDT TUE AUG 30 2016


...................................

...THE GRAND RAPIDS MI CLIMATE SUMMARY FOR AUGUST 29 2016...

CLIMATE NORMAL PERIOD 1981 TO 2010
CLIMATE RECORD PERIOD 1892 TO 2016


WEATHER ITEM   OBSERVED TIME   RECORD YEAR NORMAL DEPARTURE LAST
                VALUE   (LST)  VALUE       VALUE  FROM      YEAR
                                                  NORMAL
..................................................................
TEMPERATURE (F)
 YESTERDAY
  MAXIMUM         84    425 PM  95    1953  79      5       68
  MINIMUM         64    638 AM  41    1982  59      5       61
  AVERAGE         74                        69      5       65

PRECIPITATION (IN)
  YESTERDAY        0.00          1.60 1955   0.12  -0.12     0.16
  MONTH TO DATE    7.95                      3.34   4.61     3.73
  SINCE JUN 1     14.72                     10.89   3.83     9.99
  SINCE JAN 1     31.52                     24.47   7.05    21.62

SNOWFALL (IN)
  YESTERDAY        0.0           0.0    MM   0.0    0.0      0.0
  MONTH TO DATE    0.0                       0.0    0.0      0.0
  SINCE JUN 1      0.0                       0.0    0.0      0.0
  SINCE JUL 1      0.0                       0.0    0.0      0.0
  SNOW DEPTH       0

DEGREE DAYS
 HEATING
  YESTERDAY        0                         1     -1        0
  MONTH TO DATE    0                         7     -7       16
  SINCE JUN 1     21                        58    -37       59
  SINCE JUL 1      0                        13    -13       29

 COOLING
  YESTERDAY        9                         5      4        0
  MONTH TO DATE  258                       184     74      155
  SINCE JUN 1    744                       568    176      442
  SINCE JAN 1    815                       615    200      494
..................................................................


WIND (MPH)
  RESULTANT WIND SPEED   3   RESULTANT WIND DIRECTION   E (100)
  HIGHEST WIND SPEED    12   HIGHEST WIND DIRECTION     E (100)
  HIGHEST GUST SPEED    14   HIGHEST GUST DIRECTION    SE (120)
  AVERAGE WIND SPEED     4.2


SKY COVER
  POSSIBLE SUNSHINE  89 PERCENT
  AVERAGE SKY COVER 0.4


WEATHER CONDITIONS
 THE FOLLOWING WEATHER WAS RECORDED YESTERDAY.
  HAZE


RELATIVE HUMIDITY (PERCENT)
 HIGHEST    93           200 AM
 LOWEST     55           300 PM
 AVERAGE    74

..........................................................


THE GRAND RAPIDS MI CLIMATE NORMALS FOR TODAY
                         NORMAL    RECORD    YEAR
 MAXIMUM TEMPERATURE (F)   79        95      1899
 MINIMUM TEMPERATURE (F)   59        39      1976


SUNRISE AND SUNSET
AUGUST 30 2016........SUNRISE   705 AM EDT   SUNSET   819 PM EDT
AUGUST 31 2016........SUNRISE   706 AM EDT   SUNSET   817 PM EDT


-  INDICATES NEGATIVE NUMBERS.
R  INDICATES RECORD WAS SET OR TIED.
MM INDICATES DATA IS MISSING.
T  INDICATES TRACE AMOUNT.




$$
