000
CDUS43 KGRR 250521
CLIGRR


CLIMATE REPORT
NATIONAL WEATHER SERVICE GRAND RAPIDS, MI
121 AM EDT THU AUG 25 2016


...................................

...THE GRAND RAPIDS MI CLIMATE SUMMARY FOR AUGUST 24 2016...

CLIMATE NORMAL PERIOD 1981 TO 2010
CLIMATE RECORD PERIOD 1892 TO 2016


WEATHER ITEM   OBSERVED TIME   RECORD YEAR NORMAL DEPARTURE LAST
                VALUE   (LST)  VALUE       VALUE  FROM      YEAR
                                                  NORMAL
..................................................................
TEMPERATURE (F)
 YESTERDAY
  MAXIMUM         82    401 PM  98    1948  80      2       71
                                      1947
  MINIMUM         62    205 AM  40    1946  60      2       58
                                      1942
  AVERAGE         72                        70      2       65

PRECIPITATION (IN)
  YESTERDAY        0.02          1.56 1993   0.11  -0.09      T
  MONTH TO DATE    6.57                      2.75   3.82     3.49
  SINCE JUN 1     13.34                     10.30   3.04     9.75
  SINCE JAN 1     30.14                     23.88   6.26    21.38

SNOWFALL (IN)
  YESTERDAY        0.0           0.0    MM   0.0    0.0      0.0
  MONTH TO DATE    0.0                       0.0    0.0      0.0
  SINCE JUN 1      0.0                       0.0    0.0      0.0
  SINCE JUL 1      0.0                       0.0    0.0      0.0
  SNOW DEPTH       0

DEGREE DAYS
 HEATING
  YESTERDAY        0                         1     -1        0
  MONTH TO DATE    0                         2     -2        1
  SINCE JUN 1     21                        53    -32       44
  SINCE JUL 1      0                         8     -8       14

 COOLING
  YESTERDAY        7                         6      1        0
  MONTH TO DATE  216                       159     57      155
  SINCE JUN 1    702                       543    159      442
  SINCE JAN 1    773                       590    183      494
..................................................................


WIND (MPH)
  RESULTANT WIND SPEED   8   RESULTANT WIND DIRECTION   S (200)
  HIGHEST WIND SPEED    20   HIGHEST WIND DIRECTION    SW (210)
  HIGHEST GUST SPEED    24   HIGHEST GUST DIRECTION     S (200)
  AVERAGE WIND SPEED     9.6


SKY COVER
  POSSIBLE SUNSHINE  69 PERCENT
  AVERAGE SKY COVER 0.7


WEATHER CONDITIONS
 THE FOLLOWING WEATHER WAS RECORDED YESTERDAY.
  LIGHT RAIN
  FOG


RELATIVE HUMIDITY (PERCENT)
 HIGHEST    93          1100 PM
 LOWEST     69           200 PM
 AVERAGE    81

..........................................................


THE GRAND RAPIDS MI CLIMATE NORMALS FOR TODAY
                         NORMAL    RECORD    YEAR
 MAXIMUM TEMPERATURE (F)   80        94      1959
                                             1948
 MINIMUM TEMPERATURE (F)   60        41      1942


SUNRISE AND SUNSET
AUGUST 25 2016........SUNRISE   700 AM EDT   SUNSET   828 PM EDT
AUGUST 26 2016........SUNRISE   701 AM EDT   SUNSET   826 PM EDT


-  INDICATES NEGATIVE NUMBERS.
R  INDICATES RECORD WAS SET OR TIED.
MM INDICATES DATA IS MISSING.
T  INDICATES TRACE AMOUNT.




$$
