000
CDUS43 KGRR 140521
CLIGRR


CLIMATE REPORT
NATIONAL WEATHER SERVICE GRAND RAPIDS, MI
1221 AM EST TUE NOV 14 2017


...................................

...THE GRAND RAPIDS MI CLIMATE SUMMARY FOR NOVEMBER 13 2017...

CLIMATE NORMAL PERIOD 1981 TO 2010
CLIMATE RECORD PERIOD 1892 TO 2017


WEATHER ITEM   OBSERVED TIME   RECORD YEAR NORMAL DEPARTURE LAST
                VALUE   (LST)  VALUE       VALUE  FROM      YEAR
                                                  NORMAL
..................................................................
TEMPERATURE (F)
 YESTERDAY
  MAXIMUM         45    123 PM  70    1989  49     -4       57
  MINIMUM         30   1128 PM  10    1986  34     -4       36
  AVERAGE         38                        41     -3       47

PRECIPITATION (IN)
  YESTERDAY        0.00          1.79 1951   0.12  -0.12     0.00
  MONTH TO DATE    0.86                      1.55  -0.69     1.35
  SINCE SEP 1     11.21                      9.09   2.12     9.90
  SINCE JAN 1     35.53                     33.81   1.72    41.44

SNOWFALL (IN)
  YESTERDAY        0.0           3.2  1959   0.2   -0.2      0.0
  MONTH TO DATE    0.2                       1.7   -1.5      0.0
  SINCE SEP 1      0.6                       2.2   -1.6      0.0
  SINCE JUL 1      0.6                       2.2   -1.6      0.0
  SNOW DEPTH       0

DEGREE DAYS
 HEATING
  YESTERDAY       27                        24      3       18
  MONTH TO DATE  348                       279     69      185
  SINCE SEP 1    739                       851   -112      553
  SINCE JUL 1    755                       871   -116      553

 COOLING
  YESTERDAY        0                         0      0        0
  MONTH TO DATE    0                         0      0        0
  SINCE SEP 1    147                        74     73      105
  SINCE JAN 1    719                       699     20      936
..................................................................


WIND (MPH)
  RESULTANT WIND SPEED   5   RESULTANT WIND DIRECTION   W (250)
  HIGHEST WIND SPEED    20   HIGHEST WIND DIRECTION     W (270)
  HIGHEST GUST SPEED    25   HIGHEST GUST DIRECTION     W (270)
  AVERAGE WIND SPEED     5.8


SKY COVER
  POSSIBLE SUNSHINE  12 PERCENT
  AVERAGE SKY COVER 0.9


WEATHER CONDITIONS
 THE FOLLOWING WEATHER WAS RECORDED YESTERDAY.
  FOG


RELATIVE HUMIDITY (PERCENT)
 HIGHEST   100          1200 AM
 LOWEST     70           200 PM
 AVERAGE    85

..........................................................


THE GRAND RAPIDS MI CLIMATE NORMALS FOR TODAY
                         NORMAL    RECORD    YEAR
 MAXIMUM TEMPERATURE (F)   48        68      1902
 MINIMUM TEMPERATURE (F)   34        13      1969


SUNRISE AND SUNSET
NOVEMBER 14 2017......SUNRISE   733 AM EST   SUNSET   519 PM EST
NOVEMBER 15 2017......SUNRISE   734 AM EST   SUNSET   519 PM EST


-  INDICATES NEGATIVE NUMBERS.
R  INDICATES RECORD WAS SET OR TIED.
MM INDICATES DATA IS MISSING.
T  INDICATES TRACE AMOUNT.




$$
