000
CDUS43 KGRR 260532
CLIGRR


CLIMATE REPORT
NATIONAL WEATHER SERVICE GRAND RAPIDS, MI
131 AM EDT TUE AUG 26 2014


...................................

...THE GRAND RAPIDS MI CLIMATE SUMMARY FOR AUGUST 25 2014...

CLIMATE NORMAL PERIOD 1981 TO 2010
CLIMATE RECORD PERIOD 1892 TO 2014


WEATHER ITEM   OBSERVED TIME   RECORD YEAR NORMAL DEPARTURE LAST
                VALUE   (LST)  VALUE       VALUE  FROM      YEAR
                                                  NORMAL
..................................................................
TEMPERATURE (F)
 YESTERDAY
  MAXIMUM         85   1214 PM  94    1959  80      5       89
                                      1948
  MINIMUM         68    635 AM  41    1942  60      8       61
  AVERAGE         77                        70      7       75

PRECIPITATION (IN)
  YESTERDAY        0.11          2.02 1940   0.11   0.00     0.00
  MONTH TO DATE    2.94                      2.86   0.08     1.00
  SINCE JUN 1     12.51                     10.41   2.10     8.73
  SINCE JAN 1     25.78                     23.99   1.79    31.42

SNOWFALL (IN)
  YESTERDAY        0.0           0.0    MM   0.0    0.0      0.0
  MONTH TO DATE    0.0                       0.0    0.0      0.0
  SINCE JUN 1      0.0                       0.0    0.0      0.0
  SINCE JUL 1      0.0                       0.0    0.0      0.0
  SNOW DEPTH       0

DEGREE DAYS
 HEATING
  YESTERDAY        0                         1     -1        0
  MONTH TO DATE    9                         3      6       15
  SINCE JUN 1     31                        54    -23       66
  SINCE JUL 1     18                         9      9       26

 COOLING
  YESTERDAY       12                         5      7       10
  MONTH TO DATE  166                       164      2      107
  SINCE JUN 1    469                       548    -79      514
  SINCE JAN 1    522                       595    -73      596
..................................................................


WIND (MPH)
  RESULTANT WIND SPEED   4   RESULTANT WIND DIRECTION   S (160)
  HIGHEST WIND SPEED    14   HIGHEST WIND DIRECTION     S (170)
  HIGHEST GUST SPEED    17   HIGHEST GUST DIRECTION    NW (330)
  AVERAGE WIND SPEED     6.0


SKY COVER
  POSSIBLE SUNSHINE  48 PERCENT
  AVERAGE SKY COVER 0.6


WEATHER CONDITIONS
 THE FOLLOWING WEATHER WAS RECORDED YESTERDAY.
  THUNDERSTORM
  HEAVY RAIN
  LIGHT RAIN
  FOG


RELATIVE HUMIDITY (PERCENT)
 HIGHEST   100           100 AM
 LOWEST     79           600 PM
 AVERAGE    90

..........................................................


THE GRAND RAPIDS MI CLIMATE NORMALS FOR TODAY
                         NORMAL    RECORD    YEAR
 MAXIMUM TEMPERATURE (F)   80        95      1973
                                             1948
 MINIMUM TEMPERATURE (F)   60        42      1945


SUNRISE AND SUNSET
AUGUST 26 2014........SUNRISE   700 AM EDT   SUNSET   827 PM EDT
AUGUST 27 2014........SUNRISE   701 AM EDT   SUNSET   825 PM EDT


-  INDICATES NEGATIVE NUMBERS.
R  INDICATES RECORD WAS SET OR TIED.
MM INDICATES DATA IS MISSING.
T  INDICATES TRACE AMOUNT.




$$
