000
CDUS43 KGRR 250524
CLIGRR


CLIMATE REPORT
NATIONAL WEATHER SERVICE GRAND RAPIDS, MI
124 AM EDT MON APR 25 2016


...................................

...THE GRAND RAPIDS MI CLIMATE SUMMARY FOR APRIL 24 2016...

CLIMATE NORMAL PERIOD 1981 TO 2010
CLIMATE RECORD PERIOD 1892 TO 2016


WEATHER ITEM   OBSERVED TIME   RECORD YEAR NORMAL DEPARTURE LAST
                VALUE   (LST)  VALUE       VALUE  FROM      YEAR
                                                  NORMAL
..................................................................
TEMPERATURE (F)
 YESTERDAY
  MAXIMUM         71    323 PM  86    1915  62      9       58
  MINIMUM         40    607 AM  25    2015  41     -1       25
  AVERAGE         56                        51      5       42

PRECIPITATION (IN)
  YESTERDAY        0.00          1.46 1957   0.11  -0.11      T
  MONTH TO DATE    2.34                      2.66  -0.32     4.07
  SINCE MAR 1      7.28                      5.03   2.25     5.12
  SINCE JAN 1     12.21                      8.91   3.30     8.16

SNOWFALL (IN)
  YESTERDAY        0.0           2.4  1980   0.1   -0.1      0.0
  MONTH TO DATE    9.4                       1.8    7.6      0.1
  SINCE MAR 1     19.5                      10.1    9.4      3.3
  SINCE JUL 1     61.1                      74.9  -13.8     78.1
  SNOW DEPTH       0

DEGREE DAYS
 HEATING
  YESTERDAY        9                        14     -5       23
  MONTH TO DATE  469                       441     28      420
  SINCE MAR 1   1218                      1351   -133     1424
  SINCE JUL 1   5295                      6128   -833     6726

 COOLING
  YESTERDAY        0                         0      0        0
  MONTH TO DATE    0                         0      0        0
  SINCE MAR 1      0                         1     -1        0
  SINCE JAN 1      0                         1     -1        0
..................................................................


WIND (MPH)
  RESULTANT WIND SPEED   7   RESULTANT WIND DIRECTION  SE (140)
  HIGHEST WIND SPEED    16   HIGHEST WIND DIRECTION     E (100)
  HIGHEST GUST SPEED    19   HIGHEST GUST DIRECTION     S (180)
  AVERAGE WIND SPEED     9.1


SKY COVER
  POSSIBLE SUNSHINE  67 PERCENT
  AVERAGE SKY COVER 0.5


WEATHER CONDITIONS
 THE FOLLOWING WEATHER WAS RECORDED YESTERDAY.
  NO SIGNIFICANT WEATHER WAS OBSERVED.


RELATIVE HUMIDITY (PERCENT)
 HIGHEST    76           600 AM
 LOWEST     34          1200 PM
 AVERAGE    55

..........................................................


THE GRAND RAPIDS MI CLIMATE NORMALS FOR TODAY
                         NORMAL    RECORD    YEAR
 MAXIMUM TEMPERATURE (F)   62        86      1915
 MINIMUM TEMPERATURE (F)   41        22      1967


SUNRISE AND SUNSET
APRIL 25 2016.........SUNRISE   644 AM EDT   SUNSET   837 PM EDT
APRIL 26 2016.........SUNRISE   643 AM EDT   SUNSET   838 PM EDT


-  INDICATES NEGATIVE NUMBERS.
R  INDICATES RECORD WAS SET OR TIED.
MM INDICATES DATA IS MISSING.
T  INDICATES TRACE AMOUNT.




$$
