000
CDUS43 KGRR 150528
CLIGRR


CLIMATE REPORT
NATIONAL WEATHER SERVICE GRAND RAPIDS, MI
1228 AM EST WED NOV 15 2017


...................................

...THE GRAND RAPIDS MI CLIMATE SUMMARY FOR NOVEMBER 14 2017...

CLIMATE NORMAL PERIOD 1981 TO 2010
CLIMATE RECORD PERIOD 1892 TO 2017


WEATHER ITEM   OBSERVED TIME   RECORD YEAR NORMAL DEPARTURE LAST
                VALUE   (LST)  VALUE       VALUE  FROM      YEAR
                                                  NORMAL
..................................................................
TEMPERATURE (F)
 YESTERDAY
  MAXIMUM         48    324 PM  68    1902  48      0       60
  MINIMUM         31    821 AM  13    1969  34     -3       41
  AVERAGE         40                        41     -1       51

PRECIPITATION (IN)
  YESTERDAY        T             1.41 1957   0.13  -0.13     0.00
  MONTH TO DATE    0.86                      1.68  -0.82     1.35
  SINCE SEP 1     11.21                      9.22   1.99     9.90
  SINCE JAN 1     35.53                     33.94   1.59    41.44

SNOWFALL (IN)
  YESTERDAY        0.0           4.5  1974   0.2   -0.2      0.0
  MONTH TO DATE    0.2                       1.9   -1.7      0.0
  SINCE SEP 1      0.6                       2.4   -1.8      0.0
  SINCE JUL 1      0.6                       2.4   -1.8      0.0
  SNOW DEPTH       0

DEGREE DAYS
 HEATING
  YESTERDAY       25                        24      1       14
  MONTH TO DATE  373                       303     70      199
  SINCE SEP 1    764                       875   -111      567
  SINCE JUL 1    780                       895   -115      567

 COOLING
  YESTERDAY        0                         0      0        0
  MONTH TO DATE    0                         0      0        0
  SINCE SEP 1    147                        74     73      105
  SINCE JAN 1    719                       699     20      936
..................................................................


WIND (MPH)
  RESULTANT WIND SPEED   8   RESULTANT WIND DIRECTION   S (180)
  HIGHEST WIND SPEED    16   HIGHEST WIND DIRECTION     S (170)
  HIGHEST GUST SPEED    20   HIGHEST GUST DIRECTION     S (160)
  AVERAGE WIND SPEED     8.3


SKY COVER
  POSSIBLE SUNSHINE  81 PERCENT
  AVERAGE SKY COVER 0.8


WEATHER CONDITIONS
 THE FOLLOWING WEATHER WAS RECORDED YESTERDAY.
  FOG
  HAZE


RELATIVE HUMIDITY (PERCENT)
 HIGHEST   100           100 AM
 LOWEST     65           300 PM
 AVERAGE    83

..........................................................


THE GRAND RAPIDS MI CLIMATE NORMALS FOR TODAY
                         NORMAL    RECORD    YEAR
 MAXIMUM TEMPERATURE (F)   48        68      1990
 MINIMUM TEMPERATURE (F)   33        10      1933


SUNRISE AND SUNSET
NOVEMBER 15 2017......SUNRISE   734 AM EST   SUNSET   519 PM EST
NOVEMBER 16 2017......SUNRISE   736 AM EST   SUNSET   518 PM EST


-  INDICATES NEGATIVE NUMBERS.
R  INDICATES RECORD WAS SET OR TIED.
MM INDICATES DATA IS MISSING.
T  INDICATES TRACE AMOUNT.




$$
