000
CDUS43 KGRR 280515
CLIGRR


CLIMATE REPORT
NATIONAL WEATHER SERVICE GRAND RAPIDS, MI
1212 AM EST WED JAN 28 2015


...................................

...THE GRAND RAPIDS MI CLIMATE SUMMARY FOR JANUARY 27 2015...

CLIMATE NORMAL PERIOD 1981 TO 2010
CLIMATE RECORD PERIOD 1892 TO 2015


WEATHER ITEM   OBSERVED TIME   RECORD YEAR NORMAL DEPARTURE LAST
                VALUE   (LST)  VALUE       VALUE  FROM      YEAR
                                                  NORMAL
..................................................................
TEMPERATURE (F)
 YESTERDAY
  MAXIMUM         29    412 PM  62    1916  31     -2       16
  MINIMUM         13   1159 PM -12    2003  18     -5       -2
  AVERAGE         21                        24     -3        7

PRECIPITATION (IN)
  YESTERDAY        0.00          0.76 1994   0.06  -0.06     0.15
  MONTH TO DATE    1.79                      1.86  -0.07     3.25
  SINCE DEC 1      3.36                      4.36  -1.00     5.95
  SINCE JAN 1      1.79                      1.86  -0.07     3.25

SNOWFALL (IN)
  YESTERDAY        0.0          12.2  1967   0.6   -0.6      2.6
  MONTH TO DATE   22.7                      18.3    4.4     38.1
  SINCE DEC 1     23.7                      40.2  -16.5     72.8
  SINCE JUL 1     54.7                      47.5    7.2     75.0
  SNOW DEPTH       3

DEGREE DAYS
 HEATING
  YESTERDAY       44                        41      3       58
  MONTH TO DATE 1184                      1098     86     1247
  SINCE DEC 1   2203                      2209     -6     2445
  SINCE JUL 1   3699                      3547    152     3767

 COOLING
  YESTERDAY        0                         0      0        0
  MONTH TO DATE    0                         0      0        0
  SINCE DEC 1      0                         0      0        0
  SINCE JAN 1      0                         0      0        0
..................................................................


WIND (MPH)
  RESULTANT WIND SPEED   5   RESULTANT WIND DIRECTION  NE (60)
  HIGHEST WIND SPEED    13   HIGHEST WIND DIRECTION    NE (60)
  HIGHEST GUST SPEED    16   HIGHEST GUST DIRECTION    NE (60)
  AVERAGE WIND SPEED     5.1


SKY COVER
  POSSIBLE SUNSHINE  82
  AVERAGE SKY COVER 0.4


WEATHER CONDITIONS
 THE FOLLOWING WEATHER WAS RECORDED YESTERDAY.
  NO SIGNIFICANT WEATHER WAS OBSERVED.


RELATIVE HUMIDITY (PERCENT)
 HIGHEST    80           300 AM
 LOWEST     45           700 PM
 AVERAGE    63

..........................................................


THE GRAND RAPIDS MI CLIMATE NORMALS FOR TODAY
                         NORMAL    RECORD    YEAR
 MAXIMUM TEMPERATURE (F)   31        53      2002
                                             1914
 MINIMUM TEMPERATURE (F)   18        -9      2014


SUNRISE AND SUNSET
JANUARY 28 2015.......SUNRISE   801 AM EST   SUNSET   549 PM EST
JANUARY 29 2015.......SUNRISE   800 AM EST   SUNSET   551 PM EST


-  INDICATES NEGATIVE NUMBERS.
R  INDICATES RECORD WAS SET OR TIED.
MM INDICATES DATA IS MISSING.
T  INDICATES TRACE AMOUNT.




$$

63
