000
CDUS43 KGRR 190517
CLIGRR


CLIMATE REPORT
NATIONAL WEATHER SERVICE GRAND RAPIDS, MI
117 AM EDT MON SEP 19 2016


...................................

...THE GRAND RAPIDS MI CLIMATE SUMMARY FOR SEPTEMBER 18 2016...

CLIMATE NORMAL PERIOD 1981 TO 2010
CLIMATE RECORD PERIOD 1892 TO 2016


WEATHER ITEM   OBSERVED TIME   RECORD YEAR NORMAL DEPARTURE LAST
                VALUE   (LST)  VALUE       VALUE  FROM      YEAR
                                                  NORMAL
..................................................................
TEMPERATURE (F)
 YESTERDAY
  MAXIMUM         76    415 PM  94    1906  72      4       80
  MINIMUM         56   1159 PM  35    1973  52      4       66
  AVERAGE         66                        62      4       73

PRECIPITATION (IN)
  YESTERDAY        0.00          0.86 1911   0.16  -0.16     0.46
  MONTH TO DATE    1.19                      2.54  -1.35     2.19
  SINCE SEP 1      1.19                      2.54  -1.35     2.19
  SINCE JAN 1     32.73                     27.26   5.47    23.83

SNOWFALL (IN)
  YESTERDAY        0.0           0.0    MM   0.0    0.0      0.0
  MONTH TO DATE    0.0                       0.0    0.0      0.0
  SINCE SEP 1      0.0                       0.0    0.0      0.0
  SINCE JUL 1      0.0                       0.0    0.0      0.0
  SNOW DEPTH       0

DEGREE DAYS
 HEATING
  YESTERDAY        0                         5     -5        0
  MONTH TO DATE    6                        49    -43       25
  SINCE SEP 1      6                        49    -43       25
  SINCE JUL 1      6                        69    -63       54

 COOLING
  YESTERDAY        1                         2     -1        8
  MONTH TO DATE   74                        53     21      118
  SINCE SEP 1     74                        53     21      118
  SINCE JAN 1    905                       678    227      625
..................................................................


WIND (MPH)
  RESULTANT WIND SPEED   4   RESULTANT WIND DIRECTION  SW (240)
  HIGHEST WIND SPEED    14   HIGHEST WIND DIRECTION     W (250)
  HIGHEST GUST SPEED    17   HIGHEST GUST DIRECTION     W (270)
  AVERAGE WIND SPEED     5.3


SKY COVER
  POSSIBLE SUNSHINE  79 PERCENT
  AVERAGE SKY COVER 0.3


WEATHER CONDITIONS
 THE FOLLOWING WEATHER WAS RECORDED YESTERDAY.
  FOG
  HAZE


RELATIVE HUMIDITY (PERCENT)
 HIGHEST    93           600 AM
 LOWEST     50           500 PM
 AVERAGE    72

..........................................................


THE GRAND RAPIDS MI CLIMATE NORMALS FOR TODAY
                         NORMAL    RECORD    YEAR
 MAXIMUM TEMPERATURE (F)   72        91      1908
 MINIMUM TEMPERATURE (F)   51        36      1979
                                             1929
                                             1902


SUNRISE AND SUNSET
SEPTEMBER 19 2016.....SUNRISE   727 AM EDT   SUNSET   744 PM EDT
SEPTEMBER 20 2016.....SUNRISE   728 AM EDT   SUNSET   742 PM EDT


-  INDICATES NEGATIVE NUMBERS.
R  INDICATES RECORD WAS SET OR TIED.
MM INDICATES DATA IS MISSING.
T  INDICATES TRACE AMOUNT.




$$
