000
CDUS43 KGRR 270515
CLIGRR


CLIMATE REPORT
NATIONAL WEATHER SERVICE GRAND RAPIDS, MI
114 AM EDT SAT JUN 27 2015


...................................

...THE GRAND RAPIDS MI CLIMATE SUMMARY FOR JUNE 26 2015...

CLIMATE NORMAL PERIOD 1981 TO 2010
CLIMATE RECORD PERIOD 1892 TO 2015


WEATHER ITEM   OBSERVED TIME   RECORD YEAR NORMAL DEPARTURE LAST
                VALUE   (LST)  VALUE       VALUE  FROM      YEAR
                                                  NORMAL
..................................................................
TEMPERATURE (F)
 YESTERDAY
  MAXIMUM         78    247 PM  94    1941  82     -4       80
  MINIMUM         59    527 AM  43    1902  61     -2       61
  AVERAGE         69                        71     -2       71

PRECIPITATION (IN)
  YESTERDAY        0.00          2.78 1909   0.13  -0.13     0.00
  MONTH TO DATE    3.64                      3.30   0.34     4.65
  SINCE JUN 1      3.64                      3.30   0.34     4.65
  SINCE JAN 1     15.27                     16.88  -1.61    17.92

SNOWFALL (IN)
  YESTERDAY        0.0           0.0  2007   0.0    0.0      0.0
                                      2006
                                      2005
  MONTH TO DATE    0.0                       0.0    0.0      0.0
  SINCE JUN 1      0.0                       0.0    0.0      0.0
  SINCE JUL 1     78.1                      74.9    3.2    116.0
  SNOW DEPTH       0

DEGREE DAYS
 HEATING
  YESTERDAY        0                         0      0        0
  MONTH TO DATE   30                        44    -14       13
  SINCE JUN 1     30                        44    -14       13
  SINCE JUL 1   7019                      6484    535     7213

 COOLING
  YESTERDAY        4                         7     -3        6
  MONTH TO DATE   83                       119    -36      130
  SINCE JUN 1     83                       119    -36      130
  SINCE JAN 1    135                       166    -31      183
..................................................................


WIND (MPH)
  RESULTANT WIND SPEED   9   RESULTANT WIND DIRECTION   E (80)
  HIGHEST WIND SPEED    18   HIGHEST WIND DIRECTION     E (110)
  HIGHEST GUST SPEED    24   HIGHEST GUST DIRECTION    NE (60)
  AVERAGE WIND SPEED     9.7


SKY COVER
  POSSIBLE SUNSHINE  51 PERCENT
  AVERAGE SKY COVER 0.7


WEATHER CONDITIONS
 THE FOLLOWING WEATHER WAS RECORDED YESTERDAY.
  FOG


RELATIVE HUMIDITY (PERCENT)
 HIGHEST    97           200 AM
 LOWEST     53           900 PM
 AVERAGE    75

..........................................................


THE GRAND RAPIDS MI CLIMATE NORMALS FOR TODAY
                         NORMAL    RECORD    YEAR
 MAXIMUM TEMPERATURE (F)   82        97      1944
                                             1933
 MINIMUM TEMPERATURE (F)   61        45      1905
                                             1902


SUNRISE AND SUNSET
JUNE 27 2015..........SUNRISE   605 AM EDT   SUNSET   925 PM EDT
JUNE 28 2015..........SUNRISE   606 AM EDT   SUNSET   925 PM EDT


-  INDICATES NEGATIVE NUMBERS.
R  INDICATES RECORD WAS SET OR TIED.
MM INDICATES DATA IS MISSING.
T  INDICATES TRACE AMOUNT.




$$
