000
CDUS43 KGRR 302128
CLIGRR


CLIMATE REPORT
NATIONAL WEATHER SERVICE GRAND RAPIDS, MI
528 PM EDT SAT MAY 30 2015


...................................

...THE GRAND RAPIDS MI CLIMATE SUMMARY FOR MAY 30 2015...
VALID TODAY AS OF 0500 PM LOCAL TIME.

CLIMATE NORMAL PERIOD 1981 TO 2010
CLIMATE RECORD PERIOD 1892 TO 2015


WEATHER ITEM   OBSERVED TIME   RECORD YEAR NORMAL DEPARTURE LAST
                VALUE   (LST)  VALUE       VALUE  FROM      YEAR
                                                  NORMAL
..................................................................
TEMPERATURE (F)
 TODAY
  MAXIMUM         70    101 PM  92    1919  74     -4       85
  MINIMUM         56    359 PM  34    1996  53      3       54
                                      1965
  AVERAGE         63                        63      0       70

PRECIPITATION (IN)
  TODAY            0.17          1.91 1989   0.12   0.05     0.00
  MONTH TO DATE    3.07                      3.85  -0.78     3.31
  SINCE MAR 1      8.19                      9.57  -1.38     7.47
  SINCE JAN 1     11.23                     13.45  -2.22    13.27

SNOWFALL (IN)
  TODAY            0.0           0.0  2007   0.0    0.0      0.0
  MONTH TO DATE    0.0                       0.0    0.0      0.0
  SINCE MAR 1      3.3                      10.1   -6.8      8.2
  SINCE JUL 1     78.1                      74.9    3.2    116.0
  SNOW DEPTH       0

DEGREE DAYS
 HEATING
  TODAY            2                         4     -2        0
  MONTH TO DATE  155                       231    -76      219
  SINCE MAR 1   1670                      1659     11     1919
  SINCE JUL 1   6972                      6436    536     7200

 COOLING
  TODAY            0                         2     -2        5
  MONTH TO DATE   52                        35     17       42
  SINCE MAR 1     52                        43      9       44
  SINCE JAN 1     52                        43      9       44
..................................................................


WIND (MPH)
  RESULTANT WIND SPEED   6   RESULTANT WIND DIRECTION  SW (240)
  HIGHEST WIND SPEED    22   HIGHEST WIND DIRECTION     N (10)
  HIGHEST GUST SPEED    27   HIGHEST GUST DIRECTION     N (360)
  AVERAGE WIND SPEED     8.4


SKY COVER
  AVERAGE SKY COVER 0.8


WEATHER CONDITIONS
 THE FOLLOWING WEATHER WAS RECORDED TODAY.
  RAIN
  LIGHT RAIN
  FOG


RELATIVE HUMIDITY (PERCENT)
 HIGHEST   100           200 PM
 LOWEST     87           500 AM
 AVERAGE    94

..........................................................


THE GRAND RAPIDS MI CLIMATE NORMALS FOR TOMORROW
                         NORMAL    RECORD    YEAR
 MAXIMUM TEMPERATURE (F)   74        95      1934
 MINIMUM TEMPERATURE (F)   53        36      1966


SUNRISE AND SUNSET
MAY 30 2015...........SUNRISE   607 AM EDT   SUNSET   912 PM EDT
MAY 31 2015...........SUNRISE   607 AM EDT   SUNSET   913 PM EDT


-  INDICATES NEGATIVE NUMBERS.
R  INDICATES RECORD WAS SET OR TIED.
MM INDICATES DATA IS MISSING.
T  INDICATES TRACE AMOUNT.




$$
