000
CDUS43 KGRR 130517
CLIGRR


CLIMATE REPORT
NATIONAL WEATHER SERVICE GRAND RAPIDS, MI
116 AM EDT SUN APR 13 2014


...................................

...THE GRAND RAPIDS MI CLIMATE SUMMARY FOR APRIL 12 2014...

CLIMATE NORMAL PERIOD 1981 TO 2010
CLIMATE RECORD PERIOD 1892 TO 2014


WEATHER ITEM   OBSERVED TIME   RECORD YEAR NORMAL DEPARTURE LAST
                VALUE   (LST)  VALUE       VALUE  FROM      YEAR
                                                  NORMAL
..................................................................
TEMPERATURE (F)
 YESTERDAY
  MAXIMUM         71   1126 AM  82    1977  57     14       42
  MINIMUM         39    158 AM  19    1950  37      2       34
                                      1939
  AVERAGE         55                        47      8       38

PRECIPITATION (IN)
  YESTERDAY        0.10          1.10 1994   0.12  -0.02     0.28
  MONTH TO DATE    0.66                      1.30  -0.64     3.96
  SINCE MAR 1      2.20                      3.67  -1.47     4.90
  SINCE JAN 1      8.00                      7.55   0.45    11.96

SNOWFALL (IN)
  YESTERDAY        0.0           1.2  1989   0.0    0.0      0.0
  MONTH TO DATE    T                         1.2   -1.2       T
  SINCE MAR 1      6.4                       9.5   -3.1      7.7
  SINCE JUL 1    114.2                      74.3   39.9     65.3
  SNOW DEPTH       0

DEGREE DAYS
 HEATING
  YESTERDAY       10                        18     -8       27
  MONTH TO DATE  242                       248     -6      307
  SINCE MAR 1   1425                      1158    267     1335
  SINCE JUL 1   6706                      5935    771     5820

 COOLING
  YESTERDAY        0                         0      0        0
  MONTH TO DATE    0                         0      0        0
  SINCE MAR 1      0                         1     -1        0
  SINCE JAN 1      0                         1     -1        0
..................................................................


WIND (MPH)
  RESULTANT WIND SPEED   6   RESULTANT WIND DIRECTION   E (90)
  HIGHEST WIND SPEED    24   HIGHEST WIND DIRECTION     E (80)
  HIGHEST GUST SPEED    30   HIGHEST GUST DIRECTION     E (70)
  AVERAGE WIND SPEED     9.7


SKY COVER
  POSSIBLE SUNSHINE  38 PERCENT
  AVERAGE SKY COVER 0.7


WEATHER CONDITIONS
 THE FOLLOWING WEATHER WAS RECORDED YESTERDAY.
  THUNDERSTORM
  RAIN
  LIGHT RAIN


RELATIVE HUMIDITY (PERCENT)
 HIGHEST    80           800 PM
 LOWEST     24          1200 PM
 AVERAGE    52

..........................................................


THE GRAND RAPIDS MI CLIMATE NORMALS FOR TODAY
                         NORMAL    RECORD    YEAR
 MAXIMUM TEMPERATURE (F)   57        80      1941
 MINIMUM TEMPERATURE (F)   37        16      1957


SUNRISE AND SUNSET
APRIL 13 2014.........SUNRISE   704 AM EDT   SUNSET   822 PM EDT
APRIL 14 2014.........SUNRISE   702 AM EDT   SUNSET   823 PM EDT


-  INDICATES NEGATIVE NUMBERS.
R  INDICATES RECORD WAS SET OR TIED.
MM INDICATES DATA IS MISSING.
T  INDICATES TRACE AMOUNT.




$$
