000
CDUS43 KGRR 250528
CLIGRR


CLIMATE REPORT
NATIONAL WEATHER SERVICE GRAND RAPIDS, MI
128 AM EDT MON AUG 25 2014


...................................

...THE GRAND RAPIDS MI CLIMATE SUMMARY FOR AUGUST 24 2014...

CLIMATE NORMAL PERIOD 1981 TO 2010
CLIMATE RECORD PERIOD 1892 TO 2014


WEATHER ITEM   OBSERVED TIME   RECORD YEAR NORMAL DEPARTURE LAST
                VALUE   (LST)  VALUE       VALUE  FROM      YEAR
                                                  NORMAL
..................................................................
TEMPERATURE (F)
 YESTERDAY
  MAXIMUM         82    523 PM  98    1948  80      2       83
                                      1947
  MINIMUM         67    611 AM  40    1946  60      7       56
                                      1942
  AVERAGE         75                        70      5       70

PRECIPITATION (IN)
  YESTERDAY        0.00          1.56 1993   0.11  -0.11     0.00
  MONTH TO DATE    2.83                      2.75   0.08     1.00
  SINCE JUN 1     12.40                     10.30   2.10     8.73
  SINCE JAN 1     25.67                     23.88   1.79    31.42

SNOWFALL (IN)
  YESTERDAY        0.0           0.0    MM   0.0    0.0      0.0
  MONTH TO DATE    0.0                       0.0    0.0      0.0
  SINCE JUN 1      0.0                       0.0    0.0      0.0
  SINCE JUL 1      0.0                       0.0    0.0      0.0
  SNOW DEPTH       0

DEGREE DAYS
 HEATING
  YESTERDAY        0                         1     -1        0
  MONTH TO DATE    9                         2      7       15
  SINCE JUN 1     31                        53    -22       66
  SINCE JUL 1     18                         8     10       26

 COOLING
  YESTERDAY       10                         6      4        5
  MONTH TO DATE  154                       159     -5       97
  SINCE JUN 1    457                       543    -86      504
  SINCE JAN 1    510                       590    -80      586
..................................................................


WIND (MPH)
  RESULTANT WIND SPEED   9   RESULTANT WIND DIRECTION   E (90)
  HIGHEST WIND SPEED    15   HIGHEST WIND DIRECTION     E (100)
  HIGHEST GUST SPEED    18   HIGHEST GUST DIRECTION     E (110)
  AVERAGE WIND SPEED     9.0


SKY COVER
  POSSIBLE SUNSHINE  66 PERCENT
  AVERAGE SKY COVER 0.5


WEATHER CONDITIONS
 THE FOLLOWING WEATHER WAS RECORDED YESTERDAY.
  FOG
  HAZE


RELATIVE HUMIDITY (PERCENT)
 HIGHEST   100          1200 AM
 LOWEST     67           600 PM
 AVERAGE    84

..........................................................


THE GRAND RAPIDS MI CLIMATE NORMALS FOR TODAY
                         NORMAL    RECORD    YEAR
 MAXIMUM TEMPERATURE (F)   80        94      1959
                                             1948
 MINIMUM TEMPERATURE (F)   60        41      1942


SUNRISE AND SUNSET
AUGUST 25 2014........SUNRISE   659 AM EDT   SUNSET   828 PM EDT
AUGUST 26 2014........SUNRISE   700 AM EDT   SUNSET   827 PM EDT


-  INDICATES NEGATIVE NUMBERS.
R  INDICATES RECORD WAS SET OR TIED.
MM INDICATES DATA IS MISSING.
T  INDICATES TRACE AMOUNT.




$$
