000
CDUS43 KGRR 052225
CLIGRR


CLIMATE REPORT
NATIONAL WEATHER SERVICE GRAND RAPIDS, MI
525 PM EST TUE DEC 5 2017


...................................

...THE GRAND RAPIDS MI CLIMATE SUMMARY FOR DECEMBER 5 2017...
VALID TODAY AS OF 0500 PM LOCAL TIME.

CLIMATE NORMAL PERIOD 1981 TO 2010
CLIMATE RECORD PERIOD 1892 TO 2017


WEATHER ITEM   OBSERVED TIME   RECORD YEAR NORMAL DEPARTURE LAST
                VALUE   (LST)  VALUE       VALUE  FROM      YEAR
                                                  NORMAL
..................................................................
TEMPERATURE (F)
 TODAY
  MAXIMUM         57    232 AM  69    2001  38     19       39
  MINIMUM         32    459 PM   4    1964  27      5       28
  AVERAGE         45                        32     13       34

PRECIPITATION (IN)
  TODAY            0.04          1.23 1999   0.09  -0.05      T
  MONTH TO DATE    0.12                      0.46  -0.34     0.58
  SINCE DEC 1      0.12                      0.46  -0.34     0.58
  SINCE JAN 1     37.59                     36.23   1.36    43.91

SNOWFALL (IN)
  TODAY            0.0           7.7  1991   0.6   -0.6       T
  MONTH TO DATE    0.0                       2.7   -2.7      5.6
  SINCE DEC 1      0.0                       2.7   -2.7      5.6
  SINCE JUL 1      0.6                      10.0   -9.4      6.4
  SNOW DEPTH       0

DEGREE DAYS
 HEATING
  TODAY           20                        33    -13       31
  MONTH TO DATE  110                       159    -49      148
  SINCE DEC 1    110                       159    -49      148
  SINCE JUL 1   1301                      1497   -196     1096

 COOLING
  TODAY            0                         0      0        0
  MONTH TO DATE    0                         0      0        0
  SINCE DEC 1      0                         0      0        0
  SINCE JAN 1    719                       699     20      936
..................................................................


WIND (MPH)
  RESULTANT WIND SPEED  28   RESULTANT WIND DIRECTION   W (250)
  HIGHEST WIND SPEED    41   HIGHEST WIND DIRECTION    SW (240)
  HIGHEST GUST SPEED    52   HIGHEST GUST DIRECTION    SW (240)
  AVERAGE WIND SPEED    28.5


SKY COVER
  AVERAGE SKY COVER 0.9


WEATHER CONDITIONS
 THE FOLLOWING WEATHER WAS RECORDED TODAY.
  THUNDERSTORM
  LIGHT RAIN
  FOG


RELATIVE HUMIDITY (PERCENT)
 HIGHEST    93           200 AM
 LOWEST     49           400 PM
 AVERAGE    71

..........................................................


THE GRAND RAPIDS MI CLIMATE NORMALS FOR TOMORROW
                         NORMAL    RECORD    YEAR
 MAXIMUM TEMPERATURE (F)   38        63      1951
 MINIMUM TEMPERATURE (F)   26         0      1964


SUNRISE AND SUNSET
DECEMBER  5 2017......SUNRISE   758 AM EST   SUNSET   508 PM EST
DECEMBER  6 2017......SUNRISE   759 AM EST   SUNSET   508 PM EST


-  INDICATES NEGATIVE NUMBERS.
R  INDICATES RECORD WAS SET OR TIED.
MM INDICATES DATA IS MISSING.
T  INDICATES TRACE AMOUNT.




$$
