000
CDUS43 KGRR 270514
CLIGRR


CLIMATE REPORT
NATIONAL WEATHER SERVICE GRAND RAPIDS, MI
114 AM EDT THU AUG 27 2015


...................................

...THE GRAND RAPIDS MI CLIMATE SUMMARY FOR AUGUST 26 2015...

CLIMATE NORMAL PERIOD 1981 TO 2010
CLIMATE RECORD PERIOD 1892 TO 2015


WEATHER ITEM   OBSERVED TIME   RECORD YEAR NORMAL DEPARTURE LAST
                VALUE   (LST)  VALUE       VALUE  FROM      YEAR
                                                  NORMAL
..................................................................
TEMPERATURE (F)
 YESTERDAY
  MAXIMUM         67    253 PM  95    1973  80    -13       82
                                      1948
  MINIMUM         57    200 AM  42    1945  60     -3       63
  AVERAGE         62                        70     -8       73

PRECIPITATION (IN)
  YESTERDAY        T             2.07 1986   0.12  -0.12     0.47
  MONTH TO DATE    3.54                      2.98   0.56     3.41
  SINCE JUN 1      9.80                     10.53  -0.73    12.98
  SINCE JAN 1     21.43                     24.11  -2.68    26.25

SNOWFALL (IN)
  YESTERDAY        0.0           0.0    MM   0.0    0.0      0.0
  MONTH TO DATE    0.0                       0.0    0.0      0.0
  SINCE JUN 1      0.0                       0.0    0.0      0.0
  SINCE JUL 1      0.0                       0.0    0.0      0.0
  SNOW DEPTH       0

DEGREE DAYS
 HEATING
  YESTERDAY        3                         1      2        0
  MONTH TO DATE   11                         4      7        9
  SINCE JUN 1     54                        55     -1       31
  SINCE JUL 1     24                        10     14       18

 COOLING
  YESTERDAY        0                         5     -5        8
  MONTH TO DATE  155                       169    -14      174
  SINCE JUN 1    442                       553   -111      477
  SINCE JAN 1    494                       600   -106      530
..................................................................


WIND (MPH)
  RESULTANT WIND SPEED   6   RESULTANT WIND DIRECTION   W (290)
  HIGHEST WIND SPEED    15   HIGHEST WIND DIRECTION    NW (300)
  HIGHEST GUST SPEED    18   HIGHEST GUST DIRECTION    NW (310)
  AVERAGE WIND SPEED     7.0


SKY COVER
  POSSIBLE SUNSHINE   4 PERCENT
  AVERAGE SKY COVER 0.9


WEATHER CONDITIONS
 THE FOLLOWING WEATHER WAS RECORDED YESTERDAY.
  NO SIGNIFICANT WEATHER WAS OBSERVED.


RELATIVE HUMIDITY (PERCENT)
 HIGHEST    93           100 AM
 LOWEST     63          1200 PM
 AVERAGE    78

..........................................................


THE GRAND RAPIDS MI CLIMATE NORMALS FOR TODAY
                         NORMAL    RECORD    YEAR
 MAXIMUM TEMPERATURE (F)   79        95      1953
                                             1948
 MINIMUM TEMPERATURE (F)   59        42      1915


SUNRISE AND SUNSET
AUGUST 27 2015........SUNRISE   701 AM EDT   SUNSET   826 PM EDT
AUGUST 28 2015........SUNRISE   702 AM EDT   SUNSET   824 PM EDT


-  INDICATES NEGATIVE NUMBERS.
R  INDICATES RECORD WAS SET OR TIED.
MM INDICATES DATA IS MISSING.
T  INDICATES TRACE AMOUNT.




$$
