000
CDUS43 KGRR 220518
CLIGRR


CLIMATE REPORT
NATIONAL WEATHER SERVICE GRAND RAPIDS, MI
1218 AM EST THU JAN 22 2015


...................................

...THE GRAND RAPIDS MI CLIMATE SUMMARY FOR JANUARY 21 2015...

CLIMATE NORMAL PERIOD 1981 TO 2010
CLIMATE RECORD PERIOD 1892 TO 2015


WEATHER ITEM   OBSERVED TIME   RECORD YEAR NORMAL DEPARTURE LAST
                VALUE   (LST)  VALUE       VALUE  FROM      YEAR
                                                  NORMAL
..................................................................
TEMPERATURE (F)
 YESTERDAY
  MAXIMUM         28    420 PM  61    1906  30     -2       13
  MINIMUM         24   1159 PM -15    1984  18      6        3
  AVERAGE         26                        24      2        8

PRECIPITATION (IN)
  YESTERDAY        0.14          0.99 1916   0.07   0.07     0.00
  MONTH TO DATE    1.78                      1.51   0.27     2.28
  SINCE DEC 1      3.35                      4.01  -0.66     4.98
  SINCE JAN 1      1.78                      1.51   0.27     2.28

SNOWFALL (IN)
  YESTERDAY        1.4           6.1  1958   0.6    0.8      0.0
  MONTH TO DATE   22.6                      14.5    8.1     20.2
  SINCE DEC 1     23.6                      36.4  -12.8     54.9
  SINCE JUL 1     54.6                      43.7   10.9     57.1
  SNOW DEPTH       4

DEGREE DAYS
 HEATING
  YESTERDAY       39                        41     -2       57
  MONTH TO DATE  948                       852     96      933
  SINCE DEC 1   1967                      1963      4     2131
  SINCE JUL 1   3463                      3301    162     3453

 COOLING
  YESTERDAY        0                         0      0        0
  MONTH TO DATE    0                         0      0        0
  SINCE DEC 1      0                         0      0        0
  SINCE JAN 1      0                         0      0        0
..................................................................


WIND (MPH)
  RESULTANT WIND SPEED   6   RESULTANT WIND DIRECTION  NE (60)
  HIGHEST WIND SPEED    14   HIGHEST WIND DIRECTION    NE (60)
  HIGHEST GUST SPEED    16   HIGHEST GUST DIRECTION    NE (60)
  AVERAGE WIND SPEED     6.0


SKY COVER
  POSSIBLE SUNSHINE   0 PERCENT
  AVERAGE SKY COVER 1.0


WEATHER CONDITIONS
 THE FOLLOWING WEATHER WAS RECORDED YESTERDAY.
  LT FREEZING RAIN
  SNOW
  LIGHT SNOW
  FOG
  FOG W/VISIBILITY <= 1/4 MILE


RELATIVE HUMIDITY (PERCENT)
 HIGHEST    92           600 AM
 LOWEST     75           400 PM
 AVERAGE    84

..........................................................


THE GRAND RAPIDS MI CLIMATE NORMALS FOR TODAY
                         NORMAL    RECORD    YEAR
 MAXIMUM TEMPERATURE (F)   30        68      1894
 MINIMUM TEMPERATURE (F)   18        -6      1970


SUNRISE AND SUNSET
JANUARY 22 2015.......SUNRISE   806 AM EST   SUNSET   542 PM EST
JANUARY 23 2015.......SUNRISE   805 AM EST   SUNSET   543 PM EST


-  INDICATES NEGATIVE NUMBERS.
R  INDICATES RECORD WAS SET OR TIED.
MM INDICATES DATA IS MISSING.
T  INDICATES TRACE AMOUNT.




$$
