000
CDUS43 KGRR 040522
CLIGRR


CLIMATE REPORT
NATIONAL WEATHER SERVICE GRAND RAPIDS, MI
122 AM EDT WED MAY 4 2016


...................................

...THE GRAND RAPIDS MI CLIMATE SUMMARY FOR MAY 3 2016...

CLIMATE NORMAL PERIOD 1981 TO 2010
CLIMATE RECORD PERIOD 1892 TO 2016


WEATHER ITEM   OBSERVED TIME   RECORD YEAR NORMAL DEPARTURE LAST
                VALUE   (LST)  VALUE       VALUE  FROM      YEAR
                                                  NORMAL
..................................................................
TEMPERATURE (F)
 YESTERDAY
  MAXIMUM         66    504 PM  87    1955  65      1       79
                                      1938
  MINIMUM         38    559 AM  26    1971  44     -6       49
  AVERAGE         52                        54     -2       64

PRECIPITATION (IN)
  YESTERDAY        T             2.03 1919   0.12  -0.12     0.00
  MONTH TO DATE    0.22                      0.36  -0.14     0.00
  SINCE MAR 1      9.08                      6.08   3.00     5.12
  SINCE JAN 1     14.01                      9.96   4.05     8.16

SNOWFALL (IN)
  YESTERDAY        0.0           1.3  1954   0.0    0.0      0.0
  MONTH TO DATE    0.0                       0.0    0.0      0.0
  SINCE MAR 1     19.5                      10.1    9.4      3.3
  SINCE JUL 1     61.1                      74.9  -13.8     78.1
  SNOW DEPTH       0

DEGREE DAYS
 HEATING
  YESTERDAY       13                        11      2        1
  MONTH TO DATE   43                        34      9       14
  SINCE MAR 1   1356                      1462   -106     1529
  SINCE JUL 1   5433                      6239   -806     6831

 COOLING
  YESTERDAY        0                         0      0        0
  MONTH TO DATE    0                         0      0        0
  SINCE MAR 1      0                         8     -8        0
  SINCE JAN 1      0                         8     -8        0
..................................................................


WIND (MPH)
  RESULTANT WIND SPEED   7   RESULTANT WIND DIRECTION  SW (240)
  HIGHEST WIND SPEED    21   HIGHEST WIND DIRECTION     W (250)
  HIGHEST GUST SPEED    25   HIGHEST GUST DIRECTION     W (270)
  AVERAGE WIND SPEED     8.3


SKY COVER
  POSSIBLE SUNSHINE  89 PERCENT
  AVERAGE SKY COVER 0.3


WEATHER CONDITIONS
 THE FOLLOWING WEATHER WAS RECORDED YESTERDAY.
  NO SIGNIFICANT WEATHER WAS OBSERVED.


RELATIVE HUMIDITY (PERCENT)
 HIGHEST    92           300 AM
 LOWEST     34           100 PM
 AVERAGE    63

..........................................................


THE GRAND RAPIDS MI CLIMATE NORMALS FOR TODAY
                         NORMAL    RECORD    YEAR
 MAXIMUM TEMPERATURE (F)   66        88      1949
 MINIMUM TEMPERATURE (F)   44        26      2005
                                             1971


SUNRISE AND SUNSET
MAY  4 2016...........SUNRISE   631 AM EDT   SUNSET   847 PM EDT
MAY  5 2016...........SUNRISE   630 AM EDT   SUNSET   848 PM EDT


-  INDICATES NEGATIVE NUMBERS.
R  INDICATES RECORD WAS SET OR TIED.
MM INDICATES DATA IS MISSING.
T  INDICATES TRACE AMOUNT.




$$
