000
CDUS43 KGRR 230511
CLIGRR


CLIMATE REPORT
NATIONAL WEATHER SERVICE GRAND RAPIDS, MI
111 AM EDT WED JUL 23 2014


...................................

...THE GRAND RAPIDS MI CLIMATE SUMMARY FOR JULY 22 2014...

CLIMATE NORMAL PERIOD 1981 TO 2010
CLIMATE RECORD PERIOD 1892 TO 2014


WEATHER ITEM   OBSERVED TIME   RECORD YEAR NORMAL DEPARTURE LAST
                VALUE   (LST)  VALUE       VALUE  FROM      YEAR
                                                  NORMAL
..................................................................
TEMPERATURE (F)
 YESTERDAY
  MAXIMUM         89    400 PM  97    1934  83      6       85
  MINIMUM         66    605 AM  43    1947  63      3       66
  AVERAGE         78                        73      5       76

PRECIPITATION (IN)
  YESTERDAY        0.02          2.36 1991   0.13  -0.11     0.01
  MONTH TO DATE    4.34                      2.68   1.66     2.36
  SINCE JUN 1      9.49                      6.45   3.04     6.88
  SINCE JAN 1     22.76                     20.03   2.73    29.57

SNOWFALL (IN)
  YESTERDAY        0.0           0.0  2006   0.0    0.0      0.0
                                      2005
                                      2004
  MONTH TO DATE    0.0                       0.0    0.0      0.0
  SINCE JUN 1      0.0                       0.0    0.0      0.0
  SINCE JUL 1      0.0                       0.0    0.0      0.0
  SNOW DEPTH       0

DEGREE DAYS
 HEATING
  YESTERDAY        0                         0      0        0
  MONTH TO DATE    7                         0      7        1
  SINCE JUN 1     20                        45    -25       41
  SINCE JUL 1      7                         0      7        1

 COOLING
  YESTERDAY       13                         8      5       11
  MONTH TO DATE   99                       173    -74      246
  SINCE JUN 1    278                       318    -40      395
  SINCE JAN 1    331                       365    -34      477
..................................................................


WIND (MPH)
  RESULTANT WIND SPEED   9   RESULTANT WIND DIRECTION  SW (210)
  HIGHEST WIND SPEED    24   HIGHEST WIND DIRECTION     W (260)
  HIGHEST GUST SPEED    33   HIGHEST GUST DIRECTION     W (270)
  AVERAGE WIND SPEED    10.6


SKY COVER
  POSSIBLE SUNSHINE  79 PERCENT
  AVERAGE SKY COVER 0.4


WEATHER CONDITIONS
 THE FOLLOWING WEATHER WAS RECORDED YESTERDAY.
  THUNDERSTORM
  LIGHT RAIN
  FOG


RELATIVE HUMIDITY (PERCENT)
 HIGHEST    93           300 AM
 LOWEST     53           200 PM
 AVERAGE    73

..........................................................


THE GRAND RAPIDS MI CLIMATE NORMALS FOR TODAY
                         NORMAL    RECORD    YEAR
 MAXIMUM TEMPERATURE (F)   83       101      1934
 MINIMUM TEMPERATURE (F)   63        45      1985
                                             1947


SUNRISE AND SUNSET
JULY 23 2014..........SUNRISE   624 AM EDT   SUNSET   912 PM EDT
JULY 24 2014..........SUNRISE   625 AM EDT   SUNSET   911 PM EDT


-  INDICATES NEGATIVE NUMBERS.
R  INDICATES RECORD WAS SET OR TIED.
MM INDICATES DATA IS MISSING.
T  INDICATES TRACE AMOUNT.




$$
