000
CDUS43 KGRR 240525
CLIGRR


CLIMATE REPORT
NATIONAL WEATHER SERVICE GRAND RAPIDS, MI
124 AM EDT SUN APR 24 2016


...................................

...THE GRAND RAPIDS MI CLIMATE SUMMARY FOR APRIL 23 2016...

CLIMATE NORMAL PERIOD 1981 TO 2010
CLIMATE RECORD PERIOD 1892 TO 2016


WEATHER ITEM   OBSERVED TIME   RECORD YEAR NORMAL DEPARTURE LAST
                VALUE   (LST)  VALUE       VALUE  FROM      YEAR
                                                  NORMAL
..................................................................
TEMPERATURE (F)
 YESTERDAY
  MAXIMUM         61    358 PM  84    1925  62     -1       45
                                      1915
  MINIMUM         38    629 AM  20    1986  40     -2       32
  AVERAGE         50                        51     -1       39

PRECIPITATION (IN)
  YESTERDAY        0.00          1.44 1999   0.10  -0.10      T
  MONTH TO DATE    2.34                      2.55  -0.21     4.07
  SINCE MAR 1      7.28                      4.92   2.36     5.12
  SINCE JAN 1     12.21                      8.80   3.41     8.16

SNOWFALL (IN)
  YESTERDAY        0.0           0.7  2005   0.0    0.0       T
  MONTH TO DATE    9.4                       1.7    7.7      0.1
  SINCE MAR 1     19.5                      10.0    9.5      3.3
  SINCE JUL 1     61.1                      74.8  -13.7     78.1
  SNOW DEPTH       0

DEGREE DAYS
 HEATING
  YESTERDAY       15                        14      1       26
  MONTH TO DATE  460                       427     33      397
  SINCE MAR 1   1209                      1337   -128     1401
  SINCE JUL 1   5286                      6114   -828     6703

 COOLING
  YESTERDAY        0                         0      0        0
  MONTH TO DATE    0                         0      0        0
  SINCE MAR 1      0                         1     -1        0
  SINCE JAN 1      0                         1     -1        0
..................................................................


WIND (MPH)
  RESULTANT WIND SPEED   5   RESULTANT WIND DIRECTION   E (90)
  HIGHEST WIND SPEED    13   HIGHEST WIND DIRECTION    NE (60)
  HIGHEST GUST SPEED    15   HIGHEST GUST DIRECTION    NE (40)
  AVERAGE WIND SPEED     6.1


SKY COVER
  POSSIBLE SUNSHINE  96 PERCENT
  AVERAGE SKY COVER 0.4


WEATHER CONDITIONS
 THE FOLLOWING WEATHER WAS RECORDED YESTERDAY.
  NO SIGNIFICANT WEATHER WAS OBSERVED.


RELATIVE HUMIDITY (PERCENT)
 HIGHEST    92           300 AM
 LOWEST     37           600 PM
 AVERAGE    65

..........................................................


THE GRAND RAPIDS MI CLIMATE NORMALS FOR TODAY
                         NORMAL    RECORD    YEAR
 MAXIMUM TEMPERATURE (F)   62        86      1915
 MINIMUM TEMPERATURE (F)   41        25      2015


SUNRISE AND SUNSET
APRIL 24 2016.........SUNRISE   646 AM EDT   SUNSET   835 PM EDT
APRIL 25 2016.........SUNRISE   644 AM EDT   SUNSET   837 PM EDT


-  INDICATES NEGATIVE NUMBERS.
R  INDICATES RECORD WAS SET OR TIED.
MM INDICATES DATA IS MISSING.
T  INDICATES TRACE AMOUNT.




$$
