000
CDUS43 KGRR 260520
CLIGRR


CLIMATE REPORT
NATIONAL WEATHER SERVICE GRAND RAPIDS, MI
1220 AM EST THU FEB 26 2015


...................................

...THE GRAND RAPIDS MI CLIMATE SUMMARY FOR FEBRUARY 25 2015...

CLIMATE NORMAL PERIOD 1981 TO 2010
CLIMATE RECORD PERIOD 1892 TO 2015


WEATHER ITEM   OBSERVED TIME   RECORD YEAR NORMAL DEPARTURE LAST
                VALUE   (LST)  VALUE       VALUE  FROM      YEAR
                                                  NORMAL
..................................................................
TEMPERATURE (F)
 YESTERDAY
  MAXIMUM         23   1201 AM  61    1976  37    -14       21
  MINIMUM          6    800 AM -14    1950  22    -16       11
  AVERAGE         15                        29    -14       16

PRECIPITATION (IN)
  YESTERDAY        T             1.43 1926   0.08  -0.08     0.04
  MONTH TO DATE    1.15                      1.57  -0.42     2.18
  SINCE DEC 1      4.59                      6.16  -1.57     8.33
  SINCE JAN 1      3.02                      3.66  -0.64     5.63

SNOWFALL (IN)
  YESTERDAY        T             8.1  1935   0.5   -0.5      0.7
  MONTH TO DATE   19.4                      13.5    5.9     25.1
  SINCE DEC 1     43.6                      56.2  -12.6    101.7
  SINCE JUL 1     74.6                      63.5   11.1    103.9
  SNOW DEPTH       8

DEGREE DAYS
 HEATING
  YESTERDAY       50                        36     14       49
  MONTH TO DATE 1267                       962    305     1141
  SINCE DEC 1   3634                      3331    303     3784
  SINCE JUL 1   5130                      4669    461     5106

 COOLING
  YESTERDAY        0                         0      0        0
  MONTH TO DATE    0                         0      0        0
  SINCE DEC 1      0                         0      0        0
  SINCE JAN 1      0                         0      0        0
..................................................................


WIND (MPH)
  RESULTANT WIND SPEED   6   RESULTANT WIND DIRECTION  NW (330)
  HIGHEST WIND SPEED    23   HIGHEST WIND DIRECTION    NW (320)
  HIGHEST GUST SPEED    29   HIGHEST GUST DIRECTION    NW (330)
  AVERAGE WIND SPEED     6.7


SKY COVER
  POSSIBLE SUNSHINE  73 PERCENT
  AVERAGE SKY COVER 0.6


WEATHER CONDITIONS
 THE FOLLOWING WEATHER WAS RECORDED YESTERDAY.
  LIGHT SNOW


RELATIVE HUMIDITY (PERCENT)
 HIGHEST    73           100 AM
 LOWEST     45           300 PM
 AVERAGE    59

..........................................................


THE GRAND RAPIDS MI CLIMATE NORMALS FOR TODAY
                         NORMAL    RECORD    YEAR
 MAXIMUM TEMPERATURE (F)   37        64      1944
 MINIMUM TEMPERATURE (F)   22        -9      1963


SUNRISE AND SUNSET
FEBRUARY 26 2015......SUNRISE   723 AM EST   SUNSET   627 PM EST
FEBRUARY 27 2015......SUNRISE   722 AM EST   SUNSET   629 PM EST


-  INDICATES NEGATIVE NUMBERS.
R  INDICATES RECORD WAS SET OR TIED.
MM INDICATES DATA IS MISSING.
T  INDICATES TRACE AMOUNT.




$$
