000
CDUS43 KGRR 260521
CLIGRR


CLIMATE REPORT
NATIONAL WEATHER SERVICE GRAND RAPIDS, MI
120 AM EDT FRI SEP 26 2014


...................................

...THE GRAND RAPIDS MI CLIMATE SUMMARY FOR SEPTEMBER 25 2014...

CLIMATE NORMAL PERIOD 1981 TO 2010
CLIMATE RECORD PERIOD 1892 TO 2014


WEATHER ITEM   OBSERVED TIME   RECORD YEAR NORMAL DEPARTURE LAST
                VALUE   (LST)  VALUE       VALUE  FROM      YEAR
                                                  NORMAL
..................................................................
TEMPERATURE (F)
 YESTERDAY
  MAXIMUM         78    353 PM  90    1920  69      9       73
                                      1900
  MINIMUM         50    646 AM  29    1947  49      1       45
  AVERAGE         64                        59      5       59

PRECIPITATION (IN)
  YESTERDAY        0.00          3.52 1961   0.15  -0.15     0.00
  MONTH TO DATE    3.08                      3.60  -0.52     1.00
  SINCE SEP 1      3.08                      3.60  -0.52     1.00
  SINCE JAN 1     29.60                     28.32   1.28    33.32

SNOWFALL (IN)
  YESTERDAY        0.0           T    1942   0.0    0.0      0.0
  MONTH TO DATE    0.0                       0.0    0.0      0.0
  SINCE SEP 1      0.0                       0.0    0.0      0.0
  SINCE JUL 1      0.0                       0.0    0.0      0.0
  SNOW DEPTH       0

DEGREE DAYS
 HEATING
  YESTERDAY        1                         7     -6        6
  MONTH TO DATE  117                        91     26      100
  SINCE SEP 1    117                        91     26      100
  SINCE JUL 1    136                       111     25      126

 COOLING
  YESTERDAY        0                         1     -1        0
  MONTH TO DATE   50                        62    -12       82
  SINCE SEP 1     50                        62    -12       82
  SINCE JAN 1    610                       687    -77      752
..................................................................


WIND (MPH)
  RESULTANT WIND SPEED   3   RESULTANT WIND DIRECTION   E (80)
  HIGHEST WIND SPEED    10   HIGHEST WIND DIRECTION     E (70)
  HIGHEST GUST SPEED    12   HIGHEST GUST DIRECTION    NE (60)
  AVERAGE WIND SPEED     3.4


SKY COVER
  POSSIBLE SUNSHINE  88 PERCENT
  AVERAGE SKY COVER 0.5


WEATHER CONDITIONS
 THE FOLLOWING WEATHER WAS RECORDED YESTERDAY.
  FOG


RELATIVE HUMIDITY (PERCENT)
 HIGHEST    93           100 AM
 LOWEST     45           400 PM
 AVERAGE    69

..........................................................


THE GRAND RAPIDS MI CLIMATE NORMALS FOR TODAY
                         NORMAL    RECORD    YEAR
 MAXIMUM TEMPERATURE (F)   69        89      1998
 MINIMUM TEMPERATURE (F)   49        30      1947


SUNRISE AND SUNSET
SEPTEMBER 26 2014.....SUNRISE   734 AM EDT   SUNSET   732 PM EDT
SEPTEMBER 27 2014.....SUNRISE   735 AM EDT   SUNSET   730 PM EDT


-  INDICATES NEGATIVE NUMBERS.
R  INDICATES RECORD WAS SET OR TIED.
MM INDICATES DATA IS MISSING.
T  INDICATES TRACE AMOUNT.




$$
