000
CDUS43 KGRR 100555
CLIGRR


CLIMATE REPORT
NATIONAL WEATHER SERVICE GRAND RAPIDS, MI
155 AM EDT THU AUG 10 2017


...................................

...THE GRAND RAPIDS MI CLIMATE SUMMARY FOR AUGUST 9 2017...

CLIMATE NORMAL PERIOD 1981 TO 2010
CLIMATE RECORD PERIOD 1892 TO 2017


WEATHER ITEM   OBSERVED TIME   RECORD YEAR NORMAL DEPARTURE LAST
                VALUE   (LST)  VALUE       VALUE  FROM      YEAR
                                                  NORMAL
..................................................................
TEMPERATURE (F)
 YESTERDAY
  MAXIMUM         83    352 PM  97    1934  81      2       89
  MINIMUM         57    604 AM  43    1964  62     -5       58
  AVERAGE         70                        72     -2       74

PRECIPITATION (IN)
  YESTERDAY        0.00          1.25 1977   0.11  -0.11     0.00
  MONTH TO DATE    0.70                      1.03  -0.33     0.00
  SINCE JUN 1      6.70                      8.58  -1.88     6.77
  SINCE JAN 1     23.30                     22.16   1.14    23.57

SNOWFALL (IN)
  YESTERDAY        0.0           0.0    MM   0.0    0.0      0.0
  MONTH TO DATE    0.0                       0.0    0.0      0.0
  SINCE JUN 1      0.0                       0.0    0.0      0.0
  SINCE JUL 1      0.0                       0.0    0.0      0.0
  SNOW DEPTH       0

DEGREE DAYS
 HEATING
  YESTERDAY        0                         0      0        0
  MONTH TO DATE    2                         0      2        0
  SINCE JUN 1     24                        51    -27       21
  SINCE JUL 1      2                         6     -4        0

 COOLING
  YESTERDAY        5                         7     -2        9
  MONTH TO DATE   40                        63    -23       83
  SINCE JUN 1    442                       447     -5      569
  SINCE JAN 1    472                       494    -22      640
..................................................................


WIND (MPH)
  RESULTANT WIND SPEED   3   RESULTANT WIND DIRECTION  SW (230)
  HIGHEST WIND SPEED    16   HIGHEST WIND DIRECTION    SW (240)
  HIGHEST GUST SPEED    24   HIGHEST GUST DIRECTION     W (260)
  AVERAGE WIND SPEED     5.2


SKY COVER
  POSSIBLE SUNSHINE  91 PERCENT
  AVERAGE SKY COVER 0.4


WEATHER CONDITIONS
 THE FOLLOWING WEATHER WAS RECORDED YESTERDAY.
  NO SIGNIFICANT WEATHER WAS OBSERVED.


RELATIVE HUMIDITY (PERCENT)
 HIGHEST   100           600 AM
 LOWEST     34           300 PM
 AVERAGE    67

..........................................................


THE GRAND RAPIDS MI CLIMATE NORMALS FOR TODAY
                         NORMAL    RECORD    YEAR
 MAXIMUM TEMPERATURE (F)   81        98      1944
 MINIMUM TEMPERATURE (F)   62        45      1972


SUNRISE AND SUNSET
AUGUST 10 2017........SUNRISE   643 AM EDT   SUNSET   851 PM EDT
AUGUST 11 2017........SUNRISE   644 AM EDT   SUNSET   850 PM EDT


-  INDICATES NEGATIVE NUMBERS.
R  INDICATES RECORD WAS SET OR TIED.
MM INDICATES DATA IS MISSING.
T  INDICATES TRACE AMOUNT.




$$
