000
CDUS43 KGRR 040532
CLIGRR


CLIMATE REPORT
NATIONAL WEATHER SERVICE GRAND RAPIDS, MI
1231 AM EST THU FEB 4 2016


...................................

...THE GRAND RAPIDS MI CLIMATE SUMMARY FOR FEBRUARY 3 2016...

CLIMATE NORMAL PERIOD 1981 TO 2010
CLIMATE RECORD PERIOD 1892 TO 2016


WEATHER ITEM   OBSERVED TIME   RECORD YEAR NORMAL DEPARTURE LAST
                VALUE   (LST)  VALUE       VALUE  FROM      YEAR
                                                  NORMAL
..................................................................
TEMPERATURE (F)
 YESTERDAY
  MAXIMUM         40   1105 AM  54    1991  31      9       24
  MINIMUM         32   1159 PM -17    1996  18     14        5
  AVERAGE         36                        25     11       15

PRECIPITATION (IN)
  YESTERDAY        0.02          0.61 2007   0.06  -0.04     0.09
  MONTH TO DATE    1.57                      0.17   1.40     0.76
  SINCE DEC 1      7.05                      4.76   2.29     4.20
  SINCE JAN 1      3.72                      2.26   1.46     2.63

SNOWFALL (IN)
  YESTERDAY        T            11.3  2007   0.6   -0.6      1.3
  MONTH TO DATE    T                         1.8   -1.8     10.4
  SINCE DEC 1     23.3                      44.5  -21.2     34.6
  SINCE JUL 1     26.8                      51.8  -25.0     65.6
  SNOW DEPTH       0

DEGREE DAYS
 HEATING
  YESTERDAY       29                        40    -11       50
  MONTH TO DATE   94                       120    -26      148
  SINCE DEC 1   2091                      2489   -398     2515
  SINCE JUL 1   3149                      3827   -678     4011

 COOLING
  YESTERDAY        0                         0      0        0
  MONTH TO DATE    0                         0      0        0
  SINCE DEC 1      0                         0      0        0
  SINCE JAN 1      0                         0      0        0
..................................................................


WIND (MPH)
  RESULTANT WIND SPEED  10   RESULTANT WIND DIRECTION  SW (240)
  HIGHEST WIND SPEED    30   HIGHEST WIND DIRECTION    SW (240)
  HIGHEST GUST SPEED    40   HIGHEST GUST DIRECTION    SW (230)
  AVERAGE WIND SPEED    12.2


SKY COVER
  POSSIBLE SUNSHINE   0 PERCENT
  AVERAGE SKY COVER 0.9


WEATHER CONDITIONS
 THE FOLLOWING WEATHER WAS RECORDED YESTERDAY.
  LIGHT RAIN
  LIGHT SNOW
  FOG
  FOG W/VISIBILITY <= 1/4 MILE


RELATIVE HUMIDITY (PERCENT)
 HIGHEST   100           600 AM
 LOWEST     82           300 PM
 AVERAGE    91

..........................................................


THE GRAND RAPIDS MI CLIMATE NORMALS FOR TODAY
                         NORMAL    RECORD    YEAR
 MAXIMUM TEMPERATURE (F)   31        53      1962
 MINIMUM TEMPERATURE (F)   18       -17      1996


SUNRISE AND SUNSET
FEBRUARY  4 2016......SUNRISE   754 AM EST   SUNSET   558 PM EST
FEBRUARY  5 2016......SUNRISE   753 AM EST   SUNSET   600 PM EST


-  INDICATES NEGATIVE NUMBERS.
R  INDICATES RECORD WAS SET OR TIED.
MM INDICATES DATA IS MISSING.
T  INDICATES TRACE AMOUNT.




$$

JAM
