000
CDUS43 KGRR 071452
CLIGRR


CLIMATE REPORT
NATIONAL WEATHER SERVICE GRAND RAPIDS, MI
951 AM EST TUE NOV 7 2017


...................................

...THE GRAND RAPIDS MI CLIMATE SUMMARY FOR NOVEMBER 7 2017...
VALID AS OF 0900 AM LOCAL TIME.

CLIMATE NORMAL PERIOD 1981 TO 2010
CLIMATE RECORD PERIOD 1892 TO 2017


WEATHER ITEM   OBSERVED TIME   RECORD YEAR NORMAL DEPARTURE LAST
                VALUE   (LST)  VALUE       VALUE  FROM      YEAR
                                                  NORMAL
..................................................................
TEMPERATURE (F)
 TODAY
  MAXIMUM         37   1246 AM  69    1916  52    -15       66
  MINIMUM         32    703 AM  14    1991  36     -4       40
  AVERAGE         35                        44     -9       53

PRECIPITATION (IN)
  TODAY            0.00          1.01 1938   0.12  -0.12     0.00
  MONTH TO DATE    0.66                      0.85  -0.19     1.35
  SINCE SEP 1     11.01                      8.39   2.62     9.90
  SINCE JAN 1     35.33                     33.11   2.22    41.44

SNOWFALL (IN)
  TODAY            0.0           6.0  1951   0.2   -0.2      0.0
  MONTH TO DATE    T                         0.8   -0.8      0.0
  SINCE SEP 1      0.4                       1.3   -0.9      0.0
  SINCE JUL 1      0.4                       1.3   -0.9      0.0
  SNOW DEPTH       0

DEGREE DAYS
 HEATING
  TODAY           30                        21      9       12
  MONTH TO DATE  155                       142     13       75
  SINCE SEP 1    546                       714   -168      443
  SINCE JUL 1    562                       734   -172      443

 COOLING
  TODAY            0                         0      0        0
  MONTH TO DATE    0                         0      0        0
  SINCE SEP 1    147                        74     73      105
  SINCE JAN 1    719                       699     20      936
..................................................................


WIND (MPH)
  RESULTANT WIND SPEED   5   RESULTANT WIND DIRECTION  NE (30)
  HIGHEST WIND SPEED     8   HIGHEST WIND DIRECTION     N (10)
  HIGHEST GUST SPEED    10   HIGHEST GUST DIRECTION     N (10)
  AVERAGE WIND SPEED     5.1


SKY COVER
  AVERAGE SKY COVER 0.9


WEATHER CONDITIONS
 THE FOLLOWING WEATHER WAS RECORDED TODAY.
  NO SIGNIFICANT WEATHER WAS OBSERVED.


RELATIVE HUMIDITY (PERCENT)
 HIGHEST    82           200 AM
 LOWEST     70          1200 AM
 AVERAGE    76

..........................................................


THE GRAND RAPIDS MI CLIMATE NORMALS FOR TOMORROW
                         NORMAL    RECORD    YEAR
 MAXIMUM TEMPERATURE (F)   51        72      2009
                                             1931
 MINIMUM TEMPERATURE (F)   35        16      1991
                                             1976


SUNRISE AND SUNSET
NOVEMBER  7 2017......SUNRISE   724 AM EST   SUNSET   527 PM EST
NOVEMBER  8 2017......SUNRISE   726 AM EST   SUNSET   526 PM EST


-  INDICATES NEGATIVE NUMBERS.
R  INDICATES RECORD WAS SET OR TIED.
MM INDICATES DATA IS MISSING.
T  INDICATES TRACE AMOUNT.




$$
