000
CDUS43 KGRR 150532
CLIGRR


CLIMATE REPORT
NATIONAL WEATHER SERVICE GRAND RAPIDS, MI
132 AM EDT FRI AUG 15 2014


...................................

...THE GRAND RAPIDS MI CLIMATE SUMMARY FOR AUGUST 14 2014...

CLIMATE NORMAL PERIOD 1981 TO 2010
CLIMATE RECORD PERIOD 1892 TO 2014


WEATHER ITEM   OBSERVED TIME   RECORD YEAR NORMAL DEPARTURE LAST
                VALUE   (LST)  VALUE       VALUE  FROM      YEAR
                                                  NORMAL
..................................................................
TEMPERATURE (F)
 YESTERDAY
  MAXIMUM         73    256 PM  96    1944  81     -8       71
  MINIMUM         51    612 AM  41    1964  62    -11       49
  AVERAGE         62                        71     -9       60

PRECIPITATION (IN)
  YESTERDAY        0.00          3.61 1987   0.12  -0.12     0.00
  MONTH TO DATE    0.88                      1.63  -0.75     0.90
  SINCE JUN 1     10.45                      9.18   1.27     8.63
  SINCE JAN 1     23.72                     22.76   0.96    31.32

SNOWFALL (IN)
  YESTERDAY        0.0           0.0    MM   0.0    0.0      0.0
  MONTH TO DATE    0.0                       0.0    0.0      0.0
  SINCE JUN 1      0.0                       0.0    0.0      0.0
  SINCE JUL 1      0.0                       0.0    0.0      0.0
  SNOW DEPTH       0

DEGREE DAYS
 HEATING
  YESTERDAY        3                         0      3        5
  MONTH TO DATE    5                         0      5       12
  SINCE JUN 1     27                        51    -24       63
  SINCE JUL 1     14                         6      8       23

 COOLING
  YESTERDAY        0                         7     -7        0
  MONTH TO DATE   85                        98    -13       49
  SINCE JUN 1    388                       482    -94      456
  SINCE JAN 1    441                       529    -88      538
..................................................................


WIND (MPH)
  RESULTANT WIND SPEED   9   RESULTANT WIND DIRECTION  NW (320)
  HIGHEST WIND SPEED    18   HIGHEST WIND DIRECTION     W (260)
  HIGHEST GUST SPEED    23   HIGHEST GUST DIRECTION     W (290)
  AVERAGE WIND SPEED     9.8


SKY COVER
  POSSIBLE SUNSHINE  96 PERCENT
  AVERAGE SKY COVER 0.3


WEATHER CONDITIONS
 THE FOLLOWING WEATHER WAS RECORDED YESTERDAY.
  NO SIGNIFICANT WEATHER WAS OBSERVED.


RELATIVE HUMIDITY (PERCENT)
 HIGHEST   100           600 AM
 LOWEST     40           600 PM
 AVERAGE    70

..........................................................


THE GRAND RAPIDS MI CLIMATE NORMALS FOR TODAY
                         NORMAL    RECORD    YEAR
 MAXIMUM TEMPERATURE (F)   81        97      1944
 MINIMUM TEMPERATURE (F)   62        42      1964


SUNRISE AND SUNSET
AUGUST 15 2014........SUNRISE   648 AM EDT   SUNSET   844 PM EDT
AUGUST 16 2014........SUNRISE   649 AM EDT   SUNSET   843 PM EDT


-  INDICATES NEGATIVE NUMBERS.
R  INDICATES RECORD WAS SET OR TIED.
MM INDICATES DATA IS MISSING.
T  INDICATES TRACE AMOUNT.




$$
