000
CDUS43 KGRR 222224
CLIGRR


CLIMATE REPORT
NATIONAL WEATHER SERVICE GRAND RAPIDS, MI
524 PM EST TUE NOV 22 2016


...................................

...THE GRAND RAPIDS MI CLIMATE SUMMARY FOR NOVEMBER 22 2016...
VALID TODAY AS OF 0500 PM LOCAL TIME.

CLIMATE NORMAL PERIOD 1981 TO 2010
CLIMATE RECORD PERIOD 1892 TO 2016


WEATHER ITEM   OBSERVED TIME   RECORD YEAR NORMAL DEPARTURE LAST
                VALUE   (LST)  VALUE       VALUE  FROM      YEAR
                                                  NORMAL
..................................................................
TEMPERATURE (F)
 TODAY
  MAXIMUM         39    333 PM  66    1913  44     -5       32
  MINIMUM         21    722 AM  13    1929  31    -10       19
  AVERAGE         30                        38     -8       26

PRECIPITATION (IN)
  TODAY            0.00          1.38 2010   0.12  -0.12     0.01
  MONTH TO DATE    1.83                      2.64  -0.81     1.51
  SINCE SEP 1     10.38                     10.18   0.20     7.04
  SINCE JAN 1     41.92                     34.90   7.02    28.68

SNOWFALL (IN)
  TODAY            0.0           7.0  1898   0.3   -0.3      0.1
  MONTH TO DATE    0.8                       3.9   -3.1      3.3
  SINCE SEP 1      0.8                       4.4   -3.6      3.3
  SINCE JUL 1      0.8                       4.4   -3.6      3.3
  SNOW DEPTH       0

DEGREE DAYS
 HEATING
  TODAY           35                        27      8       39
  MONTH TO DATE  393                       511   -118      363
  SINCE SEP 1    761                      1083   -322      815
  SINCE JUL 1    761                      1103   -342      844

 COOLING
  TODAY            0                         0      0        0
  MONTH TO DATE    0                         0      0        0
  SINCE SEP 1    105                        74     31      135
  SINCE JAN 1    936                       699    237      642
..................................................................


WIND (MPH)
  RESULTANT WIND SPEED   0   RESULTANT WIND DIRECTION   N (350)
  HIGHEST WIND SPEED    12   HIGHEST WIND DIRECTION     E (70)
  HIGHEST GUST SPEED    14   HIGHEST GUST DIRECTION    NE (60)
  AVERAGE WIND SPEED     3.2


SKY COVER
  AVERAGE SKY COVER 0.4


WEATHER CONDITIONS
 THE FOLLOWING WEATHER WAS RECORDED TODAY.
  NO SIGNIFICANT WEATHER WAS OBSERVED.


RELATIVE HUMIDITY (PERCENT)
 HIGHEST    84           600 AM
 LOWEST     52          1200 PM
 AVERAGE    68

..........................................................


THE GRAND RAPIDS MI CLIMATE NORMALS FOR TOMORROW
                         NORMAL    RECORD    YEAR
 MAXIMUM TEMPERATURE (F)   44        70      1931
 MINIMUM TEMPERATURE (F)   31         2      1956


SUNRISE AND SUNSET
NOVEMBER 22 2016......SUNRISE   743 AM EST   SUNSET   513 PM EST
NOVEMBER 23 2016......SUNRISE   745 AM EST   SUNSET   512 PM EST


-  INDICATES NEGATIVE NUMBERS.
R  INDICATES RECORD WAS SET OR TIED.
MM INDICATES DATA IS MISSING.
T  INDICATES TRACE AMOUNT.




$$
