000
CDUS43 KGRR 190520
CLIGRR


CLIMATE REPORT
NATIONAL WEATHER SERVICE GRAND RAPIDS, MI
119 AM EDT WED APR 19 2017


...................................

...THE GRAND RAPIDS MI CLIMATE SUMMARY FOR APRIL 18 2017...

CLIMATE NORMAL PERIOD 1981 TO 2010
CLIMATE RECORD PERIOD 1892 TO 2017


WEATHER ITEM   OBSERVED TIME   RECORD YEAR NORMAL DEPARTURE LAST
                VALUE   (LST)  VALUE       VALUE  FROM      YEAR
                                                  NORMAL
..................................................................
TEMPERATURE (F)
 YESTERDAY
  MAXIMUM         72    322 PM  86    2004  59     13       82
                                      2002
                                      1977
  MINIMUM         40    647 AM  22    1983  39      1       47
                                      1926
  AVERAGE         56                        49      7       65

PRECIPITATION (IN)
  YESTERDAY        T             3.30 2013   0.11  -0.11     0.00
  MONTH TO DATE    3.29                      2.00   1.29     2.26
  SINCE MAR 1      6.56                      4.37   2.19     7.20
  SINCE JAN 1     12.12                      8.25   3.87    12.13

SNOWFALL (IN)
  YESTERDAY        0.0           3.0  1912   0.1   -0.1      0.0
  MONTH TO DATE    0.4                       1.6   -1.2      9.4
  SINCE MAR 1      5.1                       9.9   -4.8     19.5
  SINCE JUL 1     60.1                      74.7  -14.6     61.1
  SNOW DEPTH       0

DEGREE DAYS
 HEATING
  YESTERDAY        9                        16     -7        0
  MONTH TO DATE  259                       351    -92      409
  SINCE MAR 1   1180                      1261    -81     1158
  SINCE JUL 1   5234                      6038   -804     5235

 COOLING
  YESTERDAY        0                         0      0        0
  MONTH TO DATE    0                         0      0        0
  SINCE MAR 1      0                         1     -1        0
  SINCE JAN 1      0                         1     -1        0
..................................................................


WIND (MPH)
  RESULTANT WIND SPEED  10   RESULTANT WIND DIRECTION  SE (130)
  HIGHEST WIND SPEED    22   HIGHEST WIND DIRECTION     S (170)
  HIGHEST GUST SPEED    27   HIGHEST GUST DIRECTION     S (180)
  AVERAGE WIND SPEED    12.7


SKY COVER
  POSSIBLE SUNSHINE  79 PERCENT
  AVERAGE SKY COVER 0.8


WEATHER CONDITIONS
 THE FOLLOWING WEATHER WAS RECORDED YESTERDAY.
  LIGHT RAIN


RELATIVE HUMIDITY (PERCENT)
 HIGHEST   100           300 AM
 LOWEST     31           200 PM
 AVERAGE    66

..........................................................


THE GRAND RAPIDS MI CLIMATE NORMALS FOR TODAY
                         NORMAL    RECORD    YEAR
 MAXIMUM TEMPERATURE (F)   60        82      1985
 MINIMUM TEMPERATURE (F)   39        19      1897


SUNRISE AND SUNSET
APRIL 19 2017.........SUNRISE   654 AM EDT   SUNSET   829 PM EDT
APRIL 20 2017.........SUNRISE   652 AM EDT   SUNSET   831 PM EDT


-  INDICATES NEGATIVE NUMBERS.
R  INDICATES RECORD WAS SET OR TIED.
MM INDICATES DATA IS MISSING.
T  INDICATES TRACE AMOUNT.




$$
