000
CDUS43 KGRR 250531
CLIGRR


CLIMATE REPORT
NATIONAL WEATHER SERVICE GRAND RAPIDS, MI
1231 AM EST SUN JAN 25 2015


...................................

...THE GRAND RAPIDS MI CLIMATE SUMMARY FOR JANUARY 24 2015...

CLIMATE NORMAL PERIOD 1981 TO 2010
CLIMATE RECORD PERIOD 1892 TO 2015


WEATHER ITEM   OBSERVED TIME   RECORD YEAR NORMAL DEPARTURE LAST
                VALUE   (LST)  VALUE       VALUE  FROM      YEAR
                                                  NORMAL
..................................................................
TEMPERATURE (F)
 YESTERDAY
  MAXIMUM         38    249 PM  62    1967  31      7       23
  MINIMUM         29    310 AM -19    1948  18     11        0
  AVERAGE         34                        24     10       12

PRECIPITATION (IN)
  YESTERDAY        T             0.88 1938   0.06  -0.06     0.21
  MONTH TO DATE    1.79                      1.69   0.10     2.57
  SINCE DEC 1      3.36                      4.19  -0.83     5.27
  SINCE JAN 1      1.79                      1.69   0.10     2.57

SNOWFALL (IN)
  YESTERDAY        T             6.5  1930   0.6   -0.6      4.2
  MONTH TO DATE   22.7                      16.4    6.3     25.6
  SINCE DEC 1     23.7                      38.3  -14.6     60.3
  SINCE JUL 1     54.7                      45.6    9.1     62.5
  SNOW DEPTH       4

DEGREE DAYS
 HEATING
  YESTERDAY       31                        41    -10       53
  MONTH TO DATE 1052                       975     77     1094
  SINCE DEC 1   2071                      2086    -15     2292
  SINCE JUL 1   3567                      3424    143     3614

 COOLING
  YESTERDAY        0                         0      0        0
  MONTH TO DATE    0                         0      0        0
  SINCE DEC 1      0                         0      0        0
  SINCE JAN 1      0                         0      0        0
..................................................................


WIND (MPH)
  RESULTANT WIND SPEED   9   RESULTANT WIND DIRECTION   W (250)
  HIGHEST WIND SPEED    16   HIGHEST WIND DIRECTION     W (270)
  HIGHEST GUST SPEED    21   HIGHEST GUST DIRECTION     W (270)
  AVERAGE WIND SPEED     8.2


SKY COVER
  POSSIBLE SUNSHINE   0 PERCENT
  AVERAGE SKY COVER 1.0


WEATHER CONDITIONS
 THE FOLLOWING WEATHER WAS RECORDED YESTERDAY.
  LIGHT RAIN
  LIGHT SNOW
  FOG
  HAZE


RELATIVE HUMIDITY (PERCENT)
 HIGHEST    92           200 AM
 LOWEST     76           100 PM
 AVERAGE    84

..........................................................


THE GRAND RAPIDS MI CLIMATE NORMALS FOR TODAY
                         NORMAL    RECORD    YEAR
 MAXIMUM TEMPERATURE (F)   31        66      1950
 MINIMUM TEMPERATURE (F)   18       -14      1961


SUNRISE AND SUNSET
JANUARY 25 2015.......SUNRISE   804 AM EST   SUNSET   545 PM EST
JANUARY 26 2015.......SUNRISE   803 AM EST   SUNSET   547 PM EST


-  INDICATES NEGATIVE NUMBERS.
R  INDICATES RECORD WAS SET OR TIED.
MM INDICATES DATA IS MISSING.
T  INDICATES TRACE AMOUNT.




$$
