000
CDUS43 KGRR 202228
CLIGRR


CLIMATE REPORT
NATIONAL WEATHER SERVICE GRAND RAPIDS, MI
526 PM EST FRI FEB 20 2015


...................................

...THE GRAND RAPIDS MI CLIMATE SUMMARY FOR FEBRUARY 20 2015...
VALID TODAY AS OF 0500 PM LOCAL TIME.

CLIMATE NORMAL PERIOD 1981 TO 2010
CLIMATE RECORD PERIOD 1892 TO 2015


WEATHER ITEM   OBSERVED TIME   RECORD YEAR NORMAL DEPARTURE LAST
                VALUE   (LST)  VALUE       VALUE  FROM      YEAR
                                                  NORMAL
..................................................................
TEMPERATURE (F)
 TODAY
  MAXIMUM         12    457 PM  61    1930  35    -23       43
  MINIMUM        -13R   108 AM -13    1966  21    -34       27
  AVERAGE          0                        28    -28

PRECIPITATION (IN)
  TODAY            0.00          1.40 1898   0.07  -0.07     0.65
  MONTH TO DATE    1.08                      1.21  -0.13     2.08
  SINCE DEC 1      4.52                      5.80  -1.28     8.23
  SINCE JAN 1      2.95                      3.30  -0.35     5.53

SNOWFALL (IN)
  TODAY            0.0           7.1  2011   0.5   -0.5
  MONTH TO DATE   17.9                      11.0    6.9
  SINCE DEC 1     42.1                      53.7  -11.6
  SINCE JUL 1     73.1                      61.0   12.1
  SNOW DEPTH       8

DEGREE DAYS
 HEATING
  TODAY           65                        37     28       30
  MONTH TO DATE 1008                       780    228      934
  SINCE DEC 1   3375                      3149    226     3577
  SINCE JUL 1   4871                      4487    384     4899

 COOLING
  TODAY            0                         0      0        0
  MONTH TO DATE    0                         0      0        0
  SINCE DEC 1      0                         0      0        0
  SINCE JAN 1      0                         0      0        0
..................................................................


WIND (MPH)
  RESULTANT WIND SPEED  10   RESULTANT WIND DIRECTION   S (170)
  HIGHEST WIND SPEED    21   HIGHEST WIND DIRECTION     S (180)
  HIGHEST GUST SPEED    26   HIGHEST GUST DIRECTION     S (190)
  AVERAGE WIND SPEED    10.4


SKY COVER
  AVERAGE SKY COVER 0.7


WEATHER CONDITIONS
 THE FOLLOWING WEATHER WAS RECORDED TODAY.
  HAZE


RELATIVE HUMIDITY (PERCENT)
 HIGHEST    79           100 AM
 LOWEST     50           300 PM
 AVERAGE    65

..........................................................


THE GRAND RAPIDS MI CLIMATE NORMALS FOR TOMORROW
                         NORMAL    RECORD    YEAR
 MAXIMUM TEMPERATURE (F)   35        66      1930
 MINIMUM TEMPERATURE (F)   21        -8      1968


SUNRISE AND SUNSET
FEBRUARY 20 2015......SUNRISE   732 AM EST   SUNSET   620 PM EST
FEBRUARY 21 2015......SUNRISE   731 AM EST   SUNSET   621 PM EST


-  INDICATES NEGATIVE NUMBERS.
R  INDICATES RECORD WAS SET OR TIED.
MM INDICATES DATA IS MISSING.
T  INDICATES TRACE AMOUNT.




$$
