000
CDUS43 KGRR 270525
CLIGRR


CLIMATE REPORT
NATIONAL WEATHER SERVICE GRAND RAPIDS, MI
125 AM EDT WED APR 27 2016


...................................

...THE GRAND RAPIDS MI CLIMATE SUMMARY FOR APRIL 26 2016...

CLIMATE NORMAL PERIOD 1981 TO 2010
CLIMATE RECORD PERIOD 1892 TO 2016


WEATHER ITEM   OBSERVED TIME   RECORD YEAR NORMAL DEPARTURE LAST
                VALUE   (LST)  VALUE       VALUE  FROM      YEAR
                                                  NORMAL
..................................................................
TEMPERATURE (F)
 YESTERDAY
  MAXIMUM         49    625 AM  88    1915  63    -14       61
  MINIMUM         39   1159 PM  24    1907  41     -2       34
  AVERAGE         44                        52     -8       48

PRECIPITATION (IN)
  YESTERDAY        0.00          1.48 1995   0.11  -0.11     0.00
  MONTH TO DATE    2.99                      2.87   0.12     4.07
  SINCE MAR 1      7.93                      5.24   2.69     5.12
  SINCE JAN 1     12.86                      9.12   3.74     8.16

SNOWFALL (IN)
  YESTERDAY        0.0           T    2011   0.0    0.0      0.0
                                      1996
  MONTH TO DATE    9.4                       1.8    7.6      0.1
  SINCE MAR 1     19.5                      10.1    9.4      3.3
  SINCE JUL 1     61.1                      74.9  -13.8     78.1
  SNOW DEPTH       0

DEGREE DAYS
 HEATING
  YESTERDAY       21                        13      8       17
  MONTH TO DATE  490                       468     22      454
  SINCE MAR 1   1239                      1378   -139     1458
  SINCE JUL 1   5316                      6155   -839     6760

 COOLING
  YESTERDAY        0                         0      0        0
  MONTH TO DATE    0                         0      0        0
  SINCE MAR 1      0                         1     -1        0
  SINCE JAN 1      0                         1     -1        0
..................................................................


WIND (MPH)
  RESULTANT WIND SPEED  10   RESULTANT WIND DIRECTION  NE (50)
  HIGHEST WIND SPEED    17   HIGHEST WIND DIRECTION     E (70)
  HIGHEST GUST SPEED    23   HIGHEST GUST DIRECTION     E (70)
  AVERAGE WIND SPEED    10.2


SKY COVER
  POSSIBLE SUNSHINE   1 PERCENT
  AVERAGE SKY COVER 0.9


WEATHER CONDITIONS
 THE FOLLOWING WEATHER WAS RECORDED YESTERDAY.
  FOG
  FOG W/VISIBILITY <= 1/4 MILE


RELATIVE HUMIDITY (PERCENT)
 HIGHEST    93          1200 AM
 LOWEST     76           300 PM
 AVERAGE    85

..........................................................


THE GRAND RAPIDS MI CLIMATE NORMALS FOR TODAY
                         NORMAL    RECORD    YEAR
 MAXIMUM TEMPERATURE (F)   63        85      1990
 MINIMUM TEMPERATURE (F)   42        27      1928


SUNRISE AND SUNSET
APRIL 27 2016.........SUNRISE   641 AM EDT   SUNSET   839 PM EDT
APRIL 28 2016.........SUNRISE   640 AM EDT   SUNSET   840 PM EDT


-  INDICATES NEGATIVE NUMBERS.
R  INDICATES RECORD WAS SET OR TIED.
MM INDICATES DATA IS MISSING.
T  INDICATES TRACE AMOUNT.




$$
