000
CDUS43 KGRR 230526
CLIGRR


CLIMATE REPORT
NATIONAL WEATHER SERVICE GRAND RAPIDS, MI
125 AM EDT SAT MAY 23 2015


...................................

...THE GRAND RAPIDS MI CLIMATE SUMMARY FOR MAY 22 2015...

CLIMATE NORMAL PERIOD 1981 TO 2010
CLIMATE RECORD PERIOD 1892 TO 2015


WEATHER ITEM   OBSERVED TIME   RECORD YEAR NORMAL DEPARTURE LAST
                VALUE   (LST)  VALUE       VALUE  FROM      YEAR
                                                  NORMAL
..................................................................
TEMPERATURE (F)
 YESTERDAY
  MAXIMUM         68    315 PM  91    1925  71     -3       69
  MINIMUM         45   1159 PM  34    1917  50     -5       55
  AVERAGE         57                        61     -4       62

PRECIPITATION (IN)
  YESTERDAY        T             1.10 1917   0.14  -0.14     0.00
  MONTH TO DATE    2.05                      2.82  -0.77     3.31
  SINCE MAR 1      7.17                      8.54  -1.37     7.47
  SINCE JAN 1     10.21                     12.42  -2.21    13.27

SNOWFALL (IN)
  YESTERDAY        0.0           0.0  2007   0.0    0.0      0.0
  MONTH TO DATE    0.0                       0.0    0.0      0.0
  SINCE MAR 1      3.3                      10.1   -6.8      8.2
  SINCE JUL 1     78.1                      74.9    3.2    116.0
  SNOW DEPTH       0

DEGREE DAYS
 HEATING
  YESTERDAY        8                         6      2        3
  MONTH TO DATE  145                       191    -46      212
  SINCE MAR 1   1660                      1619     41     1912
  SINCE JUL 1   6962                      6396    566     7193

 COOLING
  YESTERDAY        0                         2     -2        0
  MONTH TO DATE   29                        19     10       19
  SINCE MAR 1     29                        27      2       21
  SINCE JAN 1     29                        27      2       21
..................................................................


WIND (MPH)
  RESULTANT WIND SPEED   5   RESULTANT WIND DIRECTION  NW (330)
  HIGHEST WIND SPEED    20   HIGHEST WIND DIRECTION     W (270)
  HIGHEST GUST SPEED    25   HIGHEST GUST DIRECTION     W (280)
  AVERAGE WIND SPEED     6.9


SKY COVER
  POSSIBLE SUNSHINE  95 PERCENT
  AVERAGE SKY COVER 0.3


WEATHER CONDITIONS
 THE FOLLOWING WEATHER WAS RECORDED YESTERDAY.
  NO SIGNIFICANT WEATHER WAS OBSERVED.


RELATIVE HUMIDITY (PERCENT)
 HIGHEST    71           100 AM
 LOWEST     25          1100 AM
 AVERAGE    48

..........................................................


THE GRAND RAPIDS MI CLIMATE NORMALS FOR TODAY
                         NORMAL    RECORD    YEAR
 MAXIMUM TEMPERATURE (F)   72        90      1977
 MINIMUM TEMPERATURE (F)   50        30      1963


SUNRISE AND SUNSET
MAY 23 2015...........SUNRISE   612 AM EDT   SUNSET   906 PM EDT
MAY 24 2015...........SUNRISE   611 AM EDT   SUNSET   907 PM EDT


-  INDICATES NEGATIVE NUMBERS.
R  INDICATES RECORD WAS SET OR TIED.
MM INDICATES DATA IS MISSING.
T  INDICATES TRACE AMOUNT.




$$
