000
CDUS43 KGRR 250521
CLIGRR


CLIMATE REPORT
NATIONAL WEATHER SERVICE GRAND RAPIDS, MI
121 AM EDT THU SEP 25 2014


...................................

...THE GRAND RAPIDS MI CLIMATE SUMMARY FOR SEPTEMBER 24 2014...

CLIMATE NORMAL PERIOD 1981 TO 2010
CLIMATE RECORD PERIOD 1892 TO 2014


WEATHER ITEM   OBSERVED TIME   RECORD YEAR NORMAL DEPARTURE LAST
                VALUE   (LST)  VALUE       VALUE  FROM      YEAR
                                                  NORMAL
..................................................................
TEMPERATURE (F)
 YESTERDAY
  MAXIMUM         74    400 PM  91    2007  70      4       70
  MINIMUM         48    614 AM  29    1976  49     -1       41
                                      1950
  AVERAGE         61                        59      2       56

PRECIPITATION (IN)
  YESTERDAY        0.00          1.39 1977   0.14  -0.14     0.00
  MONTH TO DATE    3.08                      3.45  -0.37     1.00
  SINCE SEP 1      3.08                      3.45  -0.37     1.00
  SINCE JAN 1     29.60                     28.17   1.43    33.32

SNOWFALL (IN)
  YESTERDAY        0.0           0.0    MM   0.0    0.0      0.0
  MONTH TO DATE    0.0                       0.0    0.0      0.0
  SINCE SEP 1      0.0                       0.0    0.0      0.0
  SINCE JUL 1      0.0                       0.0    0.0      0.0
  SNOW DEPTH       0

DEGREE DAYS
 HEATING
  YESTERDAY        4                         7     -3        9
  MONTH TO DATE  116                        84     32       94
  SINCE SEP 1    116                        84     32       94
  SINCE JUL 1    135                       104     31      120

 COOLING
  YESTERDAY        0                         1     -1        0
  MONTH TO DATE   50                        61    -11       82
  SINCE SEP 1     50                        61    -11       82
  SINCE JAN 1    610                       686    -76      752
..................................................................


WIND (MPH)
  RESULTANT WIND SPEED   4   RESULTANT WIND DIRECTION  SE (120)
  HIGHEST WIND SPEED    10   HIGHEST WIND DIRECTION    SE (130)
  HIGHEST GUST SPEED    17   HIGHEST GUST DIRECTION     E (90)
  AVERAGE WIND SPEED     4.2


SKY COVER
  POSSIBLE SUNSHINE  95 PERCENT
  AVERAGE SKY COVER 0.2


WEATHER CONDITIONS
 THE FOLLOWING WEATHER WAS RECORDED YESTERDAY.
  FOG


RELATIVE HUMIDITY (PERCENT)
 HIGHEST    96           300 AM
 LOWEST     46           400 PM
 AVERAGE    71

..........................................................


THE GRAND RAPIDS MI CLIMATE NORMALS FOR TODAY
                         NORMAL    RECORD    YEAR
 MAXIMUM TEMPERATURE (F)   69        90      1920
                                             1900
 MINIMUM TEMPERATURE (F)   49        29      1947


SUNRISE AND SUNSET
SEPTEMBER 25 2014.....SUNRISE   733 AM EDT   SUNSET   734 PM EDT
SEPTEMBER 26 2014.....SUNRISE   734 AM EDT   SUNSET   732 PM EDT


-  INDICATES NEGATIVE NUMBERS.
R  INDICATES RECORD WAS SET OR TIED.
MM INDICATES DATA IS MISSING.
T  INDICATES TRACE AMOUNT.




$$
