000
CDUS43 KGRR 180523
CLIGRR


CLIMATE REPORT
NATIONAL WEATHER SERVICE GRAND RAPIDS, MI
119 AM EDT MON APR 18 2016


...................................

...THE GRAND RAPIDS MI CLIMATE SUMMARY FOR APRIL 17 2016...

CLIMATE NORMAL PERIOD 1981 TO 2010
CLIMATE RECORD PERIOD 1892 TO 2016


WEATHER ITEM   OBSERVED TIME   RECORD YEAR NORMAL DEPARTURE LAST
                VALUE   (LST)  VALUE       VALUE  FROM      YEAR
                                                  NORMAL
..................................................................
TEMPERATURE (F)
 YESTERDAY
  MAXIMUM         78    533 PM  84    1976  59     19       75
  MINIMUM         48    558 AM  24    1983  38     10       37
  AVERAGE         63                        49     14       56

PRECIPITATION (IN)
  YESTERDAY        0.00          2.94 1922   0.13  -0.13     0.00
  MONTH TO DATE    2.26                      1.89   0.37     3.21
  SINCE MAR 1      7.20                      4.26   2.94     4.26
  SINCE JAN 1     12.13                      8.14   3.99     7.30

SNOWFALL (IN)
  YESTERDAY        0.0           1.3  1964   0.0    0.0      0.0
  MONTH TO DATE    9.4                       1.5    7.9       T
  SINCE MAR 1     19.5                       9.8    9.7      3.2
  SINCE JUL 1     61.1                      74.6  -13.5     78.0
  SNOW DEPTH       0

DEGREE DAYS
 HEATING
  YESTERDAY        2                        17    -15        9
  MONTH TO DATE  409                       335     74      290
  SINCE MAR 1   1158                      1245    -87     1294
  SINCE JUL 1   5235                      6022   -787     6596

 COOLING
  YESTERDAY        0                         0      0        0
  MONTH TO DATE    0                         0      0        0
  SINCE MAR 1      0                         1     -1        0
  SINCE JAN 1      0                         1     -1        0
..................................................................


WIND (MPH)
  RESULTANT WIND SPEED   4   RESULTANT WIND DIRECTION   E (90)
  HIGHEST WIND SPEED    10   HIGHEST WIND DIRECTION     E (90)
  HIGHEST GUST SPEED    MM   HIGHEST GUST DIRECTION    MM
  AVERAGE WIND SPEED     4.4


SKY COVER
  POSSIBLE SUNSHINE  99 PERCENT
  AVERAGE SKY COVER 0.0


WEATHER CONDITIONS
 THE FOLLOWING WEATHER WAS RECORDED YESTERDAY.
  NO SIGNIFICANT WEATHER WAS OBSERVED.


RELATIVE HUMIDITY (PERCENT)
 HIGHEST    MM
 LOWEST     MM
 AVERAGE    MM

..........................................................


THE GRAND RAPIDS MI CLIMATE NORMALS FOR TODAY
                         NORMAL    RECORD    YEAR
 MAXIMUM TEMPERATURE (F)   59        86      2004
                                             2002
                                             1977
 MINIMUM TEMPERATURE (F)   39        22      1983
                                             1926


SUNRISE AND SUNSET
APRIL 18 2016.........SUNRISE   655 AM EDT   SUNSET   828 PM EDT
APRIL 19 2016.........SUNRISE   653 AM EDT   SUNSET   830 PM EDT


-  INDICATES NEGATIVE NUMBERS.
R  INDICATES RECORD WAS SET OR TIED.
MM INDICATES DATA IS MISSING.
T  INDICATES TRACE AMOUNT.




$$
