000
CDUS43 KGRR 180522
CLIGRR


CLIMATE REPORT
NATIONAL WEATHER SERVICE GRAND RAPIDS, MI
121 AM EDT SAT MAR 18 2017


...................................

...THE GRAND RAPIDS MI CLIMATE SUMMARY FOR MARCH 17 2017...

CLIMATE NORMAL PERIOD 1981 TO 2010
CLIMATE RECORD PERIOD 1892 TO 2017


WEATHER ITEM   OBSERVED TIME   RECORD YEAR NORMAL DEPARTURE LAST
                VALUE   (LST)  VALUE       VALUE  FROM      YEAR
                                                  NORMAL
..................................................................
TEMPERATURE (F)
 YESTERDAY
  MAXIMUM         34   1159 PM  78    2012  45    -11       49
  MINIMUM         22    211 AM  -4    1949  27     -5       34
  AVERAGE         28                        36     -8       42

PRECIPITATION (IN)
  YESTERDAY        0.22          1.47 1919   0.07   0.15      T
  MONTH TO DATE    0.91                      1.22  -0.31     2.20
  SINCE MAR 1      0.91                      1.22  -0.31     2.20
  SINCE JAN 1      6.47                      5.10   1.37     7.13

SNOWFALL (IN)
  YESTERDAY        0.5           7.5  1973   0.2    0.3       T
  MONTH TO DATE    4.7                       5.8   -1.1     10.1
  SINCE MAR 1      4.7                       5.8   -1.1     10.1
  SINCE JUL 1     59.7                      70.6  -10.9     51.7
  SNOW DEPTH       0

DEGREE DAYS
 HEATING
  YESTERDAY       37                        29      8       23
  MONTH TO DATE  590                       544     46      421
  SINCE MAR 1    590                       544     46      421
  SINCE JUL 1   4644                      5321   -677     4498

 COOLING
  YESTERDAY        0                         0      0        0
  MONTH TO DATE    0                         0      0        0
  SINCE MAR 1      0                         0      0        0
  SINCE JAN 1      0                         0      0        0
..................................................................


WIND (MPH)
  RESULTANT WIND SPEED   7   RESULTANT WIND DIRECTION  SE (150)
  HIGHEST WIND SPEED    16   HIGHEST WIND DIRECTION     S (170)
  HIGHEST GUST SPEED    20   HIGHEST GUST DIRECTION    SE (150)
  AVERAGE WIND SPEED     8.4


SKY COVER
  POSSIBLE SUNSHINE   0 PERCENT
  AVERAGE SKY COVER 0.8


WEATHER CONDITIONS
 THE FOLLOWING WEATHER WAS RECORDED YESTERDAY.
  RAIN
  LIGHT RAIN
  SNOW
  LIGHT SNOW
  FOG
  HAZE


RELATIVE HUMIDITY (PERCENT)
 HIGHEST   100           800 PM
 LOWEST     51           900 AM
 AVERAGE    76

..........................................................


THE GRAND RAPIDS MI CLIMATE NORMALS FOR TODAY
                         NORMAL    RECORD    YEAR
 MAXIMUM TEMPERATURE (F)   45        75      2012
                                             1903
                                             1894
 MINIMUM TEMPERATURE (F)   27         5      1923


SUNRISE AND SUNSET
MARCH 18 2017.........SUNRISE   748 AM EDT   SUNSET   752 PM EDT
MARCH 19 2017.........SUNRISE   747 AM EDT   SUNSET   753 PM EDT


-  INDICATES NEGATIVE NUMBERS.
R  INDICATES RECORD WAS SET OR TIED.
MM INDICATES DATA IS MISSING.
T  INDICATES TRACE AMOUNT.




$$
