000
CDUS43 KGRR 220522
CLIGRR


CLIMATE REPORT
NATIONAL WEATHER SERVICE GRAND RAPIDS, MI
121 AM EDT WED JUL 22 2015


...................................

...THE GRAND RAPIDS MI CLIMATE SUMMARY FOR JULY 21 2015...

CLIMATE NORMAL PERIOD 1981 TO 2010
CLIMATE RECORD PERIOD 1892 TO 2015


WEATHER ITEM   OBSERVED TIME   RECORD YEAR NORMAL DEPARTURE LAST
                VALUE   (LST)  VALUE       VALUE  FROM      YEAR
                                                  NORMAL
..................................................................
TEMPERATURE (F)
 YESTERDAY
  MAXIMUM         79    238 PM 104    1934  83     -4       86
  MINIMUM         61   1159 PM  43    1944  63     -2       62
  AVERAGE         70                        73     -3       74

PRECIPITATION (IN)
  YESTERDAY        0.00          2.40 1907   0.13  -0.13     0.00
  MONTH TO DATE    2.23                      2.55  -0.32     4.32
  SINCE JUN 1      6.26                      6.32  -0.06     9.47
  SINCE JAN 1     17.89                     19.90  -2.01    22.74

SNOWFALL (IN)
  YESTERDAY        0.0           0.0  2006   0.0    0.0      0.0
                                      2005
                                      2004
  MONTH TO DATE    0.0                       0.0    0.0      0.0
  SINCE JUN 1      0.0                       0.0    0.0      0.0
  SINCE JUL 1      0.0                       0.0    0.0      0.0
  SNOW DEPTH       0

DEGREE DAYS
 HEATING
  YESTERDAY        0                         0      0        0
  MONTH TO DATE   13                         0     13        7
  SINCE JUN 1     43                        45     -2       20
  SINCE JUL 1     13                         0     13        7

 COOLING
  YESTERDAY        5                         8     -3        9
  MONTH TO DATE  100                       165    -65       86
  SINCE JUN 1    189                       310   -121      265
  SINCE JAN 1    241                       357   -116      318
..................................................................


WIND (MPH)
  RESULTANT WIND SPEED   8   RESULTANT WIND DIRECTION  NW (300)
  HIGHEST WIND SPEED    21   HIGHEST WIND DIRECTION     W (270)
  HIGHEST GUST SPEED    26   HIGHEST GUST DIRECTION     W (270)
  AVERAGE WIND SPEED     9.8


SKY COVER
  POSSIBLE SUNSHINE  99 PERCENT
  AVERAGE SKY COVER 0.2


WEATHER CONDITIONS
 THE FOLLOWING WEATHER WAS RECORDED YESTERDAY.
  NO SIGNIFICANT WEATHER WAS OBSERVED.


RELATIVE HUMIDITY (PERCENT)
 HIGHEST    87           300 AM
 LOWEST     32           300 PM
 AVERAGE    60

..........................................................


THE GRAND RAPIDS MI CLIMATE NORMALS FOR TODAY
                         NORMAL    RECORD    YEAR
 MAXIMUM TEMPERATURE (F)   83        97      1934
 MINIMUM TEMPERATURE (F)   63        43      1947


SUNRISE AND SUNSET
JULY 22 2015..........SUNRISE   623 AM EDT   SUNSET   913 PM EDT
JULY 23 2015..........SUNRISE   624 AM EDT   SUNSET   913 PM EDT


-  INDICATES NEGATIVE NUMBERS.
R  INDICATES RECORD WAS SET OR TIED.
MM INDICATES DATA IS MISSING.
T  INDICATES TRACE AMOUNT.




$$
