000
CDUS43 KGRR 092229
CLIGRR


CLIMATE REPORT
NATIONAL WEATHER SERVICE GRAND RAPIDS, MI
527 PM EST SUN NOV 9 2014


...................................

...THE GRAND RAPIDS MI CLIMATE SUMMARY FOR NOVEMBER 9 2014...
VALID TODAY AS OF 0500 PM LOCAL TIME.

CLIMATE NORMAL PERIOD 1981 TO 2010
CLIMATE RECORD PERIOD 1892 TO 2014


WEATHER ITEM   OBSERVED TIME   RECORD YEAR NORMAL DEPARTURE LAST
                VALUE   (LST)  VALUE       VALUE  FROM      YEAR
                                                  NORMAL
..................................................................
TEMPERATURE (F)
 TODAY
  MAXIMUM         46    400 PM  73    1931  51     -5       51
  MINIMUM         31    221 AM  16    2003  35     -4       39
  AVERAGE         39                        43     -4

PRECIPITATION (IN)
  TODAY            T             2.53 1966   0.12  -0.12     0.02
  MONTH TO DATE    0.36                      1.08  -0.72     1.61
  SINCE SEP 1      8.44                      8.62  -0.18     8.32
  SINCE JAN 1     34.96                     33.34   1.62    40.64

SNOWFALL (IN)
  TODAY            0.0           2.8  1957   0.1   -0.1
  MONTH TO DATE    T                         1.0   -1.0
  SINCE SEP 1      T                         1.5   -1.5
  SINCE JUL 1      T                         1.5   -1.5
  SNOW DEPTH       0

DEGREE DAYS
 HEATING
  TODAY           26                        22      4       20
  MONTH TO DATE  205                       186     19      175
  SINCE SEP 1    768                       758     10      663
  SINCE JUL 1    787                       778      9      689

 COOLING
  TODAY            0                         0      0        0
  MONTH TO DATE    0                         0      0        0
  SINCE SEP 1     51                        74    -23       97
  SINCE JAN 1    611                       699    -88      767
..................................................................


WIND (MPH)
  RESULTANT WIND SPEED  10   RESULTANT WIND DIRECTION  SW (210)
  HIGHEST WIND SPEED    21   HIGHEST WIND DIRECTION    SW (220)
  HIGHEST GUST SPEED    30   HIGHEST GUST DIRECTION    SW (220)
  AVERAGE WIND SPEED    10.6


SKY COVER
  AVERAGE SKY COVER 0.8


WEATHER CONDITIONS
 THE FOLLOWING WEATHER WAS RECORDED TODAY.
  LIGHT RAIN


RELATIVE HUMIDITY (PERCENT)
 HIGHEST    82           200 AM
 LOWEST     49           300 PM
 AVERAGE    66

..........................................................


THE GRAND RAPIDS MI CLIMATE NORMALS FOR TOMORROW
                         NORMAL    RECORD    YEAR
 MAXIMUM TEMPERATURE (F)   50        67      1999
 MINIMUM TEMPERATURE (F)   35        16      1957


SUNRISE AND SUNSET
NOVEMBER  9 2014......SUNRISE   727 AM EST   SUNSET   525 PM EST
NOVEMBER 10 2014......SUNRISE   728 AM EST   SUNSET   524 PM EST


-  INDICATES NEGATIVE NUMBERS.
R  INDICATES RECORD WAS SET OR TIED.
MM INDICATES DATA IS MISSING.
T  INDICATES TRACE AMOUNT.




$$

63
