000
CDUS43 KGRR 260516
CLIGRR


CLIMATE REPORT
NATIONAL WEATHER SERVICE GRAND RAPIDS, MI
1216 AM EST MON JAN 26 2015


...................................

...THE GRAND RAPIDS MI CLIMATE SUMMARY FOR JANUARY 25 2015...

CLIMATE NORMAL PERIOD 1981 TO 2010
CLIMATE RECORD PERIOD 1892 TO 2015


WEATHER ITEM   OBSERVED TIME   RECORD YEAR NORMAL DEPARTURE LAST
                VALUE   (LST)  VALUE       VALUE  FROM      YEAR
                                                  NORMAL
..................................................................
TEMPERATURE (F)
 YESTERDAY
  MAXIMUM         35    135 AM  66    1950  31      4       30
  MINIMUM         17   1159 PM -14    1961  18     -1        8
  AVERAGE         26                        24      2       19

PRECIPITATION (IN)
  YESTERDAY        T             0.72 1990   0.05  -0.05     0.30
  MONTH TO DATE    1.79                      1.74   0.05     2.87
  SINCE DEC 1      3.36                      4.24  -0.88     5.57
  SINCE JAN 1      1.79                      1.74   0.05     2.87

SNOWFALL (IN)
  YESTERDAY        T             8.4  1964   0.6   -0.6      4.9
  MONTH TO DATE   22.7                      17.0    5.7     30.5
  SINCE DEC 1     23.7                      38.9  -15.2     65.2
  SINCE JUL 1     54.7                      46.2    8.5     67.4
  SNOW DEPTH       3

DEGREE DAYS
 HEATING
  YESTERDAY       39                        41     -2       46
  MONTH TO DATE 1091                      1016     75     1140
  SINCE DEC 1   2110                      2127    -17     2338
  SINCE JUL 1   3606                      3465    141     3660

 COOLING
  YESTERDAY        0                         0      0        0
  MONTH TO DATE    0                         0      0        0
  SINCE DEC 1      0                         0      0        0
  SINCE JAN 1      0                         0      0        0
..................................................................


WIND (MPH)
  RESULTANT WIND SPEED  14   RESULTANT WIND DIRECTION  NE (60)
  HIGHEST WIND SPEED    24   HIGHEST WIND DIRECTION     E (80)
  HIGHEST GUST SPEED    29   HIGHEST GUST DIRECTION     E (80)
  AVERAGE WIND SPEED    14.3


SKY COVER
  POSSIBLE SUNSHINE   7 PERCENT
  AVERAGE SKY COVER 0.8


WEATHER CONDITIONS
 THE FOLLOWING WEATHER WAS RECORDED YESTERDAY.
  LIGHT RAIN
  LIGHT SNOW
  FOG


RELATIVE HUMIDITY (PERCENT)
 HIGHEST    96          1200 AM
 LOWEST     67           600 PM
 AVERAGE    82

..........................................................


THE GRAND RAPIDS MI CLIMATE NORMALS FOR TODAY
                         NORMAL    RECORD    YEAR
 MAXIMUM TEMPERATURE (F)   31        62      1944
 MINIMUM TEMPERATURE (F)   18        -9      1927


SUNRISE AND SUNSET
JANUARY 26 2015.......SUNRISE   803 AM EST   SUNSET   547 PM EST
JANUARY 27 2015.......SUNRISE   802 AM EST   SUNSET   548 PM EST


-  INDICATES NEGATIVE NUMBERS.
R  INDICATES RECORD WAS SET OR TIED.
MM INDICATES DATA IS MISSING.
T  INDICATES TRACE AMOUNT.




$$
